{"id":995,"date":"2021-05-13T07:20:02","date_gmt":"2021-05-13T07:20:02","guid":{"rendered":"http:\/\/www.vadaszboltcsorna.hu\/?post_type=product&#038;p=995"},"modified":"2021-07-22T13:26:01","modified_gmt":"2021-07-22T13:26:01","slug":"dentler-basis","status":"publish","type":"product","link":"https:\/\/www.vadaszboltcsorna.hu\/index.php\/termek\/dentler-basis\/","title":{"rendered":"Dentler Basis"},"content":{"rendered":"<h2><strong>Dentler Basis<\/strong><\/h2>\n<h4>A Basis C\u00e9lt\u00e1vcs\u0151 szerel\u00e9k rendszer, a gy\u00e1rt\u00f3 Dentler c\u00e9g szerint egy abszol\u00fat pontosan megism\u00e9telhet\u0151 optika cser\u00e9re lett tervezve. K\u00f6nny\u0171 kezelhet\u0151s\u00e9g. A rendszer lehet\u0151v\u00e9 teszi, hogy egy fegyveren t\u00f6bb t\u00e1vcs\u0151 is alkalmazhat\u00f3 legyen( cser\u00e9lhet\u0151ek legyenek) Ezen k\u00edv\u00fcl egy c\u00e9lt\u00e1vcs\u0151 (fels\u0151 szerel\u00e9k r\u00e9sszel) t\u00f6bb fegyveren haszn\u00e1lhat\u00f3. K\u00f6nnyen \u00e9s probl\u00e9mamentesen felszerelhet\u0151.<\/h4>\n<h4><strong>A Denler Basis szerel\u00e9krendszer el\u0151nyei:<\/strong><\/h4>\n<ul>\n<li>\n<h4>Abszol\u00fat pontoss\u00e1g\u00fa megism\u00e9telhet\u0151s\u00e9g<\/h4>\n<\/li>\n<li>\n<h4>100%-os kompatibilit\u00e1s<\/h4>\n<\/li>\n<li>\n<h4>Nincs pr\u00f3bal\u00f6v\u00e9s<\/h4>\n<\/li>\n<li>\n<h4>Extr\u00e9m l\u00f6v\u00e9s biztos r\u00f6gz\u00edt\u00e9s<\/h4>\n<\/li>\n<li>\n<h4>Egyszer\u0171 felszerelhet\u0151s\u00e9g<\/h4>\n<\/li>\n<li>\n<h4>Prec\u00edz kivitelez\u00e9s<\/h4>\n<\/li>\n<li>\n<h4>Fesz\u00fclts\u00e9gmentes c\u00e9\u00e9lt\u00e1vcs\u0151 Gyors, egyszer\u0171 haszn\u00e1lat<\/h4>\n<\/li>\n<li>\n<h4>Megb\u00edzhat\u00f3<\/h4>\n<\/li>\n<li>\n<h4>Nincs sz\u00fcks\u00e9g ut\u00f3munk\u00e1ra, k\u00e9s\u0151bbi, tov\u00e1bbi optik\u00e1k felszerel\u00e9se eset\u00e9n<\/h4>\n<\/li>\n<\/ul>\n<h4><strong>A term\u00e9kekr\u0151l pontos inform\u00e1ci\u00f3t kaphat munkat\u00e1rsainkt\u00f3l, k\u00e9rj\u00fck keressen meg minket el\u00e9rhet\u0151s\u00e9geink egyik\u00e9n!<\/strong><\/h4>\n<p>&nbsp;<\/p>\n<p>&nbsp;<\/p>\n<p>&nbsp;<\/p>\n<p>&nbsp;<\/p>\n","protected":false},"excerpt":{"rendered":"<p>https:\/\/www.youtube.com\/watch?v=YBrVZTrpwrg<\/p>\n","protected":false},"featured_media":996,"comment_status":"open","ping_status":"closed","template":"","meta":{"_et_pb_use_builder":"","_et_pb_old_content":"","_et_gb_content_width":"","om_disable_all_campaigns":false},"product_brand":[],"product_cat":[21,374],"product_tag":[370,371,367,368,369,372,373],"class_list":{"0":"post-995","1":"product","2":"type-product","3":"status-publish","4":"has-post-thumbnail","6":"product_cat-uj","7":"product_cat-dentler-szerelek","8":"product_tag-alapsin","9":"product_tag-dentler","10":"product_tag-dentler-basis","11":"product_tag-dentler-szerelek","12":"product_tag-szerelek","13":"product_tag-szerelekgyuru","14":"product_tag-szereleksin","16":"first","17":"instock","18":"taxable","19":"shipping-taxable","20":"product-type-simple"},"_links":{"self":[{"href":"https:\/\/www.vadaszboltcsorna.hu\/index.php\/wp-json\/wp\/v2\/product\/995","targetHints":{"allow":["GET"]}}],"collection":[{"href":"https:\/\/www.vadaszboltcsorna.hu\/index.php\/wp-json\/wp\/v2\/product"}],"about":[{"href":"https:\/\/www.vadaszboltcsorna.hu\/index.php\/wp-json\/wp\/v2\/types\/product"}],"replies":[{"embeddable":true,"href":"https:\/\/www.vadaszboltcsorna.hu\/index.php\/wp-json\/wp\/v2\/comments?post=995"}],"wp:featuredmedia":[{"embeddable":true,"href":"https:\/\/www.vadaszboltcsorna.hu\/index.php\/wp-json\/wp\/v2\/media\/996"}],"wp:attachment":[{"href":"https:\/\/www.vadaszboltcsorna.hu\/index.php\/wp-json\/wp\/v2\/media?parent=995"}],"wp:term":[{"taxonomy":"product_brand","embeddable":true,"href":"https:\/\/www.vadaszboltcsorna.hu\/index.php\/wp-json\/wp\/v2\/product_brand?post=995"},{"taxonomy":"product_cat","embeddable":true,"href":"https:\/\/www.vadaszboltcsorna.hu\/index.php\/wp-json\/wp\/v2\/product_cat?post=995"},{"taxonomy":"product_tag","embeddable":true,"href":"https:\/\/www.vadaszboltcsorna.hu\/index.php\/wp-json\/wp\/v2\/product_tag?post=995"}],"curies":[{"name":"wp","href":"https:\/\/api.w.org\/{rel}","templated":true}]}}