{"id":8792,"date":"2026-03-13T08:34:52","date_gmt":"2026-03-13T08:34:52","guid":{"rendered":"https:\/\/www.vadaszboltcsorna.hu\/?post_type=product&#038;p=8792"},"modified":"2026-03-30T05:04:01","modified_gmt":"2026-03-30T05:04:01","slug":"walker-and-hawkes-winchester-waxos-melleny-barna-2","status":"publish","type":"product","link":"https:\/\/www.vadaszboltcsorna.hu\/index.php\/termek\/walker-and-hawkes-winchester-waxos-melleny-barna-2\/","title":{"rendered":"Walker and Hawkes \u2013 Winchester waxos mell\u00e9ny \u2013 BARNA"},"content":{"rendered":"<h2 data-start=\"191\" data-end=\"245\"><strong data-start=\"195\" data-end=\"243\">Walker and Hawkes \u2013 Winchester Waxos Mell\u00e9ny<\/strong><\/h2>\n<h4 data-start=\"246\" data-end=\"291\"><strong data-start=\"246\" data-end=\"291\">Elegancia \u00e9s v\u00e9delem a vad\u00e1szat vil\u00e1g\u00e1ban<\/strong><\/h4>\n<h4 data-start=\"293\" data-end=\"538\">A\u00a0<strong data-start=\"295\" data-end=\"341\">Walker and Hawkes Winchester waxos mell\u00e9ny<\/strong>\u00a0a klasszikus angol st\u00edlus \u00e9s a praktikus v\u00e9delem t\u00f6k\u00e9letes \u00f6tv\u00f6zete. Kifejezetten a term\u00e9szet szerelmeseinek \u00e9s a vad\u00e1szat mestereinek k\u00e9sz\u00fclt \u2013 ahol a megjelen\u00e9s \u00e9s a tart\u00f3ss\u00e1g egyar\u00e1nt sz\u00e1m\u00edt.<\/h4>\n<h4 data-start=\"540\" data-end=\"782\">A\u00a0<strong data-start=\"542\" data-end=\"589\">neh\u00e9zs\u00faly\u00fa, 100% viaszolt pamut k\u00fcls\u0151 r\u00e9teg<\/strong>\u00a0v\u00edz- \u00e9s sz\u00e9l\u00e1ll\u00f3 v\u00e9delmet ny\u00fajt, \u00edgy sem az es\u0151, sem a s\u0171r\u0171 boz\u00f3t nem jelent akad\u00e1lyt. A\u00a0<strong data-start=\"679\" data-end=\"713\">bels\u0151 100% pamut, kock\u00e1s b\u00e9l\u00e9s<\/strong>\u00a0k\u00e9nyelmes viseletet biztos\u00edt ak\u00e1r eg\u00e9sz napos cserkel\u00e9s k\u00f6zben is.<\/h4>\n<h4 data-start=\"784\" data-end=\"1121\">A mell\u00e9ny\u00a0<strong data-start=\"794\" data-end=\"819\">praktikus kialak\u00edt\u00e1sa<\/strong>\u00a0\u2013 k\u00e9t k\u00e9zmeleg\u00edt\u0151 zseb, k\u00e9t el\u00fcls\u0151 b\u0151v\u00edtett zseb, bels\u0151 zseb, valamint strapab\u00edr\u00f3, k\u00e9tir\u00e1ny\u00fa cipz\u00e1r \u00e9s patentos z\u00e1r\u00f3fed\u00e9l \u2013 garant\u00e1lja, hogy minden k\u00e9zn\u00e9l legyen, amire a terepen sz\u00fcks\u00e9g van. A\u00a0<strong data-start=\"1014\" data-end=\"1036\">cordb\u00e1rsony gall\u00e9r<\/strong>\u00a0eleg\u00e1ns megjelen\u00e9st k\u00f6lcs\u00f6n\u00f6z, mik\u00f6zben meg\u0151rzi a klasszikus brit country st\u00edlust.<\/h4>\n<h4 data-start=\"1123\" data-end=\"1406\">Ez a mell\u00e9ny nem csup\u00e1n ruhadarab \u2013\u00a0<strong data-start=\"1159\" data-end=\"1192\">megb\u00edzhat\u00f3 t\u00e1rs a vad\u00e1szatban<\/strong>, amely v\u00e9di a tested a bokrokt\u00f3l, t\u00fcsk\u00e9kt\u0151l, mik\u00f6zben es\u0151ben \u00e9s sz\u00e9lben is sz\u00e1razon tart. Nem v\u00e9letlen, hogy a\u00a0<strong data-start=\"1304\" data-end=\"1339\">vad\u00e1szok egyik kedvenc mell\u00e9nye<\/strong>\u00a0cserkel\u00e9shez, terepre \u00e9s mindennapi vid\u00e9ki haszn\u00e1latra egyar\u00e1nt.<\/h4>\n<h4 data-start=\"1408\" data-end=\"1550\">\ud83d\udfe2\u00a0<strong data-start=\"1411\" data-end=\"1429\">Made in the UK<\/strong>\u00a0\u2013 a brit min\u0151s\u00e9g \u00e9s trad\u00edci\u00f3 jegy\u00e9ben.<br data-start=\"1468\" data-end=\"1471\" \/>\ud83d\udfe2\u00a0<strong data-start=\"1474\" data-end=\"1550\">T\u00f6k\u00e9letes v\u00e1laszt\u00e1s azoknak, akik st\u00edlusosan h\u00f3d\u00edtj\u00e1k meg a term\u00e9szetet.<\/strong><\/h4>\n","protected":false},"excerpt":{"rendered":"<p>Walker and Hawkes \u2013 Winchester Waxos Mell\u00e9ny Elegancia \u00e9s v\u00e9delem a vad\u00e1szat vil\u00e1g\u00e1ban A\u00a0Walker and Hawkes Winchester waxos mell\u00e9ny\u00a0a klasszikus angol st\u00edlus \u00e9s a praktikus v\u00e9delem t\u00f6k\u00e9letes \u00f6tv\u00f6zete. Kifejezetten a term\u00e9szet szerelmeseinek \u00e9s a vad\u00e1szat mestereinek k\u00e9sz\u00fclt \u2013 ahol a megjelen\u00e9s \u00e9s a tart\u00f3ss\u00e1g egyar\u00e1nt sz\u00e1m\u00edt. A\u00a0neh\u00e9zs\u00faly\u00fa, 100% viaszolt pamut k\u00fcls\u0151 r\u00e9teg\u00a0v\u00edz- \u00e9s sz\u00e9l\u00e1ll\u00f3 v\u00e9delmet [&hellip;]<\/p>\n","protected":false},"featured_media":8795,"comment_status":"open","ping_status":"closed","template":"","meta":{"_et_pb_use_builder":"","_et_pb_old_content":"","_et_gb_content_width":"","om_disable_all_campaigns":false},"product_brand":[],"product_cat":[607,21,159],"product_tag":[1505],"class_list":{"0":"post-8792","1":"product","2":"type-product","3":"status-publish","4":"has-post-thumbnail","6":"product_cat-melleny-vadasz-ruhazat","7":"product_cat-uj","8":"product_cat-vadasz-ruhazat","9":"product_tag-walker-and-hawkes-winchester-waxos-melleny-barna","11":"first","12":"instock","13":"sale","14":"taxable","15":"shipping-taxable","16":"purchasable","17":"product-type-variable"},"_links":{"self":[{"href":"https:\/\/www.vadaszboltcsorna.hu\/index.php\/wp-json\/wp\/v2\/product\/8792","targetHints":{"allow":["GET"]}}],"collection":[{"href":"https:\/\/www.vadaszboltcsorna.hu\/index.php\/wp-json\/wp\/v2\/product"}],"about":[{"href":"https:\/\/www.vadaszboltcsorna.hu\/index.php\/wp-json\/wp\/v2\/types\/product"}],"replies":[{"embeddable":true,"href":"https:\/\/www.vadaszboltcsorna.hu\/index.php\/wp-json\/wp\/v2\/comments?post=8792"}],"wp:featuredmedia":[{"embeddable":true,"href":"https:\/\/www.vadaszboltcsorna.hu\/index.php\/wp-json\/wp\/v2\/media\/8795"}],"wp:attachment":[{"href":"https:\/\/www.vadaszboltcsorna.hu\/index.php\/wp-json\/wp\/v2\/media?parent=8792"}],"wp:term":[{"taxonomy":"product_brand","embeddable":true,"href":"https:\/\/www.vadaszboltcsorna.hu\/index.php\/wp-json\/wp\/v2\/product_brand?post=8792"},{"taxonomy":"product_cat","embeddable":true,"href":"https:\/\/www.vadaszboltcsorna.hu\/index.php\/wp-json\/wp\/v2\/product_cat?post=8792"},{"taxonomy":"product_tag","embeddable":true,"href":"https:\/\/www.vadaszboltcsorna.hu\/index.php\/wp-json\/wp\/v2\/product_tag?post=8792"}],"curies":[{"name":"wp","href":"https:\/\/api.w.org\/{rel}","templated":true}]}}