{"id":8755,"date":"2026-03-04T13:45:24","date_gmt":"2026-03-04T13:45:24","guid":{"rendered":"https:\/\/www.vadaszboltcsorna.hu\/?post_type=product&#038;p=8755"},"modified":"2026-03-05T11:32:29","modified_gmt":"2026-03-05T11:32:29","slug":"browning-a-bolt-composit-stalon-xs108-max-hangtompito","status":"publish","type":"product","link":"https:\/\/www.vadaszboltcsorna.hu\/index.php\/termek\/browning-a-bolt-composit-stalon-xs108-max-hangtompito\/","title":{"rendered":"Browning A-Bolt Composit + Stalon XS108 MAX hangtomp\u00edt\u00f3"},"content":{"rendered":"<h2 style=\"text-align: center;\"><strong>Browning A-Bolt Composit + Stalon XS108 MAX hangtomp\u00edt\u00f3<\/strong><\/h2>\n<p>&nbsp;<\/p>\n<h4 class=\"description biggerText\">Browning A-Bolt Composit + Stalon XS108 MAX hangtomp\u00edt\u00f3<br \/>\nA csomag tartalma:<\/h4>\n<p>Browning A-Bolt Composit<br \/>\nA Browning egyik legsikeresebb ism\u00e9tl\u0151pusk\u00e1ja, amelyet nagyvad vad\u00e1szat\u00e1ra terveztek.<\/p>\n<p>A-Bolt 3 Composite (fekete m\u0171anyag tus)<br \/>\nKaliberek: 30-06 Spr,<\/p>\n<p>Cs\u0151hossz: 56-66cm<br \/>\nS\u00faly: 3kg<br \/>\nT\u00e1rkapacit\u00e1s: 4<br \/>\nMenetes cs\u0151<br \/>\nLehet\u0151v\u00e9 teszi hangtomp\u00edt\u00f3 vagy sz\u00e1jf\u00e9k felszerel\u00e9s\u00e9t.<\/p>\n<p>Stalon XS108 MAX hangtomp\u00edt\u00f3<\/p>\n<p>A csomag r\u00e9sze egy Stalon XS108 MAX teleszk\u00f3pos hangtomp\u00edt\u00f3, amely kompakt m\u00e9rete \u00e9s kis s\u00falya miatt k\u00fcl\u00f6n\u00f6sen kedvelt hajt\u00f3vad\u00e1szatn\u00e1l \u00e9s cserkel\u00e9sn\u00e9l.<\/p>\n<p>F\u0151bb param\u00e9terek:<\/p>\n<p>Hangcs\u00f6kkent\u00e9s: -27 dBc (.308 kalibern\u00e9l)<\/p>\n<p>Teljes hossz: 196,5 mm<\/p>\n<p>El\u0151reny\u00fal\u00e1s a cs\u0151t\u0151l: 108 mm<\/p>\n<p>Cs\u0151 feletti hossz: 81,5\u201388,5 mm<\/p>\n<p>S\u00faly: 284 g<\/p>\n<p>\u00c1tm\u00e9r\u0151: 49 mm<\/p>\n<p>Maxim\u00e1lis cs\u0151\u00e1tm\u00e9r\u0151: 22,5 mm<\/p>\n<p>Anyaghaszn\u00e1lat:<\/p>\n<p>K\u00fcls\u0151 burkolat: elox\u00e1lt alum\u00ednium<\/p>\n<p>Terel\u0151lapok: elox\u00e1lt alum\u00ednium<\/p>\n<p>Els\u0151 terel\u0151lemez: rozsdamentes ac\u00e9l<\/p>\n<p>Menet: tit\u00e1n<\/p>\n<p>A hangtomp\u00edt\u00f3 matt fekete kivitel\u0171, eleg\u00e1ns arany gy\u0171r\u0171vel a k\u00f6z\u00e9ps\u0151 r\u00e9szen.<\/p>\n<p>Ha egy pontos, megb\u00edzhat\u00f3 \u00e9s k\u00e9nyelmes vad\u00e1szfegyver csomagot keresel kedvez\u0151 \u00e1ron, ez az aj\u00e1nlat kiv\u00e1l\u00f3 lehet\u0151s\u00e9g.<\/p>\n<p><strong>A le\u00edr\u00e1sban szerepl\u0151 adatok t\u00e1j\u00e9koztat\u00f3 jelleg\u0171ek, t\u00edpusonk\u00e9nt v\u00e1ltozhat!<\/strong><br \/>\n<strong>Kaliberekr\u0151l aktu\u00e1lis \u00e1rakr\u00f3l \u00e9s egy\u00e9b inform\u00e1ci\u00f3kr\u00f3l k\u00e9rj\u00fck \u00e9rdekl\u0151dj\u00f6n!<\/strong><br \/>\n<strong>A fegyvert\u00f6rv\u00e9ny \u00e9rtelm\u00e9ben, fegyvert, l\u0151szert kiz\u00e1r\u00f3lag szem\u00e9lyesen,az \u00fczletben fegyvertart\u00e1si enged\u00e9ly birtok\u00e1ban lehet v\u00e1s\u00e1rolni!<\/strong><br \/>\n<strong>A webshopban megrendelt fegyverek \u00e9s l\u0151szerek NEM ker\u00fclnek kisz\u00e1ll\u00edt\u00e1sra! Tov\u00e1bbi inform\u00e1ci\u00f3\u00e9rt l\u00e1togasson el boltunkba!<\/strong><br \/>\n<strong>Az \u00e1rak t\u00e1j\u00e9koztat\u00f3 jelleg\u0171ek nem min\u0151s\u00fcl hivatalos aj\u00e1nlat t\u00e9telnek!<\/strong><br \/>\n<strong>Az \u00e1rv\u00e1ltoz\u00e1s jog\u00e1t fenntartjuk!<\/strong><\/p>\n<div class=\"wrapper bot-border\"><\/div>\n","protected":false},"excerpt":{"rendered":"<p>Browning A-Bolt Composit + Stalon XS108 MAX hangtomp\u00edt\u00f3 &nbsp; Browning A-Bolt Composit + Stalon XS108 MAX hangtomp\u00edt\u00f3 A csomag tartalma: Browning A-Bolt Composit A Browning egyik legsikeresebb ism\u00e9tl\u0151pusk\u00e1ja, amelyet nagyvad vad\u00e1szat\u00e1ra terveztek. A-Bolt 3 Composite (fekete m\u0171anyag tus) Kaliberek: 30-06 Spr, Cs\u0151hossz: 56-66cm S\u00faly: 3kg T\u00e1rkapacit\u00e1s: 4 Menetes cs\u0151 Lehet\u0151v\u00e9 teszi hangtomp\u00edt\u00f3 vagy sz\u00e1jf\u00e9k felszerel\u00e9s\u00e9t. [&hellip;]<\/p>\n","protected":false},"featured_media":8761,"comment_status":"open","ping_status":"closed","template":"","meta":{"_et_pb_use_builder":"","_et_pb_old_content":"","_et_gb_content_width":"","om_disable_all_campaigns":false},"product_brand":[],"product_cat":[16,17,21],"product_tag":[1955],"class_list":{"0":"post-8755","1":"product","2":"type-product","3":"status-publish","4":"has-post-thumbnail","6":"product_cat-fegyver","7":"product_cat-golyos-fegyver","8":"product_cat-uj","9":"product_tag-browning-a-bolt-composit-stalon-xs108-max-hangtompito","11":"first","12":"instock","13":"sale","14":"taxable","15":"shipping-taxable","16":"purchasable","17":"product-type-simple"},"_links":{"self":[{"href":"https:\/\/www.vadaszboltcsorna.hu\/index.php\/wp-json\/wp\/v2\/product\/8755","targetHints":{"allow":["GET"]}}],"collection":[{"href":"https:\/\/www.vadaszboltcsorna.hu\/index.php\/wp-json\/wp\/v2\/product"}],"about":[{"href":"https:\/\/www.vadaszboltcsorna.hu\/index.php\/wp-json\/wp\/v2\/types\/product"}],"replies":[{"embeddable":true,"href":"https:\/\/www.vadaszboltcsorna.hu\/index.php\/wp-json\/wp\/v2\/comments?post=8755"}],"wp:featuredmedia":[{"embeddable":true,"href":"https:\/\/www.vadaszboltcsorna.hu\/index.php\/wp-json\/wp\/v2\/media\/8761"}],"wp:attachment":[{"href":"https:\/\/www.vadaszboltcsorna.hu\/index.php\/wp-json\/wp\/v2\/media?parent=8755"}],"wp:term":[{"taxonomy":"product_brand","embeddable":true,"href":"https:\/\/www.vadaszboltcsorna.hu\/index.php\/wp-json\/wp\/v2\/product_brand?post=8755"},{"taxonomy":"product_cat","embeddable":true,"href":"https:\/\/www.vadaszboltcsorna.hu\/index.php\/wp-json\/wp\/v2\/product_cat?post=8755"},{"taxonomy":"product_tag","embeddable":true,"href":"https:\/\/www.vadaszboltcsorna.hu\/index.php\/wp-json\/wp\/v2\/product_tag?post=8755"}],"curies":[{"name":"wp","href":"https:\/\/api.w.org\/{rel}","templated":true}]}}