{"id":8741,"date":"2026-02-24T12:13:33","date_gmt":"2026-02-24T12:13:33","guid":{"rendered":"https:\/\/www.vadaszboltcsorna.hu\/?post_type=product&#038;p=8741"},"modified":"2026-02-24T12:13:33","modified_gmt":"2026-02-24T12:13:33","slug":"winchester-xpr-3-toltenyes-308win-243-win-tar","status":"publish","type":"product","link":"https:\/\/www.vadaszboltcsorna.hu\/index.php\/termek\/winchester-xpr-3-toltenyes-308win-243-win-tar\/","title":{"rendered":"Winchester XPR 3 t\u00f6lt\u00e9nyes .308Win. .243 Win. T\u00e1r"},"content":{"rendered":"<h2><strong>Winchester XPR 3 t\u00f6lt\u00e9nyes .308Win. .243 Win. T\u00e1r<\/strong><\/h2>\n<p>&nbsp;<\/p>\n<p>&nbsp;<\/p>\n<dl class=\"productView-info\">\n<dt class=\"productView-info-name\">\n<h4><span dir=\"auto\">M\u00e1rka: Winchester<\/span><\/h4>\n<\/dt>\n<dt class=\"productView-info-name sku-label\">\n<h4><span dir=\"auto\">Cikksz\u00e1m: WIN-U3575181AA<\/span><\/h4>\n<\/dt>\n<dd class=\"productView-info-value\" data-product-sku=\"\"><\/dd>\n<dt class=\"productView-info-name\">\n<h4><span dir=\"auto\">S\u00faly: 43 gramm<\/span><\/h4>\n<\/dt>\n<dd class=\"productView-info-value\" data-product-weight=\"\"><\/dd>\n<dt class=\"productView-info-name\">\n<h4><span dir=\"auto\">Kaliber: .308 Win.\u00a0 .243 Win.<\/span><\/h4>\n<\/dt>\n<dd class=\"productView-info-value\"><\/dd>\n<dt class=\"productView-info-name\">\n<h4><span dir=\"auto\">Kapacit\u00e1s: 3<\/span><\/h4>\n<\/dt>\n<dd class=\"productView-info-value\"><\/dd>\n<dt class=\"productView-info-name\">\n<h4><span dir=\"auto\">Modell illeszked\u00e9se: WIN-U3575181AA<\/span><\/h4>\n<\/dt>\n<\/dl>\n<h4>Anyag: Polimer<\/h4>\n<h4>Sz\u00edn: fekete<\/h4>\n<h4><\/h4>\n<h4><span dir=\"auto\">Ez a gy\u00e1ri 3 t\u00f6lt\u00e9nyes t\u00e1r a Winchester XPR-hez .308 kaliberben.<\/span><\/h4>\n<h4><span dir=\"auto\">Strapab\u00edr\u00f3, fekete \u00fcvegsz\u00e1llal er\u0151s\u00edtett polimerb\u0151l k\u00e9sz\u00fclt.<\/span><\/h4>\n<h4><span dir=\"auto\">\u00a0cikksz\u00e1mok: U3575181AA \u00e9s 112098802<\/span><\/h4>\n<dl class=\"productView-info\">\n<dd class=\"productView-info-value\"><\/dd>\n<\/dl>\n","protected":false},"excerpt":{"rendered":"<p>Winchester XPR 3 t\u00f6lt\u00e9nyes .308Win. .243 Win. T\u00e1r &nbsp; &nbsp; M\u00e1rka: Winchester Cikksz\u00e1m: WIN-U3575181AA S\u00faly: 43 gramm Kaliber: .308 Win.\u00a0 .243 Win. Kapacit\u00e1s: 3 Modell illeszked\u00e9se: WIN-U3575181AA Anyag: Polimer Sz\u00edn: fekete Ez a gy\u00e1ri 3 t\u00f6lt\u00e9nyes t\u00e1r a Winchester XPR-hez .308 kaliberben. Strapab\u00edr\u00f3, fekete \u00fcvegsz\u00e1llal er\u0151s\u00edtett polimerb\u0151l k\u00e9sz\u00fclt. \u00a0cikksz\u00e1mok: U3575181AA \u00e9s 112098802<\/p>\n","protected":false},"featured_media":8739,"comment_status":"open","ping_status":"closed","template":"","meta":{"_et_pb_use_builder":"","_et_pb_old_content":"","_et_gb_content_width":"","om_disable_all_campaigns":false},"product_brand":[],"product_cat":[486,1942,21],"product_tag":[1952],"class_list":{"0":"post-8741","1":"product","2":"type-product","3":"status-publish","4":"has-post-thumbnail","6":"product_cat-fegyverkiegeszitok","7":"product_cat-tar","8":"product_cat-uj","9":"product_tag-winchester-xpr-3-toltenyes-308win-243-win-tar","11":"first","12":"instock","13":"taxable","14":"shipping-taxable","15":"purchasable","16":"product-type-simple"},"_links":{"self":[{"href":"https:\/\/www.vadaszboltcsorna.hu\/index.php\/wp-json\/wp\/v2\/product\/8741","targetHints":{"allow":["GET"]}}],"collection":[{"href":"https:\/\/www.vadaszboltcsorna.hu\/index.php\/wp-json\/wp\/v2\/product"}],"about":[{"href":"https:\/\/www.vadaszboltcsorna.hu\/index.php\/wp-json\/wp\/v2\/types\/product"}],"replies":[{"embeddable":true,"href":"https:\/\/www.vadaszboltcsorna.hu\/index.php\/wp-json\/wp\/v2\/comments?post=8741"}],"wp:featuredmedia":[{"embeddable":true,"href":"https:\/\/www.vadaszboltcsorna.hu\/index.php\/wp-json\/wp\/v2\/media\/8739"}],"wp:attachment":[{"href":"https:\/\/www.vadaszboltcsorna.hu\/index.php\/wp-json\/wp\/v2\/media?parent=8741"}],"wp:term":[{"taxonomy":"product_brand","embeddable":true,"href":"https:\/\/www.vadaszboltcsorna.hu\/index.php\/wp-json\/wp\/v2\/product_brand?post=8741"},{"taxonomy":"product_cat","embeddable":true,"href":"https:\/\/www.vadaszboltcsorna.hu\/index.php\/wp-json\/wp\/v2\/product_cat?post=8741"},{"taxonomy":"product_tag","embeddable":true,"href":"https:\/\/www.vadaszboltcsorna.hu\/index.php\/wp-json\/wp\/v2\/product_tag?post=8741"}],"curies":[{"name":"wp","href":"https:\/\/api.w.org\/{rel}","templated":true}]}}