{"id":8738,"date":"2026-02-24T11:52:41","date_gmt":"2026-02-24T11:52:41","guid":{"rendered":"https:\/\/www.vadaszboltcsorna.hu\/?post_type=product&#038;p=8738"},"modified":"2026-02-25T18:45:10","modified_gmt":"2026-02-25T18:45:10","slug":"mag-winchester-xpr-3sh-300wm-pottar","status":"publish","type":"product","link":"https:\/\/www.vadaszboltcsorna.hu\/index.php\/termek\/mag-winchester-xpr-3sh-300wm-pottar\/","title":{"rendered":"MAG. WINCHESTER XPR 3SH 300WM p\u00f3tt\u00e1r"},"content":{"rendered":"<h2><strong>MAG. WINCHESTER XPR 3SH 300WM p\u00f3tt\u00e1r<\/strong><\/h2>\n<p>&nbsp;<\/p>\n<h4>Cikksz\u00e1m.: 17825130<\/h4>\n<h4><span dir=\"auto\">Ez a gy\u00e1ri 3 t\u00f6lt\u00e9nyes t\u00e1r a Winchester XPR Long Action Magnumhoz .300WM\u00a0 kaliberben.<\/span><\/h4>\n<h4><span dir=\"auto\">Strapab\u00edr\u00f3, fekete \u00fcvegsz\u00e1llal er\u0151s\u00edtett polimerb\u0151l k\u00e9sz\u00fclt.<\/span><\/h4>\n<p>&nbsp;<\/p>\n<ul>\n<li>\n<h4><span dir=\"auto\">\u00dct\u00e9s\u00e1ll\u00f3 polimer konstrukci\u00f3<\/span><\/h4>\n<\/li>\n<li>\n<h4><span dir=\"auto\">F\u00e1rad\u00e1sg\u00e1tl\u00f3 ac\u00e9lrug\u00f3<\/span><\/h4>\n<\/li>\n<li>\n<h4><span dir=\"auto\">Fr\u00f6ccs\u00f6nt\u00f6tt polimer k\u00f6vet\u0151<\/span><\/h4>\n<\/li>\n<li>\n<h4><span dir=\"auto\">S\u00edkba illeszked\u0151 kialak\u00edt\u00e1s<\/span><\/h4>\n<\/li>\n<\/ul>\n<h4 data-content-region=\"product_below_price\"><\/h4>\n<h4 class=\"productView-rating\"><\/h4>\n<dl class=\"productView-info\">\n<dt class=\"productView-info-name\">\n<h4><span dir=\"auto\">M\u00e1rka: Winchester\u00a0<\/span><\/h4>\n<\/dt>\n<dt class=\"productView-info-name sku-label\">\n<h4><span dir=\"auto\">Cikksz\u00e1m: WIN-U3575118AA<\/span><\/h4>\n<\/dt>\n<dd class=\"productView-info-value\" data-product-sku=\"\"><\/dd>\n<dt class=\"productView-info-name\">\n<h4><span dir=\"auto\">S\u00faly: 46 gramm<\/span><\/h4>\n<\/dt>\n<dd class=\"productView-info-value\" data-product-weight=\"\"><\/dd>\n<dt class=\"productView-info-name\">\n<h4><span dir=\"auto\">Kaliber: .300 WM<\/span><\/h4>\n<\/dt>\n<dt class=\"productView-info-name\">\n<h4><span dir=\"auto\">Kapacit\u00e1s: 3<\/span><\/h4>\n<\/dt>\n<dd class=\"productView-info-value\"><\/dd>\n<dt class=\"productView-info-name\">\n<h4><span dir=\"auto\">Modell illeszked\u00e9se: Winchester XPR<\/span><\/h4>\n<\/dt>\n<dd class=\"productView-info-value\"><\/dd>\n<dt class=\"productView-info-name\">\n<h4><span dir=\"auto\">Anyag: Polimer<\/span><\/h4>\n<\/dt>\n<dd class=\"productView-info-value\"><\/dd>\n<\/dl>\n<p>&nbsp;<\/p>\n","protected":false},"excerpt":{"rendered":"<p>MAG. WINCHESTER XPR 3SH 300WM p\u00f3tt\u00e1r &nbsp; Cikksz\u00e1m.: 17825130 Ez a gy\u00e1ri 3 t\u00f6lt\u00e9nyes t\u00e1r a Winchester XPR Long Action Magnumhoz .300WM\u00a0 kaliberben. Strapab\u00edr\u00f3, fekete \u00fcvegsz\u00e1llal er\u0151s\u00edtett polimerb\u0151l k\u00e9sz\u00fclt. &nbsp; \u00dct\u00e9s\u00e1ll\u00f3 polimer konstrukci\u00f3 F\u00e1rad\u00e1sg\u00e1tl\u00f3 ac\u00e9lrug\u00f3 Fr\u00f6ccs\u00f6nt\u00f6tt polimer k\u00f6vet\u0151 S\u00edkba illeszked\u0151 kialak\u00edt\u00e1s M\u00e1rka: Winchester\u00a0 Cikksz\u00e1m: WIN-U3575118AA S\u00faly: 46 gramm Kaliber: .300 WM Kapacit\u00e1s: 3 Modell illeszked\u00e9se: [&hellip;]<\/p>\n","protected":false},"featured_media":8740,"comment_status":"open","ping_status":"closed","template":"","meta":{"_et_pb_use_builder":"","_et_pb_old_content":"","_et_gb_content_width":"","om_disable_all_campaigns":false},"product_brand":[],"product_cat":[486,1942,21],"product_tag":[1951],"class_list":{"0":"post-8738","1":"product","2":"type-product","3":"status-publish","4":"has-post-thumbnail","6":"product_cat-fegyverkiegeszitok","7":"product_cat-tar","8":"product_cat-uj","9":"product_tag-mag-winchester-xpr-3sh-300wm-pottar","11":"first","12":"instock","13":"taxable","14":"shipping-taxable","15":"purchasable","16":"product-type-simple"},"_links":{"self":[{"href":"https:\/\/www.vadaszboltcsorna.hu\/index.php\/wp-json\/wp\/v2\/product\/8738","targetHints":{"allow":["GET"]}}],"collection":[{"href":"https:\/\/www.vadaszboltcsorna.hu\/index.php\/wp-json\/wp\/v2\/product"}],"about":[{"href":"https:\/\/www.vadaszboltcsorna.hu\/index.php\/wp-json\/wp\/v2\/types\/product"}],"replies":[{"embeddable":true,"href":"https:\/\/www.vadaszboltcsorna.hu\/index.php\/wp-json\/wp\/v2\/comments?post=8738"}],"wp:featuredmedia":[{"embeddable":true,"href":"https:\/\/www.vadaszboltcsorna.hu\/index.php\/wp-json\/wp\/v2\/media\/8740"}],"wp:attachment":[{"href":"https:\/\/www.vadaszboltcsorna.hu\/index.php\/wp-json\/wp\/v2\/media?parent=8738"}],"wp:term":[{"taxonomy":"product_brand","embeddable":true,"href":"https:\/\/www.vadaszboltcsorna.hu\/index.php\/wp-json\/wp\/v2\/product_brand?post=8738"},{"taxonomy":"product_cat","embeddable":true,"href":"https:\/\/www.vadaszboltcsorna.hu\/index.php\/wp-json\/wp\/v2\/product_cat?post=8738"},{"taxonomy":"product_tag","embeddable":true,"href":"https:\/\/www.vadaszboltcsorna.hu\/index.php\/wp-json\/wp\/v2\/product_tag?post=8738"}],"curies":[{"name":"wp","href":"https:\/\/api.w.org\/{rel}","templated":true}]}}