{"id":8719,"date":"2026-02-24T08:01:47","date_gmt":"2026-02-24T08:01:47","guid":{"rendered":"https:\/\/www.vadaszboltcsorna.hu\/?post_type=product&#038;p=8719"},"modified":"2026-02-24T08:01:48","modified_gmt":"2026-02-24T08:01:48","slug":"pottar-hw-60-vagy-66-os-fegyverehez","status":"publish","type":"product","link":"https:\/\/www.vadaszboltcsorna.hu\/index.php\/termek\/pottar-hw-60-vagy-66-os-fegyverehez\/","title":{"rendered":"P\u00f3tt\u00e1r HW 60 vagy 66-os fegyverehez."},"content":{"rendered":"<h3><strong>P\u00f3tt\u00e1r HW 60 vagy 66-os fegyverehez.<\/strong><\/h3>\n<h3>Kaliber: 22 Hornet<\/h3>\n","protected":false},"excerpt":{"rendered":"<p>P\u00f3tt\u00e1r HW 60 vagy 66-os fegyverehez. Kaliber: 22 Hornet<\/p>\n","protected":false},"featured_media":8720,"comment_status":"open","ping_status":"closed","template":"","meta":{"_et_pb_use_builder":"","_et_pb_old_content":"","_et_gb_content_width":"","om_disable_all_campaigns":false},"product_brand":[],"product_cat":[486,1942,21],"product_tag":[1945,1943,1944],"class_list":{"0":"post-8719","1":"product","2":"type-product","3":"status-publish","4":"has-post-thumbnail","6":"product_cat-fegyverkiegeszitok","7":"product_cat-tar","8":"product_cat-uj","9":"product_tag-22-hornet","10":"product_tag-pottar-hw-60-vagy-66-os-fegyverehez","11":"product_tag-tar","13":"first","14":"instock","15":"taxable","16":"shipping-taxable","17":"purchasable","18":"product-type-simple"},"_links":{"self":[{"href":"https:\/\/www.vadaszboltcsorna.hu\/index.php\/wp-json\/wp\/v2\/product\/8719","targetHints":{"allow":["GET"]}}],"collection":[{"href":"https:\/\/www.vadaszboltcsorna.hu\/index.php\/wp-json\/wp\/v2\/product"}],"about":[{"href":"https:\/\/www.vadaszboltcsorna.hu\/index.php\/wp-json\/wp\/v2\/types\/product"}],"replies":[{"embeddable":true,"href":"https:\/\/www.vadaszboltcsorna.hu\/index.php\/wp-json\/wp\/v2\/comments?post=8719"}],"wp:featuredmedia":[{"embeddable":true,"href":"https:\/\/www.vadaszboltcsorna.hu\/index.php\/wp-json\/wp\/v2\/media\/8720"}],"wp:attachment":[{"href":"https:\/\/www.vadaszboltcsorna.hu\/index.php\/wp-json\/wp\/v2\/media?parent=8719"}],"wp:term":[{"taxonomy":"product_brand","embeddable":true,"href":"https:\/\/www.vadaszboltcsorna.hu\/index.php\/wp-json\/wp\/v2\/product_brand?post=8719"},{"taxonomy":"product_cat","embeddable":true,"href":"https:\/\/www.vadaszboltcsorna.hu\/index.php\/wp-json\/wp\/v2\/product_cat?post=8719"},{"taxonomy":"product_tag","embeddable":true,"href":"https:\/\/www.vadaszboltcsorna.hu\/index.php\/wp-json\/wp\/v2\/product_tag?post=8719"}],"curies":[{"name":"wp","href":"https:\/\/api.w.org\/{rel}","templated":true}]}}