{"id":8659,"date":"2026-01-13T13:19:39","date_gmt":"2026-01-13T13:19:39","guid":{"rendered":"https:\/\/www.vadaszboltcsorna.hu\/?post_type=product&#038;p=8659"},"modified":"2026-02-17T12:28:59","modified_gmt":"2026-02-17T12:28:59","slug":"morakniv-mora-2000-s-kes-tokkal-narancssarga-cikkszam-m-12057","status":"publish","type":"product","link":"https:\/\/www.vadaszboltcsorna.hu\/index.php\/termek\/morakniv-mora-2000-s-kes-tokkal-narancssarga-cikkszam-m-12057\/","title":{"rendered":"MORAKNIV Mora 2000 (S) k\u00e9s, tokkal, narancss\u00e1rga Cikksz\u00e1m: M-12057"},"content":{"rendered":"<div class=\"artdet__name-wrap\">\n<h1 class=\"artdet__name line-clamp--3-12 mb-0\" title=\"MORAKNIV Mora 2000 (S) k\u00e9s, tokkal, narancss\u00e1rga\n\"><strong>MORAKNIV Mora 2000 (S) k\u00e9s, tokkal, narancss\u00e1rga<\/strong><\/h1>\n<\/div>\n<div class=\"artdet__sku d-flex flex-wrap text-muted mb-2\">\n<div class=\"artdet__sku-title\">Cikksz\u00e1m:<\/div>\n<div class=\"artdet__sku-value\">M-12057<\/div>\n<\/div>\n<div><\/div>\n<h3>Ez egy els\u0151 oszt\u00e1ly\u00fa mindenes k\u00e9s, amelynek peng\u00e9j\u00e9n profilcsiszol\u00e1s tal\u00e1lhat\u00f3, \u00edgy optim\u00e1lis v\u00e1laszt\u00e1s vad\u00e1szathoz.<\/h3>\n<h3>A sv\u00e9d rozsdamentes ac\u00e9l a legmagasabb min\u0151s\u00e9g\u0171, a morai gy\u00e1runkban edzett \u00e9s kezelt, titkos c\u00e9ges elj\u00e1r\u00e1sunk szerint. TPE gumib\u00f3l k\u00e9sz\u00fclt, text\u00far\u00e1lt amely biztons\u00e1goss\u00e1 \u00e9s szil\u00e1rdd\u00e1 teszi a markolatot.<\/h3>\n<h3>A gumi azt is biztos\u00edtja, hogy a markolat nem &#8222;vezeti&#8221; a hideget, \u00edgy a k\u00e9ssel val\u00f3 munka az \u00e9v b\u00e1rmely szak\u00e1ban ugyanolyan biztons\u00e1gos \u00e9s k\u00e9nyelmes. A polimer tokban a k\u00e9s mindig k\u00e9zn\u00e9l lehet az \u00f6v\u00e9n vagy h\u00e1tizs\u00e1kj\u00e1n.<\/h3>\n","protected":false},"excerpt":{"rendered":"<p>MORAKNIV Mora 2000 (S) k\u00e9s, tokkal, narancss\u00e1rga Cikksz\u00e1m: M-12057 Ez egy els\u0151 oszt\u00e1ly\u00fa mindenes k\u00e9s, amelynek peng\u00e9j\u00e9n profilcsiszol\u00e1s tal\u00e1lhat\u00f3, \u00edgy optim\u00e1lis v\u00e1laszt\u00e1s vad\u00e1szathoz. A sv\u00e9d rozsdamentes ac\u00e9l a legmagasabb min\u0151s\u00e9g\u0171, a morai gy\u00e1runkban edzett \u00e9s kezelt, titkos c\u00e9ges elj\u00e1r\u00e1sunk szerint. TPE gumib\u00f3l k\u00e9sz\u00fclt, text\u00far\u00e1lt amely biztons\u00e1goss\u00e1 \u00e9s szil\u00e1rdd\u00e1 teszi a markolatot. A gumi azt is [&hellip;]<\/p>\n","protected":false},"featured_media":8660,"comment_status":"open","ping_status":"closed","template":"","meta":{"_et_pb_use_builder":"","_et_pb_old_content":"","_et_gb_content_width":"","om_disable_all_campaigns":false},"product_brand":[],"product_cat":[166,168,21],"product_tag":[1936,1937,1137],"class_list":{"0":"post-8659","1":"product","2":"type-product","3":"status-publish","4":"has-post-thumbnail","6":"product_cat-kesek","7":"product_cat-torok","8":"product_cat-uj","9":"product_tag-morakniv-mora-2000-s-kes","10":"product_tag-narancssarga-cikkszam-m-12057","11":"product_tag-tokkal","13":"first","14":"instock","15":"taxable","16":"shipping-taxable","17":"purchasable","18":"product-type-simple"},"_links":{"self":[{"href":"https:\/\/www.vadaszboltcsorna.hu\/index.php\/wp-json\/wp\/v2\/product\/8659","targetHints":{"allow":["GET"]}}],"collection":[{"href":"https:\/\/www.vadaszboltcsorna.hu\/index.php\/wp-json\/wp\/v2\/product"}],"about":[{"href":"https:\/\/www.vadaszboltcsorna.hu\/index.php\/wp-json\/wp\/v2\/types\/product"}],"replies":[{"embeddable":true,"href":"https:\/\/www.vadaszboltcsorna.hu\/index.php\/wp-json\/wp\/v2\/comments?post=8659"}],"wp:featuredmedia":[{"embeddable":true,"href":"https:\/\/www.vadaszboltcsorna.hu\/index.php\/wp-json\/wp\/v2\/media\/8660"}],"wp:attachment":[{"href":"https:\/\/www.vadaszboltcsorna.hu\/index.php\/wp-json\/wp\/v2\/media?parent=8659"}],"wp:term":[{"taxonomy":"product_brand","embeddable":true,"href":"https:\/\/www.vadaszboltcsorna.hu\/index.php\/wp-json\/wp\/v2\/product_brand?post=8659"},{"taxonomy":"product_cat","embeddable":true,"href":"https:\/\/www.vadaszboltcsorna.hu\/index.php\/wp-json\/wp\/v2\/product_cat?post=8659"},{"taxonomy":"product_tag","embeddable":true,"href":"https:\/\/www.vadaszboltcsorna.hu\/index.php\/wp-json\/wp\/v2\/product_tag?post=8659"}],"curies":[{"name":"wp","href":"https:\/\/api.w.org\/{rel}","templated":true}]}}