{"id":8651,"date":"2026-01-13T13:08:21","date_gmt":"2026-01-13T13:08:21","guid":{"rendered":"https:\/\/www.vadaszboltcsorna.hu\/?post_type=product&#038;p=8651"},"modified":"2026-01-13T13:08:21","modified_gmt":"2026-01-13T13:08:21","slug":"victorinox-swiss-army-ranger-57-zsebkes-piros-fekete-cikkszam-0_9583_mc","status":"publish","type":"product","link":"https:\/\/www.vadaszboltcsorna.hu\/index.php\/termek\/victorinox-swiss-army-ranger-57-zsebkes-piros-fekete-cikkszam-0_9583_mc\/","title":{"rendered":"VICTORINOX Swiss Army Ranger 57 zsebk\u00e9s, piros\/fekete Cikksz\u00e1m: 0_9583_MC"},"content":{"rendered":"<h3>A\u00a0<strong data-start=\"66\" data-end=\"123\">VICTORINOX Swiss Army Ranger 57 zsebk\u00e9s, piros\/fekete<\/strong>\u00a0egy strapab\u00edr\u00f3, sokoldal\u00fa \u00e9s ergonomikusan kialak\u00edtott zsebk\u00e9s, amelyet vad\u00e1szok, t\u00far\u00e1z\u00f3k, term\u00e9szetj\u00e1r\u00f3k \u00e9s szabadt\u00e9ri tev\u00e9kenys\u00e9gek kedvel\u0151inek terveztek.<\/h3>\n<h3>Ez a\u00a0<strong data-start=\"276\" data-end=\"304\">15 funkci\u00f3val rendelkez\u0151<\/strong>\u00a0modell kiv\u00e1l\u00f3 t\u00e1rs b\u00e1rmilyen kih\u00edv\u00e1s sor\u00e1n, legyen sz\u00f3 kempingez\u00e9sr\u0151l, t\u00far\u00e1z\u00e1sr\u00f3l vagy mindennapi feladatokr\u00f3l. Az\u00a0<strong data-start=\"420\" data-end=\"457\">ergonomikus piros-fekete markolat<\/strong>\u00a0biztos fog\u00e1st \u00e9s modern megjelen\u00e9st k\u00edn\u00e1l, m\u00edg a Victorinox sv\u00e1jci precizit\u00e1sa \u00e9s min\u0151s\u00e9ge garant\u00e1lja a hossz\u00fa \u00e9lettartamot.<\/h3>\n<p>&nbsp;<\/p>\n<div id=\"\" class=\"om-element\" data-margin=\"ele_ma_2-C_szPEGPU\">\n<div id=\"ele_2-C_szPEGPU_wrapper\" class=\"om-full\">\n<div id=\"ele_2-C_szPEGPU\" class=\"om-text\"><\/div>\n<\/div>\n<\/div>\n<div id=\"\" class=\"om-element\" data-margin=\"ele_ma_gcbnAmTnrYc\">\n<div id=\"ele_gcbnAmTnrYc_wrapper\" class=\"om-full\">\n<div id=\"ele_gcbnAmTnrYc\" class=\"om-text\">\n<div class=\"om-dtr-content ql-align-left\">\n<h3 data-start=\"591\" data-end=\"621\"><strong data-start=\"595\" data-end=\"619\">JELLEMZ\u0150K \u00c9S EL\u0150NY\u00d6K<\/strong><\/h3>\n<ul>\n<li data-start=\"591\" data-end=\"621\">\n<h3><strong data-start=\"624\" data-end=\"661\">Ergonomikus, k\u00e9t komponens\u0171, piros\/fekete markolat<\/strong>\u00a0&#8211;\u00a0K\u00e9nyelmes fog\u00e1s \u00e9s cs\u00fasz\u00e1smentes kialak\u00edt\u00e1s, amely biztons\u00e1gos haszn\u00e1latot biztos\u00edt b\u00e1rmilyen k\u00f6r\u00fclm\u00e9nyek k\u00f6z\u00f6tt.<\/h3>\n<\/li>\n<li data-start=\"591\" data-end=\"621\">\n<h3><strong data-start=\"785\" data-end=\"821\">Reteszelhet\u0151 penge \u00e9s csavarh\u00faz\u00f3\u00a0<\/strong>&#8211;\u00a0Extra biztons\u00e1got ny\u00fajtanak haszn\u00e1lat k\u00f6zben, k\u00fcl\u00f6n\u00f6sen er\u0151teljesebb munk\u00e1k sor\u00e1n.<\/h3>\n<\/li>\n<li data-start=\"591\" data-end=\"621\">\n<h3><strong data-start=\"914\" data-end=\"942\">15 funkci\u00f3 egy eszk\u00f6zben<\/strong>\u00a0&#8211;\u00a0A praktikus szersz\u00e1mok sz\u00e9les v\u00e1laszt\u00e9ka teszi ide\u00e1liss\u00e1 szabadt\u00e9ri kalandokhoz \u00e9s mindennapi felhaszn\u00e1l\u00e1sra.<\/h3>\n<\/li>\n<li data-start=\"591\" data-end=\"621\">\n<h3><strong data-start=\"1062\" data-end=\"1079\">Kompakt m\u00e9ret<\/strong>\u00a0&#8211;\u00a0A 130 mm-es z\u00e1rt hossz\u00fas\u00e1gnak k\u00f6sz\u00f6nhet\u0151en k\u00f6nnyen hordozhat\u00f3 zsebben, t\u00e1sk\u00e1ban vagy h\u00e1tizs\u00e1kban.<\/h3>\n<\/li>\n<li data-start=\"591\" data-end=\"621\">\n<h3><strong data-start=\"1187\" data-end=\"1208\">Sv\u00e1jci precizit\u00e1s\u00a0<\/strong>&#8211;\u00a0Kiv\u00e1l\u00f3 min\u0151s\u00e9g\u0171 rozsdamentes ac\u00e9l szersz\u00e1mok, amelyek hossz\u00fa \u00e9lettartamot biztos\u00edtanak.<\/h3>\n<\/li>\n<\/ul>\n<h3 data-start=\"1309\" data-end=\"1340\"><strong data-start=\"1313\" data-end=\"1338\">FUNKCI\u00d3K &#8211; 15 FUNKCI\u00d3<\/strong><\/h3>\n<ul>\n<li data-start=\"1309\" data-end=\"1340\">\n<h3><strong data-start=\"1344\" data-end=\"1373\">Nagy, egykezes penge (reteszelhet\u0151)\u00a0<\/strong>&#8211;\u00a0Er\u0151s \u00e9s \u00e9les penge minden v\u00e1g\u00e1si feladathoz.<\/h3>\n<\/li>\n<li data-start=\"1309\" data-end=\"1340\">\n<h3><strong>Zsigerel\u0151 penge<\/strong>\u00a0&#8211; Praktikus eszk\u00f6ze minden zsigerel\u00e9snek.<\/h3>\n<\/li>\n<li data-start=\"1309\" data-end=\"1340\">\n<h3><strong data-start=\"1430\" data-end=\"1446\">Konzervnyit\u00f3\u00a0<\/strong>&#8211;\u00a0Alapvet\u0151 eszk\u00f6z szabadt\u00e9ri \u00e9tkez\u00e9sekhez \u00e9s t\u00far\u00e1z\u00e1sokhoz.<\/h3>\n<\/li>\n<li data-start=\"1309\" data-end=\"1340\">\n<h3><strong data-start=\"1515\" data-end=\"1540\">Kis csavarh\u00faz\u00f3 (3 mm)\u00a0<\/strong>&#8211;\u00a0A konzervnyit\u00f3val kombin\u00e1lt, kisebb csavarok megh\u00faz\u00e1s\u00e1hoz.<\/h3>\n<\/li>\n<li data-start=\"1309\" data-end=\"1340\">\n<h3><strong data-start=\"1611\" data-end=\"1638\">S\u00f6rnyit\u00f3<\/strong>\u00a0&#8211;\u00a0Gyors \u00e9s egyszer\u0171 italnyit\u00e1s b\u00e1rmilyen k\u00f6rnyezetben.<\/h3>\n<\/li>\n<li data-start=\"1309\" data-end=\"1340\">\n<h3><strong data-start=\"1703\" data-end=\"1729\">Nagy csavarh\u00faz\u00f3 (6 mm)<\/strong>\u00a0&#8211;\u00a0A s\u00f6rnyit\u00f3val kombin\u00e1lt, nagyobb csavarokhoz.<\/h3>\n<\/li>\n<li data-start=\"1309\" data-end=\"1340\">\n<h3><strong data-start=\"1787\" data-end=\"1817\">Huzalszigetel\u00e9s-elt\u00e1vol\u00edt\u00f3\u00a0<\/strong>&#8211;\u00a0Elektromos vezet\u00e9kek szigetel\u00e9s\u00e9nek elt\u00e1vol\u00edt\u00e1s\u00e1ra haszn\u00e1lhat\u00f3.<\/h3>\n<\/li>\n<li data-start=\"1309\" data-end=\"1340\">\n<h3><strong data-start=\"1893\" data-end=\"1905\">Dug\u00f3h\u00faz\u00f3\u00a0<\/strong>&#8211;\u00a0Boros\u00fcvegek k\u00e9nyelmes \u00e9s st\u00edlusos nyit\u00e1s\u00e1ra.<\/h3>\n<\/li>\n<li data-start=\"1309\" data-end=\"1340\">\n<h3><strong data-start=\"1962\" data-end=\"1975\">Fa f\u0171r\u00e9sz<\/strong>\u00a0&#8211;\u00a0T\u00f6k\u00e9letes faanyagok v\u00e1g\u00e1s\u00e1ra, p\u00e9ld\u00e1ul \u00e1gak darabol\u00e1s\u00e1ra.<\/h3>\n<\/li>\n<li data-start=\"1309\" data-end=\"1340\">\n<h3><strong data-start=\"2044\" data-end=\"2069\">Lyukaszt\u00f3\/sz\u00far\u00f3eszk\u00f6z<\/strong>\u00a0&#8211;\u00a0Anyagok perfor\u00e1l\u00e1s\u00e1ra, p\u00e9ld\u00e1ul b\u0151r vagy textil eset\u00e9ben.<\/h3>\n<\/li>\n<li data-start=\"1309\" data-end=\"1340\">\n<h3><strong data-start=\"2223\" data-end=\"2234\">Csipesz<\/strong>\u00a0&#8211;\u00a0Prec\u00edzi\u00f3s munk\u00e1khoz, p\u00e9ld\u00e1ul sz\u00e1lk\u00e1k elt\u00e1vol\u00edt\u00e1s\u00e1ra.<\/h3>\n<\/li>\n<li data-start=\"1309\" data-end=\"1340\">\n<h3><strong data-start=\"2301\" data-end=\"2312\">Fogv\u00e1j\u00f3<\/strong>\u00a0&#8211;\u00a0Praktikus higi\u00e9niai kieg\u00e9sz\u00edt\u0151 a mindennapokhoz.<\/h3>\n<\/li>\n<li data-start=\"1309\" data-end=\"1340\">\n<h3><strong data-start=\"2375\" data-end=\"2390\">Kulcskarika<\/strong>\u00a0&#8211;\u00a0K\u00f6nnyen r\u00f6gz\u00edthet\u0151 kulcscsom\u00f3ra, hogy mindig k\u00e9zn\u00e9l legyen.<\/h3>\n<\/li>\n<\/ul>\n<h3 data-start=\"2619\" data-end=\"2650\"><strong data-start=\"2623\" data-end=\"2648\">FELHASZN\u00c1L\u00c1SI TER\u00dcLET<\/strong><\/h3>\n<ul>\n<li data-start=\"2619\" data-end=\"2650\">\n<h3><strong data-start=\"2653\" data-end=\"2684\">Szabadt\u00e9ri tev\u00e9kenys\u00e9gekhez<\/strong>\u00a0&#8211;\u00a0Ide\u00e1lis v\u00e1laszt\u00e1s t\u00far\u00e1z\u00e1shoz, kempingez\u00e9shez, hegym\u00e1sz\u00e1shoz vagy m\u00e1s outdoor programokhoz.<\/h3>\n<\/li>\n<li data-start=\"2619\" data-end=\"2650\">\n<h3><strong data-start=\"2785\" data-end=\"2811\">Mindennapi haszn\u00e1latra<\/strong>\u00a0&#8211;\u00a0Kiv\u00e1l\u00f3 seg\u00edt\u0151t\u00e1rs kisebb jav\u00edt\u00e1sokhoz, v\u00e1g\u00e1si \u00e9s nyit\u00e1si feladatokhoz otthon vagy \u00fatk\u00f6zben.<\/h3>\n<\/li>\n<li data-start=\"2619\" data-end=\"2650\">\n<h3><strong data-start=\"2913\" data-end=\"2927\">Aj\u00e1nd\u00e9knak<\/strong>\u00a0&#8211;\u00a0Pr\u00e9mium megjelen\u00e9se \u00e9s sokoldal\u00fa funkcionalit\u00e1sa miatt t\u00f6k\u00e9letes aj\u00e1nd\u00e9k term\u00e9szetkedvel\u0151k, t\u00far\u00e1z\u00f3k vagy zsebk\u00e9sgy\u0171jt\u0151k sz\u00e1m\u00e1ra.<\/h3>\n<\/li>\n<\/ul>\n<h3 data-start=\"3223\" data-end=\"3261\"><\/h3>\n<h3 data-start=\"3268\" data-end=\"3300\"><strong data-start=\"3272\" data-end=\"3298\">KARBANTART\u00c1SI JAVASLAT<\/strong><\/h3>\n<ul>\n<li data-start=\"3268\" data-end=\"3300\">\n<h3><strong data-start=\"3303\" data-end=\"3316\">Tiszt\u00edt\u00e1s\u00a0<\/strong>&#8211;\u00a0Haszn\u00e1lat ut\u00e1n t\u00f6r\u00f6lje le a peng\u00e9t \u00e9s az eszk\u00f6z\u00f6ket puha, nedves ruh\u00e1val, majd alaposan sz\u00e1r\u00edtsa meg.<\/h3>\n<\/li>\n<li data-start=\"3268\" data-end=\"3300\">\n<h3><strong data-start=\"3428\" data-end=\"3438\">\u00c9lez\u00e9s\u00a0<\/strong>&#8211;\u00a0\u00c9lezze a peng\u00e9t Victorinox \u00e9lez\u0151vel, hogy mindig \u00e9les \u00e9s hat\u00e9kony maradjon.<\/h3>\n<\/li>\n<li data-start=\"3268\" data-end=\"3300\">\n<h3><strong data-start=\"3524\" data-end=\"3535\">T\u00e1rol\u00e1s\u00a0<\/strong>&#8211;\u00a0Sz\u00e1raz helyen t\u00e1rolja, hogy a k\u00e9s meg\u0151rizze min\u0151s\u00e9g\u00e9t \u00e9s hossz\u00fa \u00e9lettartam\u00e1t.<\/h3>\n<\/li>\n<\/ul>\n<h3 data-start=\"3646\" data-end=\"3910\">A\u00a0<strong data-start=\"3648\" data-end=\"3705\">VICTORINOX Swiss Army Ranger 57 zsebk\u00e9s, piros\/fekete<\/strong>\u00a0egy robusztus, sokoldal\u00fa \u00e9s st\u00edlusos zsebk\u00e9s, amely ide\u00e1lis minden helyzethez. A 15 funkci\u00f3, az ergonomikus kialak\u00edt\u00e1s \u00e9s a sv\u00e1jci precizit\u00e1s biztos\u00edtja, hogy ez az eszk\u00f6z minden kih\u00edv\u00e1ssal megbirk\u00f3zik.<\/h3>\n<\/div>\n<\/div>\n<\/div>\n<\/div>\n","protected":false},"excerpt":{"rendered":"<p>A\u00a0VICTORINOX Swiss Army Ranger 57 zsebk\u00e9s, piros\/fekete\u00a0egy strapab\u00edr\u00f3, sokoldal\u00fa \u00e9s ergonomikusan kialak\u00edtott zsebk\u00e9s, amelyet vad\u00e1szok, t\u00far\u00e1z\u00f3k, term\u00e9szetj\u00e1r\u00f3k \u00e9s szabadt\u00e9ri tev\u00e9kenys\u00e9gek kedvel\u0151inek terveztek. Ez a\u00a015 funkci\u00f3val rendelkez\u0151\u00a0modell kiv\u00e1l\u00f3 t\u00e1rs b\u00e1rmilyen kih\u00edv\u00e1s sor\u00e1n, legyen sz\u00f3 kempingez\u00e9sr\u0151l, t\u00far\u00e1z\u00e1sr\u00f3l vagy mindennapi feladatokr\u00f3l. Az\u00a0ergonomikus piros-fekete markolat\u00a0biztos fog\u00e1st \u00e9s modern megjelen\u00e9st k\u00edn\u00e1l, m\u00edg a Victorinox sv\u00e1jci precizit\u00e1sa \u00e9s min\u0151s\u00e9ge garant\u00e1lja a [&hellip;]<\/p>\n","protected":false},"featured_media":8652,"comment_status":"open","ping_status":"closed","template":"","meta":{"_et_pb_use_builder":"","_et_pb_old_content":"","_et_gb_content_width":"","om_disable_all_campaigns":false},"product_brand":[],"product_cat":[166,21,167],"product_tag":[1933,1932],"class_list":{"0":"post-8651","1":"product","2":"type-product","3":"status-publish","4":"has-post-thumbnail","6":"product_cat-kesek","7":"product_cat-uj","8":"product_cat-zsebkesek","9":"product_tag-piros-fekete","10":"product_tag-victorinox-swiss-army-ranger-57-zsebkes","12":"first","13":"instock","14":"taxable","15":"shipping-taxable","16":"purchasable","17":"product-type-simple"},"_links":{"self":[{"href":"https:\/\/www.vadaszboltcsorna.hu\/index.php\/wp-json\/wp\/v2\/product\/8651","targetHints":{"allow":["GET"]}}],"collection":[{"href":"https:\/\/www.vadaszboltcsorna.hu\/index.php\/wp-json\/wp\/v2\/product"}],"about":[{"href":"https:\/\/www.vadaszboltcsorna.hu\/index.php\/wp-json\/wp\/v2\/types\/product"}],"replies":[{"embeddable":true,"href":"https:\/\/www.vadaszboltcsorna.hu\/index.php\/wp-json\/wp\/v2\/comments?post=8651"}],"wp:featuredmedia":[{"embeddable":true,"href":"https:\/\/www.vadaszboltcsorna.hu\/index.php\/wp-json\/wp\/v2\/media\/8652"}],"wp:attachment":[{"href":"https:\/\/www.vadaszboltcsorna.hu\/index.php\/wp-json\/wp\/v2\/media?parent=8651"}],"wp:term":[{"taxonomy":"product_brand","embeddable":true,"href":"https:\/\/www.vadaszboltcsorna.hu\/index.php\/wp-json\/wp\/v2\/product_brand?post=8651"},{"taxonomy":"product_cat","embeddable":true,"href":"https:\/\/www.vadaszboltcsorna.hu\/index.php\/wp-json\/wp\/v2\/product_cat?post=8651"},{"taxonomy":"product_tag","embeddable":true,"href":"https:\/\/www.vadaszboltcsorna.hu\/index.php\/wp-json\/wp\/v2\/product_tag?post=8651"}],"curies":[{"name":"wp","href":"https:\/\/api.w.org\/{rel}","templated":true}]}}