{"id":8452,"date":"2025-10-21T07:40:33","date_gmt":"2025-10-21T07:40:33","guid":{"rendered":"https:\/\/www.vadaszboltcsorna.hu\/?post_type=product&#038;p=8452"},"modified":"2025-10-21T07:41:34","modified_gmt":"2025-10-21T07:41:34","slug":"browning-x-bolt-eclipse-30-06-cal-golyos-fegyver","status":"publish","type":"product","link":"https:\/\/www.vadaszboltcsorna.hu\/index.php\/termek\/browning-x-bolt-eclipse-30-06-cal-golyos-fegyver\/","title":{"rendered":"Browning X-Bolt Eclipse 30-06 Cal. goly\u00f3s fegyver"},"content":{"rendered":"<h4>A Browning X-Bolt Eclipse .30-06 a megb\u00edzhat\u00f3s\u00e1g \u00e9s pontoss\u00e1g tal\u00e1lkoz\u00e1sa.<\/h4>\n<h4>\u00a0Thumb-hole tusa stabil fog\u00e1st biztos\u00edt, a Feather Trigger azonnali, tiszta els\u00fct\u00e9st ny\u00fajt, m\u00edg az X-Lock rendszer egyszerre ny\u00fajt szil\u00e1rd \u00e9s ism\u00e9telhet\u0151 t\u00e1vcs\u0151-poz\u00edcion\u00e1l\u00e1st.<\/h4>\n<h4>Az Inflex l\u00f6k\u00e9scsillap\u00edt\u00f3 n\u00f6veli a komfortot, a 60\u00b0-os bolt-emel\u00e9s pedig gyors \u00fajrat\u00f6lt\u00e9st tesz lehet\u0151v\u00e9 terepen. Minden X-Bolt\u00a0 magas gy\u00e1rt\u00e1si min\u0151s\u00e9ggel \u00e9s r\u00e9szletgazdag kidolgoz\u00e1ssal k\u00e9sz\u00fcl.<\/h4>\n<h4>A .30-06 kaliber nagyvad-vad\u00e1szatra \u00e9s t\u00f6bbf\u00e9le l\u0151szerhaszn\u00e1latra is kiv\u00e1l\u00f3, a fegyver ergonomikus kialak\u00edt\u00e1sa pedig hossz\u00fa napokat is k\u00e9nyelmess\u00e9 tesz az erd\u0151n.<\/h4>\n<ul>\n<li data-start=\"1484\" data-end=\"1543\">\n<h4 data-start=\"1486\" data-end=\"1543\">Gy\u00e1rt\u00f3: Browning. <span class=\"\" data-state=\"closed\"><span class=\"ms-1 inline-flex max-w-full items-center relative top-[-0.094rem] animate-[show_150ms_ease-in]\" data-testid=\"webpage-citation-pill\"><a class=\"flex h-4.5 overflow-hidden rounded-xl px-2 text-[9px] font-medium transition-colors duration-150 ease-in-out text-token-text-secondary! bg-[#F4F4F4]! dark:bg-[#303030]!\" href=\"https:\/\/www.browning.com\/products\/firearms\/rifles\/discontinued\/x-bolt-eclipse-hunter.html?srsltid=AfmBOoouDWMKEI16z1OMPoJpEyH8kWceNoZi6X4z6a_sCAT7T0XpI-ot&amp;utm_source=chatgpt.com\" target=\"_blank\" rel=\"noopener\"><span class=\"relative start-0 bottom-0 flex h-full w-full items-center\"><span class=\"flex h-4 w-full items-center justify-between overflow-hidden\"><span class=\"max-w-[15ch] grow truncate overflow-hidden text-center\">browning.com<\/span><\/span><\/span><\/a><\/span><\/span><\/h4>\n<\/li>\n<li data-start=\"1544\" data-end=\"1646\">\n<h4 data-start=\"1546\" data-end=\"1646\">Modell: X-Bolt Eclipse (Eclipse Hunter v\u00e1ltozatok l\u00e9teznek).<\/h4>\n<\/li>\n<li data-start=\"1647\" data-end=\"1717\">\n<h4 data-start=\"1649\" data-end=\"1717\">Kaliber: .30-06 Springfield.<\/h4>\n<\/li>\n<li data-start=\"1718\" data-end=\"1815\">\n<h4 data-start=\"1720\" data-end=\"1815\">Cs\u0151hossz (p\u00e9lda a 30-06 v\u00e1ltozatra): <strong data-start=\"1757\" data-end=\"1774\">22&#8243; \u2248 55,9 cm<\/strong>.<\/h4>\n<\/li>\n<li data-start=\"1816\" data-end=\"1903\">\n<h4 data-start=\"1818\" data-end=\"1903\">Teljes hossz (p\u00e9lda): <strong data-start=\"1840\" data-end=\"1862\">42 7\/8&#8243; \u2248 108,9 cm<\/strong>.<\/h4>\n<\/li>\n<li data-start=\"1904\" data-end=\"1985\">\n<h4 data-start=\"1906\" data-end=\"1985\">T\u00f6meg (p\u00e9lda): <strong data-start=\"1921\" data-end=\"1944\">7 lb 5 oz \u2248 3,32 kg<\/strong>.<\/h4>\n<\/li>\n<li data-start=\"1986\" data-end=\"2066\">\n<h4 data-start=\"1988\" data-end=\"2066\">T\u00e1rkapacit\u00e1s: 4 t\u00f6lt\u00e9ny (modellf\u00fcgg\u0151).<\/h4>\n<\/li>\n<li data-start=\"2067\" data-end=\"2161\">\n<h4 data-start=\"2069\" data-end=\"2161\">Cs\u0151menet: p\u00e9ld\u00e1ul <strong data-start=\"2087\" data-end=\"2096\">M14x1<\/strong> (bizonyos kivitelekhez).<\/h4>\n<\/li>\n<\/ul>\n<h4>\u26a0\u00a0<strong data-start=\"1302\" data-end=\"1324\">Fontos tudnival\u00f3k:<\/strong><br data-start=\"1324\" data-end=\"1327\" \/>\u2714\u00a0<strong data-start=\"1329\" data-end=\"1422\">Fegyver \u00e9s l\u0151szer v\u00e1s\u00e1rl\u00e1sa kiz\u00e1r\u00f3lag szem\u00e9lyesen, fegyvertart\u00e1si enged\u00e9llyel lehets\u00e9ges!<\/strong><br data-start=\"1422\" data-end=\"1425\" \/>\u2714\u00a0<strong data-start=\"1427\" data-end=\"1503\" data-is-only-node=\"\">A webshopban megrendelt fegyvereket \u00e9s l\u0151szereket nem sz\u00e1ll\u00edtjuk h\u00e1zhoz!<\/strong><br data-start=\"1503\" data-end=\"1506\" \/>\u2714\u00a0<strong data-start=\"1508\" data-end=\"1556\">Az \u00e1rak t\u00e1j\u00e9koztat\u00f3 jelleg\u0171ek, v\u00e1ltozhatnak!<\/strong><\/h4>\n<h1 data-start=\"5566\" data-end=\"5620\"><\/h1>\n<h3 data-start=\"5621\" data-end=\"6265\"><\/h3>\n","protected":false},"excerpt":{"rendered":"<p>A Browning X-Bolt Eclipse .30-06 a megb\u00edzhat\u00f3s\u00e1g \u00e9s pontoss\u00e1g tal\u00e1lkoz\u00e1sa. \u00a0Thumb-hole tusa stabil fog\u00e1st biztos\u00edt, a Feather Trigger azonnali, tiszta els\u00fct\u00e9st ny\u00fajt, m\u00edg az X-Lock rendszer egyszerre ny\u00fajt szil\u00e1rd \u00e9s ism\u00e9telhet\u0151 t\u00e1vcs\u0151-poz\u00edcion\u00e1l\u00e1st. Az Inflex l\u00f6k\u00e9scsillap\u00edt\u00f3 n\u00f6veli a komfortot, a 60\u00b0-os bolt-emel\u00e9s pedig gyors \u00fajrat\u00f6lt\u00e9st tesz lehet\u0151v\u00e9 terepen. Minden X-Bolt\u00a0 magas gy\u00e1rt\u00e1si min\u0151s\u00e9ggel \u00e9s r\u00e9szletgazdag kidolgoz\u00e1ssal [&hellip;]<\/p>\n","protected":false},"featured_media":8453,"comment_status":"open","ping_status":"closed","template":"","meta":{"_et_pb_use_builder":"","_et_pb_old_content":"","_et_gb_content_width":"","om_disable_all_campaigns":false},"product_brand":[],"product_cat":[21,16,17,1826],"product_tag":[1915],"class_list":{"0":"post-8452","1":"product","2":"type-product","3":"status-publish","4":"has-post-thumbnail","6":"product_cat-uj","7":"product_cat-fegyver","8":"product_cat-golyos-fegyver","9":"product_cat-uj-golyos-fegyver","10":"product_tag-browning-x-bolt-eclipse-30-06-cal-golyos-fegyver","12":"first","13":"instock","14":"taxable","15":"shipping-taxable","16":"purchasable","17":"product-type-simple"},"_links":{"self":[{"href":"https:\/\/www.vadaszboltcsorna.hu\/index.php\/wp-json\/wp\/v2\/product\/8452","targetHints":{"allow":["GET"]}}],"collection":[{"href":"https:\/\/www.vadaszboltcsorna.hu\/index.php\/wp-json\/wp\/v2\/product"}],"about":[{"href":"https:\/\/www.vadaszboltcsorna.hu\/index.php\/wp-json\/wp\/v2\/types\/product"}],"replies":[{"embeddable":true,"href":"https:\/\/www.vadaszboltcsorna.hu\/index.php\/wp-json\/wp\/v2\/comments?post=8452"}],"wp:featuredmedia":[{"embeddable":true,"href":"https:\/\/www.vadaszboltcsorna.hu\/index.php\/wp-json\/wp\/v2\/media\/8453"}],"wp:attachment":[{"href":"https:\/\/www.vadaszboltcsorna.hu\/index.php\/wp-json\/wp\/v2\/media?parent=8452"}],"wp:term":[{"taxonomy":"product_brand","embeddable":true,"href":"https:\/\/www.vadaszboltcsorna.hu\/index.php\/wp-json\/wp\/v2\/product_brand?post=8452"},{"taxonomy":"product_cat","embeddable":true,"href":"https:\/\/www.vadaszboltcsorna.hu\/index.php\/wp-json\/wp\/v2\/product_cat?post=8452"},{"taxonomy":"product_tag","embeddable":true,"href":"https:\/\/www.vadaszboltcsorna.hu\/index.php\/wp-json\/wp\/v2\/product_tag?post=8452"}],"curies":[{"name":"wp","href":"https:\/\/api.w.org\/{rel}","templated":true}]}}