{"id":8430,"date":"2025-10-09T13:38:45","date_gmt":"2025-10-09T13:38:45","guid":{"rendered":"https:\/\/www.vadaszboltcsorna.hu\/?post_type=product&#038;p=8430"},"modified":"2026-03-16T10:22:38","modified_gmt":"2026-03-16T10:22:38","slug":"hart-altai-j-teli-kabat","status":"publish","type":"product","link":"https:\/\/www.vadaszboltcsorna.hu\/index.php\/termek\/hart-altai-j-teli-kabat\/","title":{"rendered":"HART ALTAI-J  MALE t\u00e9li kab\u00e1t"},"content":{"rendered":"<h3 data-start=\"113\" data-end=\"142\"><strong>HART ALTAI-J t\u00e9li kab\u00e1t<\/strong><\/h3>\n<p data-start=\"144\" data-end=\"515\">A <strong data-start=\"146\" data-end=\"162\">HART ALTAI-J<\/strong> egy eleg\u00e1ns \u00e9s megb\u00edzhat\u00f3 t\u00e9li kab\u00e1t, amely a hideg h\u00f3napokban is maxim\u00e1lis k\u00e9nyelmet \u00e9s v\u00e9delmet ny\u00fajt. Halk anyag\u00e1nak k\u00f6sz\u00f6nhet\u0151en mozg\u00e1s k\u00f6zben sem z\u00f6r\u00f6g, \u00edgy t\u00f6k\u00e9letes v\u00e1laszt\u00e1s vad\u00e1szathoz, term\u00e9szetj\u00e1r\u00e1shoz, de ak\u00e1r mindennapi szabadt\u00e9ri haszn\u00e1latra is. Strapab\u00edr\u00f3 szerkezete biztos\u00edtja, hogy hossz\u00fa t\u00e1von is h\u0171 t\u00e1rsad legyen a t\u00e9li id\u0151szakban.<\/p>\n<p data-start=\"517\" data-end=\"538\"><strong data-start=\"517\" data-end=\"536\">F\u0151bb jellemz\u0151k:<\/strong><\/p>\n<ul data-start=\"539\" data-end=\"778\">\n<li data-start=\"539\" data-end=\"585\">\n<p data-start=\"541\" data-end=\"585\">3 praktikus zseb a fontos felszerel\u00e9seknek<\/p>\n<\/li>\n<li data-start=\"586\" data-end=\"635\">\n<p data-start=\"588\" data-end=\"635\">Levehet\u0151 kapucni t\u00f6bb be\u00e1ll\u00edt\u00e1si lehet\u0151s\u00e9ggel<\/p>\n<\/li>\n<li data-start=\"636\" data-end=\"703\">\n<p data-start=\"638\" data-end=\"703\">Sz\u00e9l- \u00e9s v\u00edz\u00e1ll\u00f3 kialak\u00edt\u00e1s az OSMOTECH membr\u00e1nnak k\u00f6sz\u00f6nhet\u0151en<\/p>\n<\/li>\n<li data-start=\"704\" data-end=\"737\">\n<p data-start=\"706\" data-end=\"737\">Magas v\u00edz\u00e1ll\u00f3s\u00e1g: <strong data-start=\"724\" data-end=\"735\">8000 mm<\/strong><\/p>\n<\/li>\n<li data-start=\"738\" data-end=\"778\">\n<p data-start=\"740\" data-end=\"778\">L\u00e9g\u00e1tereszt\u0151 k\u00e9pess\u00e9g: <strong data-start=\"763\" data-end=\"776\">5000 g\/m\u00b2<\/strong><\/p>\n<\/li>\n<\/ul>\n<p data-start=\"780\" data-end=\"802\"><strong data-start=\"780\" data-end=\"800\">Anyag\u00f6sszet\u00e9tel:<\/strong><\/p>\n<ul data-start=\"803\" data-end=\"955\">\n<li data-start=\"803\" data-end=\"854\">\n<ol data-start=\"805\" data-end=\"854\">\n<li data-start=\"805\" data-end=\"854\">\n<p data-start=\"808\" data-end=\"854\">r\u00e9teg: 45% pamut, 35% poli\u00e9szter, 20% nejlon<\/p>\n<\/li>\n<\/ol>\n<\/li>\n<li data-start=\"855\" data-end=\"881\">\n<p data-start=\"857\" data-end=\"881\">T\u00f6m\u00e9s: 100% poli\u00e9szter<\/p>\n<\/li>\n<li data-start=\"882\" data-end=\"928\">\n<p data-start=\"884\" data-end=\"928\">Bels\u0151 r\u00e9teg: 50% fluorsz\u00e1l, 50% poli\u00e9szter<\/p>\n<\/li>\n<li data-start=\"929\" data-end=\"955\">\n<p data-start=\"931\" data-end=\"955\">B\u00e9l\u00e9s: 100% poli\u00e9szter<\/p>\n<\/li>\n<\/ul>\n<p data-start=\"957\" data-end=\"1215\"><strong data-start=\"957\" data-end=\"998\">Mi\u00e9rt v\u00e1laszd a HART ALTAI-J kab\u00e1tot?<\/strong><br data-start=\"998\" data-end=\"1001\" \/>\u2714 Eleg\u00e1ns megjelen\u00e9s \u2013 t\u00f6k\u00e9letesen illik a t\u00e9li szezonhoz<br data-start=\"1058\" data-end=\"1061\" \/>\u2714 Kiv\u00e1l\u00f3 v\u00e9delem a hideg, sz\u00e9l \u00e9s csapad\u00e9k ellen<br data-start=\"1109\" data-end=\"1112\" \/>\u2714 Halk anyag \u2013 vad\u00e1szatra \u00e9s term\u00e9szetben val\u00f3 mozg\u00e1sra is ide\u00e1lis<br data-start=\"1178\" data-end=\"1181\" \/>\u2714 Hossz\u00fa \u00e9lettartam \u00e9s tart\u00f3ss\u00e1g<\/p>\n<p data-start=\"1217\" data-end=\"1369\">\ud83d\udc49 A <strong data-start=\"1222\" data-end=\"1238\">HART ALTAI-J<\/strong> kab\u00e1tban a t\u00e9li hideg t\u00f6bb\u00e9 nem akad\u00e1ly \u2013 fedezd fel az erd\u0151t, a hegyeket vagy a h\u00e9tk\u00f6znapi teend\u0151ket st\u00edlusosan \u00e9s komfortosan!<\/p>\n","protected":false},"excerpt":{"rendered":"<p>HART ALTAI-J t\u00e9li kab\u00e1t A HART ALTAI-J egy eleg\u00e1ns \u00e9s megb\u00edzhat\u00f3 t\u00e9li kab\u00e1t, amely a hideg h\u00f3napokban is maxim\u00e1lis k\u00e9nyelmet \u00e9s v\u00e9delmet ny\u00fajt. Halk anyag\u00e1nak k\u00f6sz\u00f6nhet\u0151en mozg\u00e1s k\u00f6zben sem z\u00f6r\u00f6g, \u00edgy t\u00f6k\u00e9letes v\u00e1laszt\u00e1s vad\u00e1szathoz, term\u00e9szetj\u00e1r\u00e1shoz, de ak\u00e1r mindennapi szabadt\u00e9ri haszn\u00e1latra is. Strapab\u00edr\u00f3 szerkezete biztos\u00edtja, hogy hossz\u00fa t\u00e1von is h\u0171 t\u00e1rsad legyen a t\u00e9li id\u0151szakban. F\u0151bb [&hellip;]<\/p>\n","protected":false},"featured_media":8434,"comment_status":"open","ping_status":"closed","template":"","meta":{"_et_pb_use_builder":"","_et_pb_old_content":"","_et_gb_content_width":"","om_disable_all_campaigns":false},"product_brand":[],"product_cat":[21,553,159],"product_tag":[],"class_list":{"0":"post-8430","1":"product","2":"type-product","3":"status-publish","4":"has-post-thumbnail","6":"product_cat-uj","7":"product_cat-kabat","8":"product_cat-vadasz-ruhazat","10":"first","11":"instock","12":"sale","13":"taxable","14":"shipping-taxable","15":"purchasable","16":"product-type-variable"},"_links":{"self":[{"href":"https:\/\/www.vadaszboltcsorna.hu\/index.php\/wp-json\/wp\/v2\/product\/8430","targetHints":{"allow":["GET"]}}],"collection":[{"href":"https:\/\/www.vadaszboltcsorna.hu\/index.php\/wp-json\/wp\/v2\/product"}],"about":[{"href":"https:\/\/www.vadaszboltcsorna.hu\/index.php\/wp-json\/wp\/v2\/types\/product"}],"replies":[{"embeddable":true,"href":"https:\/\/www.vadaszboltcsorna.hu\/index.php\/wp-json\/wp\/v2\/comments?post=8430"}],"wp:featuredmedia":[{"embeddable":true,"href":"https:\/\/www.vadaszboltcsorna.hu\/index.php\/wp-json\/wp\/v2\/media\/8434"}],"wp:attachment":[{"href":"https:\/\/www.vadaszboltcsorna.hu\/index.php\/wp-json\/wp\/v2\/media?parent=8430"}],"wp:term":[{"taxonomy":"product_brand","embeddable":true,"href":"https:\/\/www.vadaszboltcsorna.hu\/index.php\/wp-json\/wp\/v2\/product_brand?post=8430"},{"taxonomy":"product_cat","embeddable":true,"href":"https:\/\/www.vadaszboltcsorna.hu\/index.php\/wp-json\/wp\/v2\/product_cat?post=8430"},{"taxonomy":"product_tag","embeddable":true,"href":"https:\/\/www.vadaszboltcsorna.hu\/index.php\/wp-json\/wp\/v2\/product_tag?post=8430"}],"curies":[{"name":"wp","href":"https:\/\/api.w.org\/{rel}","templated":true}]}}