{"id":8421,"date":"2025-10-09T10:10:15","date_gmt":"2025-10-09T10:10:15","guid":{"rendered":"https:\/\/www.vadaszboltcsorna.hu\/?post_type=product&#038;p=8421"},"modified":"2025-10-09T10:11:38","modified_gmt":"2025-10-09T10:11:38","slug":"hart-montaraz-v-melleny-light-brown","status":"publish","type":"product","link":"https:\/\/www.vadaszboltcsorna.hu\/index.php\/termek\/hart-montaraz-v-melleny-light-brown\/","title":{"rendered":"HART MONTARAZ-V mell\u00e9ny &#8211; Light Brown"},"content":{"rendered":"<h1 class=\"modal-product-title mb-4 me-lg-3 me-0\"><strong>HART MONTARAZ-V mell\u00e9ny &#8211; Light Brown<\/strong><\/h1>\n<p>&nbsp;<\/p>\n<div class=\"modal-product-des\">\n<div class=\"reviews mb-4 d-flex align-items-center justify-content-between\">\n<p><a class=\"review-link\" href=\"https:\/\/www.betalov.hu\/montaraz-v-melleny-light-brown-8630?srsltid=AfmBOooeMcj1Wg7gD63RK3IuWH9H7hbGr9_Fcm9lpZL3x2-xmM0Zs41Z#\" target=\"_blank\" rel=\"noopener\">\u00a0\u00a0\u00a0\u00a0<\/a><\/p>\n<div class=\"d-block d-lg-none producer-img\">\n<div class=\"my-0 text-center text-md-right text-lg-left\"><\/div>\n<\/div>\n<\/div>\n<\/div>\n<div class=\"product-description product-description-long mb-0 \">\n<h5>Eleg\u00e1ns \u00e9s szuper k\u00f6nny\u0171 HART MONTARAZ-V mell\u00e9ny.<\/h5>\n<p>\u2022 Meleg\u00edtet\u0151 \u00e9s izol\u00e1l\u00f3 hat\u00e1s<\/p>\n<p>\u2022 3 cipz\u00e1ras zsebet tartalmaz<\/p>\n<p>\u2022 Nem sisterg\u0151<\/p>\n<\/div>\n<p>&nbsp;<\/p>\n<p>&nbsp;<\/p>\n","protected":false},"excerpt":{"rendered":"<p>HART MONTARAZ-V mell\u00e9ny &#8211; Light Brown &nbsp; \u00a0\u00a0\u00a0\u00a0 Eleg\u00e1ns \u00e9s szuper k\u00f6nny\u0171 HART MONTARAZ-V mell\u00e9ny. \u2022 Meleg\u00edtet\u0151 \u00e9s izol\u00e1l\u00f3 hat\u00e1s \u2022 3 cipz\u00e1ras zsebet tartalmaz \u2022 Nem sisterg\u0151 &nbsp; &nbsp;<\/p>\n","protected":false},"featured_media":8424,"comment_status":"open","ping_status":"closed","template":"","meta":{"_et_pb_use_builder":"","_et_pb_old_content":"","_et_gb_content_width":"","om_disable_all_campaigns":false},"product_brand":[],"product_cat":[21,607,159],"product_tag":[1914],"class_list":{"0":"post-8421","1":"product","2":"type-product","3":"status-publish","4":"has-post-thumbnail","6":"product_cat-uj","7":"product_cat-melleny-vadasz-ruhazat","8":"product_cat-vadasz-ruhazat","9":"product_tag-hart-montaraz-v-melleny-light-brown","11":"first","12":"instock","13":"taxable","14":"shipping-taxable","15":"purchasable","16":"product-type-variable"},"_links":{"self":[{"href":"https:\/\/www.vadaszboltcsorna.hu\/index.php\/wp-json\/wp\/v2\/product\/8421","targetHints":{"allow":["GET"]}}],"collection":[{"href":"https:\/\/www.vadaszboltcsorna.hu\/index.php\/wp-json\/wp\/v2\/product"}],"about":[{"href":"https:\/\/www.vadaszboltcsorna.hu\/index.php\/wp-json\/wp\/v2\/types\/product"}],"replies":[{"embeddable":true,"href":"https:\/\/www.vadaszboltcsorna.hu\/index.php\/wp-json\/wp\/v2\/comments?post=8421"}],"wp:featuredmedia":[{"embeddable":true,"href":"https:\/\/www.vadaszboltcsorna.hu\/index.php\/wp-json\/wp\/v2\/media\/8424"}],"wp:attachment":[{"href":"https:\/\/www.vadaszboltcsorna.hu\/index.php\/wp-json\/wp\/v2\/media?parent=8421"}],"wp:term":[{"taxonomy":"product_brand","embeddable":true,"href":"https:\/\/www.vadaszboltcsorna.hu\/index.php\/wp-json\/wp\/v2\/product_brand?post=8421"},{"taxonomy":"product_cat","embeddable":true,"href":"https:\/\/www.vadaszboltcsorna.hu\/index.php\/wp-json\/wp\/v2\/product_cat?post=8421"},{"taxonomy":"product_tag","embeddable":true,"href":"https:\/\/www.vadaszboltcsorna.hu\/index.php\/wp-json\/wp\/v2\/product_tag?post=8421"}],"curies":[{"name":"wp","href":"https:\/\/api.w.org\/{rel}","templated":true}]}}