{"id":8370,"date":"2025-10-02T10:04:12","date_gmt":"2025-10-02T10:04:12","guid":{"rendered":"https:\/\/www.vadaszboltcsorna.hu\/?post_type=product&#038;p=8370"},"modified":"2025-10-02T11:11:17","modified_gmt":"2025-10-02T11:11:17","slug":"dorr-cloud-mini-4g-lte-vadkamera","status":"publish","type":"product","link":"https:\/\/www.vadaszboltcsorna.hu\/index.php\/termek\/dorr-cloud-mini-4g-lte-vadkamera\/","title":{"rendered":"D\u00f6rr Cloud Mini 4G LTE vadkamera"},"content":{"rendered":"<h1><strong><span class=\"product-page-product-name\">D\u00f6rr Cloud Mini 4G LTE vadkamera<\/span><\/strong><\/h1>\n<p>&nbsp;<\/p>\n<p>A\u00a0<b>D\u00f6rr Cloud Mini 4G LTE<\/b>\u00a0vadkamera t\u00f6k\u00e9letes megold\u00e1s ter\u00fcletek, \u00e9p\u00edtkez\u00e9sek vagy vad\u00e1llatok megfigyel\u00e9s\u00e9re. Kompakt m\u00e9rete ellen\u00e9re professzion\u00e1lis tud\u00e1ssal b\u00edr, \u00e9s a gyors 4G LTE kapcsolatnak k\u00f6sz\u00f6nhet\u0151en a felv\u00e9telek m\u00e1sodpercek alatt el\u00e9rhet\u0151k a D\u00d6RR Cloudban.<\/p>\n<h4><b>F\u0151bb tulajdons\u00e1gok \u00e9s el\u0151ny\u00f6k<\/b><\/h4>\n<ul>\n<li><b>SIM-lock n\u00e9lk\u00fcl:<\/b>\u00a0B\u00e1rmely mobilszolg\u00e1ltat\u00f3 SIM-k\u00e1rty\u00e1j\u00e1val haszn\u00e1lhat\u00f3, \u00edgy teljes szabads\u00e1got \u00e9lvezhetsz, \u00e9s k\u00e9zben tarthatod a k\u00f6lts\u00e9geket.<\/li>\n<li><b>Kiv\u00e1l\u00f3 k\u00e9pmin\u0151s\u00e9g:<\/b>\u00a0A 12 megapixeles k\u00e9pek \u00e9s a Full HD vide\u00f3k leny\u0171g\u00f6z\u0151 r\u00e9szletgazdags\u00e1ggal r\u00f6gz\u00edtik a t\u00f6rt\u00e9n\u00e9seket.<\/li>\n<li><b>L\u00e1thatatlan \u00e9jszakai felv\u00e9telek:<\/b>\u00a0A 940 nm-es infrav\u00f6r\u00f6s vaku emberek \u00e9s \u00e1llatok sz\u00e1m\u00e1ra is l\u00e1thatatlan, \u00edgy nem ijeszti meg a vad\u00e1llatokat.<\/li>\n<li><b>Vill\u00e1mgyors reakci\u00f3id\u0151:<\/b>\u00a0A kamera mind\u00f6ssze 0,5 m\u00e1sodperc alatt reag\u00e1l mozg\u00e1s\u00e9rz\u00e9kel\u00e9sre, \u00edgy garant\u00e1ltan nem maradsz le a fontos pillanatokr\u00f3l. A 60\u00b0-os l\u00e1t\u00f3sz\u00f6g \u00e9s a 20 m\u00e9teres hat\u00f3t\u00e1vols\u00e1g sz\u00e9les ter\u00fcletet fed le.<\/li>\n<li><b>Korl\u00e1tlan k\u00e9p- \u00e9s vide\u00f3k\u00fcld\u00e9s:<\/b>\u00a0Az ingyenes D\u00d6RR Cloud alkalmaz\u00e1ssal korl\u00e1tlanul fogadhatod a felv\u00e9teleket okostelefonodon, t\u00e1blag\u00e9peden vagy sz\u00e1m\u00edt\u00f3g\u00e9peden.<\/li>\n<li><b>Hossz\u00fa akkumul\u00e1tor-\u00e9lettartam:<\/b>\u00a0A kamera ak\u00e1r 8 h\u00f3napig is m\u0171k\u00f6dhet 8 db AA elemmel (nem tartoz\u00e9k), \u00edgy hossz\u00fa t\u00e1v\u00fa haszn\u00e1latra is ide\u00e1lis.<\/li>\n<li><b>Id\u0151j\u00e1r\u00e1s\u00e1ll\u00f3 kialak\u00edt\u00e1s:<\/b>\u00a0Az IP66 v\u00e9detts\u00e9ggel rendelkez\u0151, robusztus h\u00e1z megb\u00edzhat\u00f3an ellen\u00e1ll az es\u0151nek, h\u00f3nak \u00e9s pornak.<\/li>\n<li><b>K\u00e9nyelmes t\u00e1vvez\u00e9rl\u00e9s:<\/b>\u00a0Az ingyenes\u00a0<b>D\u00d6RR Cloud alkalmaz\u00e1s<\/b>\u00a0(iOS, Android) seg\u00edts\u00e9g\u00e9vel t\u00e1volr\u00f3l vez\u00e9relheted a kamera be\u00e1ll\u00edt\u00e1sait, megtekintheted a felv\u00e9teleket, \u00e9s ak\u00e1r m\u00e1s kamer\u00e1kat is hozz\u00e1adhatsz a rendszerhez. Az automatikus firmware-friss\u00edt\u00e9sek pedig biztos\u00edtj\u00e1k, hogy a k\u00e9sz\u00fcl\u00e9k mindig naprak\u00e9sz legyen.<\/li>\n<\/ul>\n<p>Ez a vadkamera a fejlett technol\u00f3gi\u00e1t \u00e9s a felhaszn\u00e1l\u00f3bar\u00e1t funkcionalit\u00e1st \u00f6tv\u00f6zi, hogy a legmegb\u00edzhat\u00f3bb megfigyel\u00e9si \u00e9lm\u00e9nyt ny\u00fajtsa.<\/p>\n<p><strong>Kinek aj\u00e1nljuk?\u00a0<\/strong><\/p>\n<p>M\u00e9h\u00e9szeknek, hiszen\u00a0t\u00e1volr\u00f3l is nyomon k\u00f6vethet\u0151 a kapt\u00e1r k\u00f6r\u00fcli mozg\u00e1s.<\/p>\n<p>Gazd\u00e1lkod\u00f3knak, tany\u00e1k \u00e9s nyaral\u00f3k tulajdonosainak,\u00a0<wbr \/>\u00e1llattart\u00f3knak \u2013 kuty\u00e1k, lovak, haszon\u00e1llatok megfigyel\u00e9s\u00e9re.<\/p>\n<p>Biztons\u00e1gi c\u00e9lokra \u2013 lop\u00e1sok megel\u0151z\u00e9s\u00e9re, telephelyek, g\u00e9pek fel\u00fcgyelet\u00e9re.<\/p>\n<p><em><strong>Az egyik legkompaktabb 4G LTE vadkamera a piacon, amely k\u00f6nnyen elrejthet\u0151 \u00e9s szinte b\u00e1rhov\u00e1 felszerelhet\u0151.\u00a0<\/strong><\/em><\/p>\n","protected":false},"excerpt":{"rendered":"<p>D\u00f6rr Cloud Mini 4G LTE vadkamera &nbsp; A\u00a0D\u00f6rr Cloud Mini 4G LTE\u00a0vadkamera t\u00f6k\u00e9letes megold\u00e1s ter\u00fcletek, \u00e9p\u00edtkez\u00e9sek vagy vad\u00e1llatok megfigyel\u00e9s\u00e9re. Kompakt m\u00e9rete ellen\u00e9re professzion\u00e1lis tud\u00e1ssal b\u00edr, \u00e9s a gyors 4G LTE kapcsolatnak k\u00f6sz\u00f6nhet\u0151en a felv\u00e9telek m\u00e1sodpercek alatt el\u00e9rhet\u0151k a D\u00d6RR Cloudban. F\u0151bb tulajdons\u00e1gok \u00e9s el\u0151ny\u00f6k SIM-lock n\u00e9lk\u00fcl:\u00a0B\u00e1rmely mobilszolg\u00e1ltat\u00f3 SIM-k\u00e1rty\u00e1j\u00e1val haszn\u00e1lhat\u00f3, \u00edgy teljes szabads\u00e1got \u00e9lvezhetsz, \u00e9s k\u00e9zben [&hellip;]<\/p>\n","protected":false},"featured_media":8372,"comment_status":"open","ping_status":"closed","template":"","meta":{"_et_pb_use_builder":"","_et_pb_old_content":"","_et_gb_content_width":"","om_disable_all_campaigns":false},"product_brand":[],"product_cat":[21,657],"product_tag":[1907],"class_list":{"0":"post-8370","1":"product","2":"type-product","3":"status-publish","4":"has-post-thumbnail","6":"product_cat-uj","7":"product_cat-vadriasztokvadkamera","8":"product_tag-dorr-cloud-mini-4g-lte-vadkamera","10":"first","11":"instock","12":"taxable","13":"shipping-taxable","14":"purchasable","15":"product-type-simple"},"_links":{"self":[{"href":"https:\/\/www.vadaszboltcsorna.hu\/index.php\/wp-json\/wp\/v2\/product\/8370","targetHints":{"allow":["GET"]}}],"collection":[{"href":"https:\/\/www.vadaszboltcsorna.hu\/index.php\/wp-json\/wp\/v2\/product"}],"about":[{"href":"https:\/\/www.vadaszboltcsorna.hu\/index.php\/wp-json\/wp\/v2\/types\/product"}],"replies":[{"embeddable":true,"href":"https:\/\/www.vadaszboltcsorna.hu\/index.php\/wp-json\/wp\/v2\/comments?post=8370"}],"wp:featuredmedia":[{"embeddable":true,"href":"https:\/\/www.vadaszboltcsorna.hu\/index.php\/wp-json\/wp\/v2\/media\/8372"}],"wp:attachment":[{"href":"https:\/\/www.vadaszboltcsorna.hu\/index.php\/wp-json\/wp\/v2\/media?parent=8370"}],"wp:term":[{"taxonomy":"product_brand","embeddable":true,"href":"https:\/\/www.vadaszboltcsorna.hu\/index.php\/wp-json\/wp\/v2\/product_brand?post=8370"},{"taxonomy":"product_cat","embeddable":true,"href":"https:\/\/www.vadaszboltcsorna.hu\/index.php\/wp-json\/wp\/v2\/product_cat?post=8370"},{"taxonomy":"product_tag","embeddable":true,"href":"https:\/\/www.vadaszboltcsorna.hu\/index.php\/wp-json\/wp\/v2\/product_tag?post=8370"}],"curies":[{"name":"wp","href":"https:\/\/api.w.org\/{rel}","templated":true}]}}