{"id":8356,"date":"2025-09-29T10:27:30","date_gmt":"2025-09-29T10:27:30","guid":{"rendered":"https:\/\/www.vadaszboltcsorna.hu\/?post_type=product&#038;p=8356"},"modified":"2025-09-29T10:29:07","modified_gmt":"2025-09-29T10:29:07","slug":"cci-shotshell-22-wmr-loszer","status":"publish","type":"product","link":"https:\/\/www.vadaszboltcsorna.hu\/index.php\/termek\/cci-shotshell-22-wmr-loszer\/","title":{"rendered":"CCI SHOTSHELL 22 WMR L\u0151szer"},"content":{"rendered":"<h3 data-start=\"395\" data-end=\"699\"><strong>CCI SHOTSHELL 22 WMR L\u0151szer<\/strong><\/h3>\n<p>&nbsp;<\/p>\n<ul>\n<li data-start=\"393\" data-end=\"699\">\n<p data-start=\"395\" data-end=\"699\">A \u201eshotshell\u201d olyan l\u0151szer, amely nem egyetlen goly\u00f3t (\u201ebullet\u201d), hanem <strong data-start=\"467\" data-end=\"505\">sz\u00f3r\u00f3-goly\u00f3kat (s\u00f6r\u00e9teket\/ shot)<\/strong> tartalmaz \u2014 hasonl\u00f3 elv, mint a s\u00f6r\u00e9tes l\u0151szer, csak kisebb kaliberben. Ez\u00e9rt is nevezik n\u00e9ha \u201esnake shot\u201d, \u201erat shot\u201d vagy \u201erimfire shotshell\u201d n\u00e9ven is<\/p>\n<\/li>\n<li data-start=\"700\" data-end=\"862\">\n<p data-start=\"702\" data-end=\"862\">Ezeket gyakran haszn\u00e1lj\u00e1k <strong data-start=\"728\" data-end=\"746\">k\u00e1rtev\u0151irt\u00e1sra<\/strong>, kis \u00e1llatok, r\u00e1gcs\u00e1l\u00f3k, madarak elleni v\u00e9dekez\u00e9sre r\u00f6vid t\u00e1vols\u00e1gon bel\u00fcl.<\/p>\n<\/li>\n<\/ul>\n<p>&nbsp;<\/p>\n<table class=\"w-fit min-w-(--thread-content-width)\" data-start=\"1305\" data-end=\"2613\">\n<thead data-start=\"1305\" data-end=\"1350\">\n<tr data-start=\"1305\" data-end=\"1350\">\n<th data-start=\"1305\" data-end=\"1317\" data-col-size=\"sm\">Param\u00e9ter<\/th>\n<th data-start=\"1317\" data-end=\"1336\" data-col-size=\"xl\">\u00c9rt\u00e9k \/ jellemz\u0151<\/th>\n<th data-start=\"1336\" data-end=\"1350\" data-col-size=\"md\">Megjegyz\u00e9s<\/th>\n<\/tr>\n<\/thead>\n<tbody data-start=\"1365\" data-end=\"2613\">\n<tr data-start=\"1365\" data-end=\"1468\">\n<td data-start=\"1365\" data-end=\"1375\" data-col-size=\"sm\">Kaliber<\/td>\n<td data-col-size=\"xl\" data-start=\"1375\" data-end=\"1417\"><strong data-start=\"1377\" data-end=\"1388\">.22 WMR<\/strong> (Winchester Magnum Rimfire)<\/td>\n<td data-col-size=\"md\" data-start=\"1417\" data-end=\"1468\">Ez egy \u201enagyobb\u201d rimfire kaliber, mint a .22 LR<\/td>\n<\/tr>\n<tr data-start=\"1469\" data-end=\"1600\">\n<td data-start=\"1469\" data-end=\"1484\" data-col-size=\"sm\">L\u0151szer t\u00edpus<\/td>\n<td data-start=\"1484\" data-end=\"1534\" data-col-size=\"xl\">Rimfire shotshell (sz\u00e9tt\u00f6lt\u00f6tt pelletszerkezet)<\/td>\n<td data-start=\"1534\" data-end=\"1600\" data-col-size=\"md\">Teh\u00e1t nem egyetlen goly\u00f3val l\u0151, hanem t\u00f6bb apr\u00f3 s\u00f6r\u00e9teket l\u0151 ki<\/td>\n<\/tr>\n<tr data-start=\"1601\" data-end=\"1696\">\n<td data-start=\"1601\" data-end=\"1619\" data-col-size=\"sm\">Pelletek m\u00e9rete<\/td>\n<td data-start=\"1619\" data-end=\"1636\" data-col-size=\"xl\"><strong data-start=\"1621\" data-end=\"1635\">#12 pellet<\/strong><\/td>\n<td data-start=\"1636\" data-end=\"1696\" data-col-size=\"md\">(a \u201eShot Size 12\u201d)<\/td>\n<\/tr>\n<tr data-start=\"1697\" data-end=\"1874\">\n<td data-start=\"1697\" data-end=\"1718\" data-col-size=\"sm\">Torkolati sebess\u00e9g<\/td>\n<td data-start=\"1718\" data-end=\"1755\" data-col-size=\"xl\">kb. <strong data-start=\"1724\" data-end=\"1736\">1000 fps<\/strong> (l\u00e1b \/ m\u00e1sodperc)<\/td>\n<td data-start=\"1755\" data-end=\"1874\" data-col-size=\"md\">Az elad\u00e1si adat szerint ilyen sebess\u00e9ggel adja le a l\u0151szer a pellet-csomagj\u00e1t<\/td>\n<\/tr>\n<tr data-start=\"1875\" data-end=\"1994\">\n<td data-start=\"1875\" data-end=\"1888\" data-col-size=\"sm\">L\u0151szers\u00faly<\/td>\n<td data-start=\"1888\" data-end=\"1905\" data-col-size=\"xl\">~ <strong data-start=\"1892\" data-end=\"1904\">52 grain<\/strong><\/td>\n<td data-start=\"1905\" data-end=\"1994\" data-col-size=\"md\">Ezt a CCI list\u00e1zza a 22 WMR shotshell verzi\u00f3hoz<\/td>\n<\/tr>\n<tr data-start=\"1995\" data-end=\"2186\">\n<td data-start=\"1995\" data-end=\"2010\" data-col-size=\"sm\">Felhaszn\u00e1l\u00e1s<\/td>\n<td data-start=\"2010\" data-end=\"2058\" data-col-size=\"xl\">K\u00e1rtev\u0151irt\u00e1s (pest control), r\u00f6vid t\u00e1v\u00fa c\u00e9lok<\/td>\n<\/tr>\n<\/tbody>\n<\/table>\n<p>&nbsp;<\/p>\n<h2 data-start=\"2620\" data-end=\"2654\">\ud83c\udfaf Mire haszn\u00e1lhat\u00f3 hat\u00e9konyan?<\/h2>\n<ul data-start=\"2656\" data-end=\"3028\">\n<li data-start=\"2656\" data-end=\"2794\">\n<p data-start=\"2658\" data-end=\"2794\">K\u00e1rtev\u0151irt\u00e1s (p\u00e9ld\u00e1ul r\u00e1gcs\u00e1l\u00f3k, kis madarak) z\u00e1rt t\u00e9rben vagy olyan helyen, ahol nem akarsz nagy sebess\u00e9g\u0171 egyetlen goly\u00f3t haszn\u00e1lni.<\/p>\n<\/li>\n<li data-start=\"2795\" data-end=\"2902\">\n<p data-start=\"2797\" data-end=\"2902\">Olyan helyzetekben, amikor t\u00f6bb pellet eloszl\u00e1sa el\u0151ny\u00f6s lehet r\u00f6vid t\u00e1vols\u00e1gon.<\/p>\n<\/li>\n<\/ul>\n<p>&nbsp;<\/p>\n<h6>A le\u00edr\u00e1sban szerepl\u0151 adatok t\u00e1j\u00e9koztat\u00f3 jelleg\u0171ek, t\u00edpusonk\u00e9nt v\u00e1ltozhat!<br \/>\nKaliberekr\u0151l, \u00e1rakr\u00f3l \u00e9s egy\u00e9b inform\u00e1ci\u00f3kr\u00f3l k\u00e9rj\u00fck \u00e9rdekl\u0151dj\u00f6n!<\/h6>\n<h6><strong>A fegyvert\u00f6rv\u00e9ny \u00e9rtelm\u00e9ben, fegyvert, l\u0151szert kiz\u00e1r\u00f3lag szem\u00e9lyesen,az \u00fczletben fegyvertart\u00e1si enged\u00e9ly birtok\u00e1ban lehet v\u00e1s\u00e1rolni!<\/strong><br \/>\n<strong>A webshopban megrendelt fegyverek \u00e9s l\u0151szerek NEM ker\u00fclnek kisz\u00e1ll\u00edt\u00e1sra!\u00a0 Tov\u00e1bbi inform\u00e1ci\u00f3\u00e9rt l\u00e1togasson el boltunkba!<\/strong><\/h6>\n<h6>Az \u00e1rak t\u00e1j\u00e9koztat\u00f3 jelleg\u0171ek nem min\u0151s\u00fcl hivatalos aj\u00e1nlat t\u00e9telnek!<br \/>\nAz \u00e1rv\u00e1ltoz\u00e1s jog\u00e1t fenntartjuk!<\/h6>\n<p>&nbsp;<\/p>\n","protected":false},"excerpt":{"rendered":"<p>CCI SHOTSHELL 22 WMR L\u0151szer &nbsp; A \u201eshotshell\u201d olyan l\u0151szer, amely nem egyetlen goly\u00f3t (\u201ebullet\u201d), hanem sz\u00f3r\u00f3-goly\u00f3kat (s\u00f6r\u00e9teket\/ shot) tartalmaz \u2014 hasonl\u00f3 elv, mint a s\u00f6r\u00e9tes l\u0151szer, csak kisebb kaliberben. Ez\u00e9rt is nevezik n\u00e9ha \u201esnake shot\u201d, \u201erat shot\u201d vagy \u201erimfire shotshell\u201d n\u00e9ven is Ezeket gyakran haszn\u00e1lj\u00e1k k\u00e1rtev\u0151irt\u00e1sra, kis \u00e1llatok, r\u00e1gcs\u00e1l\u00f3k, madarak elleni v\u00e9dekez\u00e9sre r\u00f6vid t\u00e1vols\u00e1gon [&hellip;]<\/p>\n","protected":false},"featured_media":8357,"comment_status":"open","ping_status":"closed","template":"","meta":{"_et_pb_use_builder":"","_et_pb_old_content":"","_et_gb_content_width":"","om_disable_all_campaigns":false},"product_brand":[],"product_cat":[21,199],"product_tag":[],"class_list":{"0":"post-8356","1":"product","2":"type-product","3":"status-publish","4":"has-post-thumbnail","6":"product_cat-uj","7":"product_cat-golyos-loszerek","9":"first","10":"instock","11":"taxable","12":"shipping-taxable","13":"purchasable","14":"product-type-simple"},"_links":{"self":[{"href":"https:\/\/www.vadaszboltcsorna.hu\/index.php\/wp-json\/wp\/v2\/product\/8356","targetHints":{"allow":["GET"]}}],"collection":[{"href":"https:\/\/www.vadaszboltcsorna.hu\/index.php\/wp-json\/wp\/v2\/product"}],"about":[{"href":"https:\/\/www.vadaszboltcsorna.hu\/index.php\/wp-json\/wp\/v2\/types\/product"}],"replies":[{"embeddable":true,"href":"https:\/\/www.vadaszboltcsorna.hu\/index.php\/wp-json\/wp\/v2\/comments?post=8356"}],"wp:featuredmedia":[{"embeddable":true,"href":"https:\/\/www.vadaszboltcsorna.hu\/index.php\/wp-json\/wp\/v2\/media\/8357"}],"wp:attachment":[{"href":"https:\/\/www.vadaszboltcsorna.hu\/index.php\/wp-json\/wp\/v2\/media?parent=8356"}],"wp:term":[{"taxonomy":"product_brand","embeddable":true,"href":"https:\/\/www.vadaszboltcsorna.hu\/index.php\/wp-json\/wp\/v2\/product_brand?post=8356"},{"taxonomy":"product_cat","embeddable":true,"href":"https:\/\/www.vadaszboltcsorna.hu\/index.php\/wp-json\/wp\/v2\/product_cat?post=8356"},{"taxonomy":"product_tag","embeddable":true,"href":"https:\/\/www.vadaszboltcsorna.hu\/index.php\/wp-json\/wp\/v2\/product_tag?post=8356"}],"curies":[{"name":"wp","href":"https:\/\/api.w.org\/{rel}","templated":true}]}}