{"id":8299,"date":"2025-09-29T09:30:13","date_gmt":"2025-09-29T09:30:13","guid":{"rendered":"https:\/\/www.vadaszboltcsorna.hu\/?post_type=product&#038;p=8299"},"modified":"2025-09-29T09:31:08","modified_gmt":"2025-09-29T09:31:08","slug":"demar-rest-dx-felcipo-vizallo-turacipo","status":"publish","type":"product","link":"https:\/\/www.vadaszboltcsorna.hu\/index.php\/termek\/demar-rest-dx-felcipo-vizallo-turacipo\/","title":{"rendered":"Demar Rest DX f\u00e9lcip\u0151 \u2013 v\u00edz\u00e1ll\u00f3 t\u00faracip\u0151"},"content":{"rendered":"<h3 data-start=\"142\" data-end=\"192\"><strong data-start=\"146\" data-end=\"190\">Demar Rest DX f\u00e9lcip\u0151 \u2013 v\u00edz\u00e1ll\u00f3 t\u00faracip\u0151<\/strong><\/h3>\n<p data-start=\"193\" data-end=\"218\"><strong data-start=\"193\" data-end=\"218\">Cikksz\u00e1m: DT-DEM-6902<\/strong><\/p>\n<p data-start=\"220\" data-end=\"465\">A <strong data-start=\"222\" data-end=\"247\">Demar Rest DX f\u00e9lcip\u0151<\/strong> ide\u00e1lis v\u00e1laszt\u00e1s mindennapi haszn\u00e1latra \u00e9s k\u00f6nnyebb t\u00far\u00e1khoz. Praktikus beb\u00faj\u00f3s kialak\u00edt\u00e1s\u00e1nak k\u00f6sz\u00f6nhet\u0151en gyorsan fel- \u00e9s levehet\u0151, mik\u00f6zben biztos\u00edtja a l\u00e1bad v\u00e9delm\u00e9t \u00e9s k\u00e9nyelm\u00e9t v\u00e1ltozatos k\u00f6r\u00fclm\u00e9nyek k\u00f6z\u00f6tt.<\/p>\n<h4 data-start=\"467\" data-end=\"493\"><strong data-start=\"472\" data-end=\"491\">F\u0151bb jellemz\u0151k:<\/strong><\/h4>\n<ul data-start=\"494\" data-end=\"938\">\n<li data-start=\"494\" data-end=\"570\">\n<p data-start=\"496\" data-end=\"570\">\ud83d\udca7 <strong data-start=\"499\" data-end=\"518\">V\u00edz\u00e1ll\u00f3 kivitel<\/strong> \u2013 sz\u00e1razon tartja a l\u00e1bad es\u0151s, nedves id\u0151ben is.<\/p>\n<\/li>\n<li data-start=\"571\" data-end=\"647\">\n<p data-start=\"573\" data-end=\"647\">\ud83d\udc02 <strong data-start=\"576\" data-end=\"599\">Nubuk b\u0151r fels\u0151r\u00e9sz<\/strong> \u2013 strapab\u00edr\u00f3, eleg\u00e1ns \u00e9s k\u00f6nnyen tiszt\u00edthat\u00f3.<\/p>\n<\/li>\n<li data-start=\"648\" data-end=\"723\">\n<p data-start=\"650\" data-end=\"723\">\ud83c\udf2c\ufe0f <strong data-start=\"654\" data-end=\"676\">H\u00e1l\u00f3s sz\u00f6vet b\u00e9l\u00e9s<\/strong> \u2013 l\u00e9g\u00e1tereszt\u0151, komfortos viselet eg\u00e9sz nap.<\/p>\n<\/li>\n<li data-start=\"724\" data-end=\"853\">\n<p data-start=\"726\" data-end=\"853\">\ud83d\udc63 <strong data-start=\"729\" data-end=\"751\">Cs\u00fasz\u00e1smentes talp<\/strong> \u2013 kett\u0151s s\u0171r\u0171s\u00e9g\u0171 PU\/PU poliuret\u00e1n talp, amely rugalmas \u00e9s stabil tapad\u00e1st biztos\u00edt minden terepen.<\/p>\n<\/li>\n<li data-start=\"854\" data-end=\"938\">\n<p data-start=\"856\" data-end=\"938\">\ud83d\udc4c <strong data-start=\"859\" data-end=\"886\">K\u00e9nyelmes beb\u00faj\u00f3s fazon<\/strong> \u2013 nincs f\u0171z\u0151, csak egyszer\u0171, praktikus haszn\u00e1lat.<\/p>\n<\/li>\n<\/ul>\n<h4 data-start=\"940\" data-end=\"990\"><strong data-start=\"945\" data-end=\"988\">Mi\u00e9rt v\u00e1laszd a Demar Rest DX f\u00e9lcip\u0151t?<\/strong><\/h4>\n<p data-start=\"991\" data-end=\"1246\">Ez a modell ide\u00e1lis v\u00e1laszt\u00e1s azoknak, akik egy <strong data-start=\"1039\" data-end=\"1085\">strapab\u00edr\u00f3, v\u00edz\u00e1ll\u00f3 \u00e9s k\u00e9nyelmes t\u00faracip\u0151t<\/strong> keresnek mindennapos k\u00fclt\u00e9ri tev\u00e9kenys\u00e9gekhez vagy munk\u00e1hoz. K\u00f6nnyen felvehet\u0151, m\u00e9gis megb\u00edzhat\u00f3 v\u00e9delmet ad \u2013 a term\u00e9szetben \u00e9s v\u00e1rosi k\u00f6rnyezetben egyar\u00e1nt.<\/p>\n<hr data-start=\"1248\" data-end=\"1251\" \/>\n<p data-start=\"1253\" data-end=\"1335\">\ud83d\udc49 <strong data-start=\"1256\" data-end=\"1333\">Demar Rest DX \u2013 a k\u00e9nyelmes t\u00e1rs minden t\u00far\u00e1hoz \u00e9s h\u00e9tk\u00f6znapi kih\u00edv\u00e1shoz!<\/strong><\/p>\n","protected":false},"excerpt":{"rendered":"<p>Demar Rest DX f\u00e9lcip\u0151 \u2013 v\u00edz\u00e1ll\u00f3 t\u00faracip\u0151 Cikksz\u00e1m: DT-DEM-6902 A Demar Rest DX f\u00e9lcip\u0151 ide\u00e1lis v\u00e1laszt\u00e1s mindennapi haszn\u00e1latra \u00e9s k\u00f6nnyebb t\u00far\u00e1khoz. Praktikus beb\u00faj\u00f3s kialak\u00edt\u00e1s\u00e1nak k\u00f6sz\u00f6nhet\u0151en gyorsan fel- \u00e9s levehet\u0151, mik\u00f6zben biztos\u00edtja a l\u00e1bad v\u00e9delm\u00e9t \u00e9s k\u00e9nyelm\u00e9t v\u00e1ltozatos k\u00f6r\u00fclm\u00e9nyek k\u00f6z\u00f6tt. F\u0151bb jellemz\u0151k: \ud83d\udca7 V\u00edz\u00e1ll\u00f3 kivitel \u2013 sz\u00e1razon tartja a l\u00e1bad es\u0151s, nedves id\u0151ben is. \ud83d\udc02 Nubuk [&hellip;]<\/p>\n","protected":false},"featured_media":8300,"comment_status":"open","ping_status":"closed","template":"","meta":{"_et_pb_use_builder":"","_et_pb_old_content":"","_et_gb_content_width":"","om_disable_all_campaigns":false},"product_brand":[],"product_cat":[21,647,160],"product_tag":[1901],"class_list":{"0":"post-8299","1":"product","2":"type-product","3":"status-publish","4":"has-post-thumbnail","6":"product_cat-uj","7":"product_cat-felcipok","8":"product_cat-labbelik","9":"product_tag-demar-rest-dx-felcipo-vizallo-turacipo","11":"first","12":"instock","13":"taxable","14":"shipping-taxable","15":"purchasable","16":"product-type-variable"},"_links":{"self":[{"href":"https:\/\/www.vadaszboltcsorna.hu\/index.php\/wp-json\/wp\/v2\/product\/8299","targetHints":{"allow":["GET"]}}],"collection":[{"href":"https:\/\/www.vadaszboltcsorna.hu\/index.php\/wp-json\/wp\/v2\/product"}],"about":[{"href":"https:\/\/www.vadaszboltcsorna.hu\/index.php\/wp-json\/wp\/v2\/types\/product"}],"replies":[{"embeddable":true,"href":"https:\/\/www.vadaszboltcsorna.hu\/index.php\/wp-json\/wp\/v2\/comments?post=8299"}],"wp:featuredmedia":[{"embeddable":true,"href":"https:\/\/www.vadaszboltcsorna.hu\/index.php\/wp-json\/wp\/v2\/media\/8300"}],"wp:attachment":[{"href":"https:\/\/www.vadaszboltcsorna.hu\/index.php\/wp-json\/wp\/v2\/media?parent=8299"}],"wp:term":[{"taxonomy":"product_brand","embeddable":true,"href":"https:\/\/www.vadaszboltcsorna.hu\/index.php\/wp-json\/wp\/v2\/product_brand?post=8299"},{"taxonomy":"product_cat","embeddable":true,"href":"https:\/\/www.vadaszboltcsorna.hu\/index.php\/wp-json\/wp\/v2\/product_cat?post=8299"},{"taxonomy":"product_tag","embeddable":true,"href":"https:\/\/www.vadaszboltcsorna.hu\/index.php\/wp-json\/wp\/v2\/product_tag?post=8299"}],"curies":[{"name":"wp","href":"https:\/\/api.w.org\/{rel}","templated":true}]}}

Demar Rest DX félcipő – vízálló túracipő

<h3 data-start="142" data-end="192"><strong data-start="146" data-end="190">Demar Rest DX félcipő – vízálló túracipő</strong></h3>
<p data-start="193" data-end="218"><strong data-start="193" data-end="218">Cikkszám: DT-DEM-6902</strong></p>
<p data-start="220" data-end="465">A <strong data-start="222" data-end="247">Demar Rest DX félcipő</strong> ideális választás mindennapi használatra és könnyebb túrákhoz. Praktikus bebújós kialakításának köszönhetően gyorsan fel- és levehető, miközben biztosítja a lábad védelmét és kényelmét változatos körülmények között.</p>
<h4 data-start="467" data-end="493"><strong data-start="472" data-end="491">Főbb jellemzők:</strong></h4>
<ul data-start="494" data-end="938">
<li data-start="494" data-end="570">
<p data-start="496" data-end="570">💧 <strong data-start="499" data-end="518">Vízálló kivitel</strong> – szárazon tartja a lábad esős, nedves időben is.</p>
</li>
<li data-start="571" data-end="647">
<p data-start="573" data-end="647">🐂 <strong data-start="576" data-end="599">Nubuk bőr felsőrész</strong> – strapabíró, elegáns és könnyen tisztítható.</p>
</li>
<li data-start="648" data-end="723">
<p data-start="650" data-end="723">🌬️ <strong data-start="654" data-end="676">Hálós szövet bélés</strong> – légáteresztő, komfortos viselet egész nap.</p>
</li>
<li data-start="724" data-end="853">
<p data-start="726" data-end="853">👣 <strong data-start="729" data-end="751">Csúszásmentes talp</strong> – kettős sűrűségű PU/PU poliuretán talp, amely rugalmas és stabil tapadást biztosít minden terepen.</p>
</li>
<li data-start="854" data-end="938">
<p data-start="856" data-end="938">👌 <strong data-start="859" data-end="886">Kényelmes bebújós fazon</strong> – nincs fűző, csak egyszerű, praktikus használat.</p>
</li>
</ul>
<h4 data-start="940" data-end="990"><strong data-start="945" data-end="988">Miért válaszd a Demar Rest DX félcipőt?</strong></h4>
<p data-start="991" data-end="1246">Ez a modell ideális választás azoknak, akik egy <strong data-start="1039" data-end="1085">strapabíró, vízálló és kényelmes túracipőt</strong> keresnek mindennapos kültéri tevékenységekhez vagy munkához. Könnyen felvehető, mégis megbízható védelmet ad – a természetben és városi környezetben egyaránt.</p>
<hr data-start="1248" data-end="1251" />
<p data-start="1253" data-end="1335">👉 <strong data-start="1256" data-end="1333">Demar Rest DX – a kényelmes társ minden túrához és hétköznapi kihíváshoz!</strong></p>

<p>Demar Rest DX félcipő – vízálló túracipő Cikkszám: DT-DEM-6902 A Demar Rest DX félcipő ideális választás mindennapi használatra és könnyebb túrákhoz. Praktikus bebújós kialakításának köszönhetően gyorsan fel- és levehető, miközben biztosítja a lábad védelmét és kényelmét változatos körülmények között. Főbb jellemzők: 💧 Vízálló kivitel – szárazon tartja a lábad esős, nedves időben is. 🐂 Nubuk [&hellip;]</p>
