{"id":8259,"date":"2025-09-26T12:47:36","date_gmt":"2025-09-26T12:47:36","guid":{"rendered":"https:\/\/www.vadaszboltcsorna.hu\/?post_type=product&#038;p=8259"},"modified":"2025-09-26T18:33:01","modified_gmt":"2025-09-26T18:33:01","slug":"sara-comfort-plus-softshell-kabat-zold-fekete","status":"publish","type":"product","link":"https:\/\/www.vadaszboltcsorna.hu\/index.php\/termek\/sara-comfort-plus-softshell-kabat-zold-fekete\/","title":{"rendered":"Sara Comfort Plus softshell kab\u00e1t z\u00f6ld &#8211; fekete"},"content":{"rendered":"<h3 class=\"artdet__name line-clamp--3-12 mb-0\" title=\"Sara Comfort Plus softshell kab\u00e1t z\u00f6ld - fekete\n\"><strong>Sara Comfort Plus softshell kab\u00e1t z\u00f6ld &#8211; fekete<\/strong><\/h3>\n<div class=\"artdet__sku-title\">Cikksz\u00e1m:<\/div>\n<div class=\"artdet__sku-value\">DT-SARA-1-13-620-75-25<\/div>\n<div><\/div>\n<div>Egyenes szab\u00e1s, funkcion\u00e1lis kialak\u00edt\u00e1s, SOFTSHELL anyag.<br \/>\n&#8211; f\u00e9nyvisszaver\u0151 elemek<br \/>\n&#8211; sz\u00e9l\u00e1ll\u00f3 \u00e9s l\u00e9g\u00e1tereszt\u0151 softshell anyag<br \/>\n&#8211; cipz\u00e1ras z\u00e1r\u00f3d\u00e1s<br \/>\n&#8211; sz\u00e9l ellen v\u00e9d\u0151 szeg\u00e9ly a cipz\u00e1r alatt<br \/>\n&#8211; \u00e1ll\u00edthat\u00f3 \u00e9s levehet\u0151 kapucni sz\u00e9l\u00e1ll\u00f3 el\u00fcls\u0151 r\u00f6gz\u00edt\u00e9ssel<br \/>\n&#8211; k\u00e9t cipz\u00e1ras els\u0151 zseb<br \/>\n&#8211; telefon sz\u00e1m\u00e1ra kialak\u00edtott cipz\u00e1ras mellzseb<br \/>\n&#8211; rugalmas mandzsett\u00e1k lyukkal a h\u00fcvelykujjaknak<br \/>\n&#8211; hossz\u00edtott, \u00e1ll\u00edthat\u00f3 h\u00e1ts\u00f3 der\u00e9kr\u00e9sz<br \/>\n&#8211; cipz\u00e1rral szab\u00e1lyozhat\u00f3 szell\u0151z\u0151ny\u00edl\u00e1sok a kar alatt<\/div>\n","protected":false},"excerpt":{"rendered":"<p>Sara Comfort Plus softshell kab\u00e1t z\u00f6ld &#8211; fekete Cikksz\u00e1m: DT-SARA-1-13-620-75-25 Egyenes szab\u00e1s, funkcion\u00e1lis kialak\u00edt\u00e1s, SOFTSHELL anyag. &#8211; f\u00e9nyvisszaver\u0151 elemek &#8211; sz\u00e9l\u00e1ll\u00f3 \u00e9s l\u00e9g\u00e1tereszt\u0151 softshell anyag &#8211; cipz\u00e1ras z\u00e1r\u00f3d\u00e1s &#8211; sz\u00e9l ellen v\u00e9d\u0151 szeg\u00e9ly a cipz\u00e1r alatt &#8211; \u00e1ll\u00edthat\u00f3 \u00e9s levehet\u0151 kapucni sz\u00e9l\u00e1ll\u00f3 el\u00fcls\u0151 r\u00f6gz\u00edt\u00e9ssel &#8211; k\u00e9t cipz\u00e1ras els\u0151 zseb &#8211; telefon sz\u00e1m\u00e1ra kialak\u00edtott cipz\u00e1ras mellzseb [&hellip;]<\/p>\n","protected":false},"featured_media":8261,"comment_status":"open","ping_status":"closed","template":"","meta":{"_et_pb_use_builder":"","_et_pb_old_content":"","_et_gb_content_width":"","om_disable_all_campaigns":false},"product_brand":[],"product_cat":[21,553,159],"product_tag":[1898],"class_list":{"0":"post-8259","1":"product","2":"type-product","3":"status-publish","4":"has-post-thumbnail","6":"product_cat-uj","7":"product_cat-kabat","8":"product_cat-vadasz-ruhazat","9":"product_tag-sara-comfort-plus-softshell-kabat-zold-fekete","11":"first","12":"instock","13":"taxable","14":"shipping-taxable","15":"purchasable","16":"product-type-variable"},"_links":{"self":[{"href":"https:\/\/www.vadaszboltcsorna.hu\/index.php\/wp-json\/wp\/v2\/product\/8259","targetHints":{"allow":["GET"]}}],"collection":[{"href":"https:\/\/www.vadaszboltcsorna.hu\/index.php\/wp-json\/wp\/v2\/product"}],"about":[{"href":"https:\/\/www.vadaszboltcsorna.hu\/index.php\/wp-json\/wp\/v2\/types\/product"}],"replies":[{"embeddable":true,"href":"https:\/\/www.vadaszboltcsorna.hu\/index.php\/wp-json\/wp\/v2\/comments?post=8259"}],"wp:featuredmedia":[{"embeddable":true,"href":"https:\/\/www.vadaszboltcsorna.hu\/index.php\/wp-json\/wp\/v2\/media\/8261"}],"wp:attachment":[{"href":"https:\/\/www.vadaszboltcsorna.hu\/index.php\/wp-json\/wp\/v2\/media?parent=8259"}],"wp:term":[{"taxonomy":"product_brand","embeddable":true,"href":"https:\/\/www.vadaszboltcsorna.hu\/index.php\/wp-json\/wp\/v2\/product_brand?post=8259"},{"taxonomy":"product_cat","embeddable":true,"href":"https:\/\/www.vadaszboltcsorna.hu\/index.php\/wp-json\/wp\/v2\/product_cat?post=8259"},{"taxonomy":"product_tag","embeddable":true,"href":"https:\/\/www.vadaszboltcsorna.hu\/index.php\/wp-json\/wp\/v2\/product_tag?post=8259"}],"curies":[{"name":"wp","href":"https:\/\/api.w.org\/{rel}","templated":true}]}}

Sara Comfort Plus softshell kabát zöld &#8211; fekete

<h3 class="artdet__name line-clamp--3-12 mb-0" title="Sara Comfort Plus softshell kabát zöld - fekete
"><strong>Sara Comfort Plus softshell kabát zöld &#8211; fekete</strong></h3>
<div class="artdet__sku-title">Cikkszám:</div>
<div class="artdet__sku-value">DT-SARA-1-13-620-75-25</div>
<div></div>
<div>Egyenes szabás, funkcionális kialakítás, SOFTSHELL anyag.<br />
&#8211; fényvisszaverő elemek<br />
&#8211; szélálló és légáteresztő softshell anyag<br />
&#8211; cipzáras záródás<br />
&#8211; szél ellen védő szegély a cipzár alatt<br />
&#8211; állítható és levehető kapucni szélálló elülső rögzítéssel<br />
&#8211; két cipzáras első zseb<br />
&#8211; telefon számára kialakított cipzáras mellzseb<br />
&#8211; rugalmas mandzsetták lyukkal a hüvelykujjaknak<br />
&#8211; hosszított, állítható hátsó derékrész<br />
&#8211; cipzárral szabályozható szellőzőnyílások a kar alatt</div>

<p>Sara Comfort Plus softshell kabát zöld &#8211; fekete Cikkszám: DT-SARA-1-13-620-75-25 Egyenes szabás, funkcionális kialakítás, SOFTSHELL anyag. &#8211; fényvisszaverő elemek &#8211; szélálló és légáteresztő softshell anyag &#8211; cipzáras záródás &#8211; szél ellen védő szegély a cipzár alatt &#8211; állítható és levehető kapucni szélálló elülső rögzítéssel &#8211; két cipzáras első zseb &#8211; telefon számára kialakított cipzáras mellzseb [&hellip;]</p>
