{"id":8223,"date":"2025-09-26T11:54:31","date_gmt":"2025-09-26T11:54:31","guid":{"rendered":"https:\/\/www.vadaszboltcsorna.hu\/?post_type=product&#038;p=8223"},"modified":"2025-09-26T11:54:31","modified_gmt":"2025-09-26T11:54:31","slug":"sara-comfort-plus-hybrid-cipzaras-pulover-s-szurke-narancs-cikkszam-dt-sara-1-64-620-26-36","status":"publish","type":"product","link":"https:\/\/www.vadaszboltcsorna.hu\/index.php\/termek\/sara-comfort-plus-hybrid-cipzaras-pulover-s-szurke-narancs-cikkszam-dt-sara-1-64-620-26-36\/","title":{"rendered":"Sara Comfort Plus Hybrid cipz\u00e1ras pul\u00f3ver s.sz\u00fcrke &#8211; narancs Cikksz\u00e1m: DT-SARA-1-64-620-26-36"},"content":{"rendered":"<div class=\"artdet__name-wrap\">\n<h1 class=\"artdet__name line-clamp--3-12 mb-0\" title=\"  Sara Comfort Plus Hybrid cipz\u00e1ras pul\u00f3ver s.sz\u00fcrke - narancs\n\">Sara Comfort Plus Hybrid cipz\u00e1ras pul\u00f3ver s.sz\u00fcrke &#8211; narancs<\/h1>\n<\/div>\n<div class=\"artdet__sku d-flex flex-wrap text-muted mb-2\">\n<div class=\"artdet__sku-title\"><strong>Cikksz\u00e1m:<\/strong><\/div>\n<div class=\"artdet__sku-value\"><strong>DT-SARA-1-64-620-26-36<\/strong><\/div>\n<\/div>\n<div><\/div>\n<div><\/div>\n<div>\n<h4>A\u00a0<strong data-start=\"910\" data-end=\"926\">Comfort Plus<\/strong>\u00a0kollekci\u00f3 pul\u00f3vere a professzionalizmust, a funkcionalit\u00e1st \u00e9s a modern diz\u00e1jnt \u00f6tv\u00f6zi, lehet\u0151v\u00e9 t\u00e9ve egys\u00e9ges \u00e9s szem\u00e9lyre szabott munkaruha szettek kialak\u00edt\u00e1s\u00e1t.<\/h4>\n<h4><strong>Steppelt, b\u00e9lelt r\u00e9szek<\/strong>\u00a0\u2013 melegen tartj\u00e1k a test leg\u00e9rz\u00e9kenyebb ter\u00fcleteit.<\/h4>\n<h4><strong>Praktikus t\u00e1rol\u00e1s<\/strong>\u00a0\u2013 k\u00e9t cipz\u00e1ras oldalzseb, egy mellzseb \u00e9s egy ujjzseb.<\/h4>\n<h4><strong>Teljes hossz\u00fas\u00e1g\u00fa cipz\u00e1r<\/strong>\u00a0\u2013 \u00e1llv\u00e9d\u0151 r\u00e9sszel a nagyobb k\u00e9nyelem\u00e9rt.<\/h4>\n<h4><strong>Rugalmas mandzsetta h\u00fcvelykujjnak kialak\u00edtott ny\u00edl\u00e1ssal<\/strong>\u00a0\u2013 jobb illeszked\u00e9s \u00e9s v\u00e9delem a hideg ellen.<\/h4>\n<h4><strong>Diszkr\u00e9t f\u00e9nyvisszaver\u0151 elemek<\/strong>\u00a0\u2013 jobb l\u00e1that\u00f3s\u00e1g sz\u00fcrk\u00fcletben \u00e9s s\u00f6t\u00e9tben.<\/h4>\n<\/div>\n","protected":false},"excerpt":{"rendered":"<p>Sara Comfort Plus Hybrid cipz\u00e1ras pul\u00f3ver s.sz\u00fcrke &#8211; narancs Cikksz\u00e1m: DT-SARA-1-64-620-26-36 A\u00a0Comfort Plus\u00a0kollekci\u00f3 pul\u00f3vere a professzionalizmust, a funkcionalit\u00e1st \u00e9s a modern diz\u00e1jnt \u00f6tv\u00f6zi, lehet\u0151v\u00e9 t\u00e9ve egys\u00e9ges \u00e9s szem\u00e9lyre szabott munkaruha szettek kialak\u00edt\u00e1s\u00e1t. Steppelt, b\u00e9lelt r\u00e9szek\u00a0\u2013 melegen tartj\u00e1k a test leg\u00e9rz\u00e9kenyebb ter\u00fcleteit. Praktikus t\u00e1rol\u00e1s\u00a0\u2013 k\u00e9t cipz\u00e1ras oldalzseb, egy mellzseb \u00e9s egy ujjzseb. Teljes hossz\u00fas\u00e1g\u00fa cipz\u00e1r\u00a0\u2013 \u00e1llv\u00e9d\u0151 [&hellip;]<\/p>\n","protected":false},"featured_media":8225,"comment_status":"open","ping_status":"closed","template":"","meta":{"_et_pb_use_builder":"","_et_pb_old_content":"","_et_gb_content_width":"","om_disable_all_campaigns":false},"product_brand":[],"product_cat":[21,596,159],"product_tag":[1896],"class_list":{"0":"post-8223","1":"product","2":"type-product","3":"status-publish","4":"has-post-thumbnail","6":"product_cat-uj","7":"product_cat-pulover","8":"product_cat-vadasz-ruhazat","9":"product_tag-sara-comfort-plus-hybrid-cipzaras-pulover-s-szurke-narancs","11":"first","12":"instock","13":"taxable","14":"shipping-taxable","15":"purchasable","16":"product-type-variable"},"_links":{"self":[{"href":"https:\/\/www.vadaszboltcsorna.hu\/index.php\/wp-json\/wp\/v2\/product\/8223","targetHints":{"allow":["GET"]}}],"collection":[{"href":"https:\/\/www.vadaszboltcsorna.hu\/index.php\/wp-json\/wp\/v2\/product"}],"about":[{"href":"https:\/\/www.vadaszboltcsorna.hu\/index.php\/wp-json\/wp\/v2\/types\/product"}],"replies":[{"embeddable":true,"href":"https:\/\/www.vadaszboltcsorna.hu\/index.php\/wp-json\/wp\/v2\/comments?post=8223"}],"wp:featuredmedia":[{"embeddable":true,"href":"https:\/\/www.vadaszboltcsorna.hu\/index.php\/wp-json\/wp\/v2\/media\/8225"}],"wp:attachment":[{"href":"https:\/\/www.vadaszboltcsorna.hu\/index.php\/wp-json\/wp\/v2\/media?parent=8223"}],"wp:term":[{"taxonomy":"product_brand","embeddable":true,"href":"https:\/\/www.vadaszboltcsorna.hu\/index.php\/wp-json\/wp\/v2\/product_brand?post=8223"},{"taxonomy":"product_cat","embeddable":true,"href":"https:\/\/www.vadaszboltcsorna.hu\/index.php\/wp-json\/wp\/v2\/product_cat?post=8223"},{"taxonomy":"product_tag","embeddable":true,"href":"https:\/\/www.vadaszboltcsorna.hu\/index.php\/wp-json\/wp\/v2\/product_tag?post=8223"}],"curies":[{"name":"wp","href":"https:\/\/api.w.org\/{rel}","templated":true}]}}