{"id":8205,"date":"2025-09-26T11:09:05","date_gmt":"2025-09-26T11:09:05","guid":{"rendered":"https:\/\/www.vadaszboltcsorna.hu\/?post_type=product&#038;p=8205"},"modified":"2025-09-26T11:17:52","modified_gmt":"2025-09-26T11:17:52","slug":"sara-comfort-winter-belelt-softshell-hosszu-kabat-oliva-zold-fekete","status":"publish","type":"product","link":"https:\/\/www.vadaszboltcsorna.hu\/index.php\/termek\/sara-comfort-winter-belelt-softshell-hosszu-kabat-oliva-zold-fekete\/","title":{"rendered":"Sara Comfort Winter b\u00e9lelt softshell hossz\u00fa kab\u00e1t ol\u00edva z\u00f6ld &#8211; fekete"},"content":{"rendered":"<h3 style=\"text-align: center;\"><strong>Sara Comfort Winter b\u00e9lelt softshell hossz\u00fa kab\u00e1t ol\u00edva z\u00f6ld &#8211; fekete<\/strong><\/h3>\n<p>&nbsp;<\/p>\n<div class=\"artdet__sku-title\"><strong>Cikksz\u00e1m:<\/strong><\/div>\n<div class=\"artdet__sku-value\"><strong>DT-SARA-1-08-630-75-25<\/strong><\/div>\n<div>\n<h4 style=\"font-weight: 400;\">A Comfort Winter t\u00e9li kab\u00e1t innovat\u00edv modell, amely k\u00e9tr\u00e9teg\u0171 SOFTSHELL anyagb\u00f3l k\u00e9sz\u00fclt.<\/h4>\n<h4 style=\"font-weight: 400;\">Ez a ruhacsal\u00e1d \u00f6tv\u00f6zi a funkcionalit\u00e1st, a hideg elleni v\u00e9delmet \u00e9s a divatos megjelen\u00e9st.<\/h4>\n<h4 style=\"font-weight: 400;\">Kab\u00e1t: 320 g\/m2, b\u00e9l\u00e9s 180 g\/m2<\/h4>\n<h4 style=\"font-weight: 400;\">-f\u00e9nyvisszaver\u0151 elemek<\/h4>\n<h4 style=\"font-weight: 400;\">-pol\u00e1r b\u00e9l\u00e9s h\u0151t\u00fckr\u00f6s bet\u00e9ttel a h\u00e1tr\u00e9szen<\/h4>\n<h4 style=\"font-weight: 400;\">-sportos \u00e9s k\u00e9nyelmes szab\u00e1s<\/h4>\n<h4 style=\"font-weight: 400;\">-sz\u00e9l\u00e1ll\u00f3 \u00e9s l\u00e9g\u00e1tereszt\u0151<\/h4>\n<h4 style=\"font-weight: 400;\">-teljes hossz\u00fas\u00e1g\u00fa cipz\u00e1r viharred\u0151vel<\/h4>\n<h4 style=\"font-weight: 400;\">-\u00e1ll\u00edthat\u00f3 \u00e9s levehet\u0151 kapucni el\u00f6l r\u00f6gz\u00edt\u00e9si lehet\u0151s\u00e9ggel<\/h4>\n<\/div>\n","protected":false},"excerpt":{"rendered":"<p>Sara Comfort Winter b\u00e9lelt softshell hossz\u00fa kab\u00e1t ol\u00edva z\u00f6ld &#8211; fekete &nbsp; Cikksz\u00e1m: DT-SARA-1-08-630-75-25 A Comfort Winter t\u00e9li kab\u00e1t innovat\u00edv modell, amely k\u00e9tr\u00e9teg\u0171 SOFTSHELL anyagb\u00f3l k\u00e9sz\u00fclt. Ez a ruhacsal\u00e1d \u00f6tv\u00f6zi a funkcionalit\u00e1st, a hideg elleni v\u00e9delmet \u00e9s a divatos megjelen\u00e9st. Kab\u00e1t: 320 g\/m2, b\u00e9l\u00e9s 180 g\/m2 -f\u00e9nyvisszaver\u0151 elemek -pol\u00e1r b\u00e9l\u00e9s h\u0151t\u00fckr\u00f6s bet\u00e9ttel a h\u00e1tr\u00e9szen -sportos [&hellip;]<\/p>\n","protected":false},"featured_media":8206,"comment_status":"open","ping_status":"closed","template":"","meta":{"_et_pb_use_builder":"","_et_pb_old_content":"","_et_gb_content_width":"","om_disable_all_campaigns":false},"product_brand":[],"product_cat":[21,553,159],"product_tag":[1894],"class_list":{"0":"post-8205","1":"product","2":"type-product","3":"status-publish","4":"has-post-thumbnail","6":"product_cat-uj","7":"product_cat-kabat","8":"product_cat-vadasz-ruhazat","9":"product_tag-sara-comfort-winter-belelt-softshell-hosszu-kabat-oliva-zold-fekete","11":"first","12":"instock","13":"taxable","14":"shipping-taxable","15":"purchasable","16":"product-type-variable"},"_links":{"self":[{"href":"https:\/\/www.vadaszboltcsorna.hu\/index.php\/wp-json\/wp\/v2\/product\/8205","targetHints":{"allow":["GET"]}}],"collection":[{"href":"https:\/\/www.vadaszboltcsorna.hu\/index.php\/wp-json\/wp\/v2\/product"}],"about":[{"href":"https:\/\/www.vadaszboltcsorna.hu\/index.php\/wp-json\/wp\/v2\/types\/product"}],"replies":[{"embeddable":true,"href":"https:\/\/www.vadaszboltcsorna.hu\/index.php\/wp-json\/wp\/v2\/comments?post=8205"}],"wp:featuredmedia":[{"embeddable":true,"href":"https:\/\/www.vadaszboltcsorna.hu\/index.php\/wp-json\/wp\/v2\/media\/8206"}],"wp:attachment":[{"href":"https:\/\/www.vadaszboltcsorna.hu\/index.php\/wp-json\/wp\/v2\/media?parent=8205"}],"wp:term":[{"taxonomy":"product_brand","embeddable":true,"href":"https:\/\/www.vadaszboltcsorna.hu\/index.php\/wp-json\/wp\/v2\/product_brand?post=8205"},{"taxonomy":"product_cat","embeddable":true,"href":"https:\/\/www.vadaszboltcsorna.hu\/index.php\/wp-json\/wp\/v2\/product_cat?post=8205"},{"taxonomy":"product_tag","embeddable":true,"href":"https:\/\/www.vadaszboltcsorna.hu\/index.php\/wp-json\/wp\/v2\/product_tag?post=8205"}],"curies":[{"name":"wp","href":"https:\/\/api.w.org\/{rel}","templated":true}]}}

Sara Comfort Winter bélelt softshell hosszú kabát olíva zöld &#8211; fekete

<h3 style="text-align: center;"><strong>Sara Comfort Winter bélelt softshell hosszú kabát olíva zöld &#8211; fekete</strong></h3>
<p>&nbsp;</p>
<div class="artdet__sku-title"><strong>Cikkszám:</strong></div>
<div class="artdet__sku-value"><strong>DT-SARA-1-08-630-75-25</strong></div>
<div>
<h4 style="font-weight: 400;">A Comfort Winter téli kabát innovatív modell, amely kétrétegű SOFTSHELL anyagból készült.</h4>
<h4 style="font-weight: 400;">Ez a ruhacsalád ötvözi a funkcionalitást, a hideg elleni védelmet és a divatos megjelenést.</h4>
<h4 style="font-weight: 400;">Kabát: 320 g/m2, bélés 180 g/m2</h4>
<h4 style="font-weight: 400;">-fényvisszaverő elemek</h4>
<h4 style="font-weight: 400;">-polár bélés hőtükrös betéttel a hátrészen</h4>
<h4 style="font-weight: 400;">-sportos és kényelmes szabás</h4>
<h4 style="font-weight: 400;">-szélálló és légáteresztő</h4>
<h4 style="font-weight: 400;">-teljes hosszúságú cipzár viharredővel</h4>
<h4 style="font-weight: 400;">-állítható és levehető kapucni elöl rögzítési lehetőséggel</h4>
</div>

<p>Sara Comfort Winter bélelt softshell hosszú kabát olíva zöld &#8211; fekete &nbsp; Cikkszám: DT-SARA-1-08-630-75-25 A Comfort Winter téli kabát innovatív modell, amely kétrétegű SOFTSHELL anyagból készült. Ez a ruhacsalád ötvözi a funkcionalitást, a hideg elleni védelmet és a divatos megjelenést. Kabát: 320 g/m2, bélés 180 g/m2 -fényvisszaverő elemek -polár bélés hőtükrös betéttel a hátrészen -sportos [&hellip;]</p>
