{"id":8041,"date":"2025-08-13T12:15:52","date_gmt":"2025-08-13T12:15:52","guid":{"rendered":"https:\/\/www.vadaszboltcsorna.hu\/?post_type=product&#038;p=8041"},"modified":"2025-09-01T00:28:02","modified_gmt":"2025-09-01T00:28:02","slug":"os-trachten-nadrag-426000-2697-barna","status":"publish","type":"product","link":"https:\/\/www.vadaszboltcsorna.hu\/index.php\/termek\/os-trachten-nadrag-426000-2697-barna\/","title":{"rendered":"Os-Trachten nadr\u00e1g 426000-2697 barna"},"content":{"rendered":"<h3 data-start=\"1272\" data-end=\"1336\"><strong data-start=\"1272\" data-end=\"1334\">OS Trachten f\u00e9rfi nadr\u00e1g \u2013 barna (modellsz\u00e1m: 426000-2697)<\/strong><\/h3>\n<p>&nbsp;<\/p>\n<ul>\n<li data-start=\"541\" data-end=\"580\">\n<p data-start=\"543\" data-end=\"580\"><span class=\"relative -mx-px my-[-0.2rem] rounded px-px py-[0.2rem] transition-colors duration-100 ease-in-out\">Klasszikus, de modernebb f\u00e9mb\u0151rhat\u00e1s\u00fa text\u00fara, amely kimondottan eleg\u00e1ns, m\u00e9gis strapab\u00edr\u00f3 megjelen\u00e9st k\u00f6lcs\u00f6n\u00f6z.<\/span><\/p>\n<\/li>\n<li data-start=\"581\" data-end=\"620\">\n<p data-start=\"583\" data-end=\"620\"><span class=\"relative -mx-px my-[-0.2rem] rounded px-px py-[0.2rem] transition-colors duration-100 ease-in-out\">Kifinomult szab\u00e1s, norm\u00e1l (regular) fazon, amely k\u00e9nyelmesen k\u00f6veti a test vonal\u00e1t, an\u00e9lk\u00fcl hogy t\u00fal sz\u0171k vagy t\u00fal b\u0151 lenne.<\/span><\/p>\n<\/li>\n<\/ul>\n<p>&nbsp;<\/p>\n<p data-start=\"1343\" data-end=\"1550\"><strong data-start=\"1343\" data-end=\"1392\">Eleg\u00e1ns trad\u00edci\u00f3 tal\u00e1lkozik funkcionalit\u00e1ssal<\/strong> \u2013 Ez az OS Trachten nadr\u00e1g t\u00f6k\u00e9letes v\u00e1laszt\u00e1s azoknak, akik \u00e9rt\u00e9kelik az alpesi tracht st\u00edlus\u00e1t, de mindennapi k\u00e9nyelemre \u00e9s strapab\u00edr\u00f3 kivitelre v\u00e1gynak.<\/p>\n<p data-start=\"1555\" data-end=\"1720\"><strong data-start=\"1555\" data-end=\"1594\">F\u00e9nyes b\u0151rhat\u00e1s, minimalista design<\/strong> \u2013 A v\u00e1logatott anyagok kifinomults\u00e1g\u00e1t \u00f6tv\u00f6zi a letisztult vonalakkal. A norm\u00e1l fazon k\u00f6nnyed mozg\u00e1st biztos\u00edt eg\u00e9sz napra.<\/p>\n<p data-start=\"1725\" data-end=\"1948\"><strong data-start=\"1725\" data-end=\"1750\">Rugalmas \u00e9s praktikus<\/strong> \u2013 Az anyag \u00f6sszet\u00e9tele\u00a0 k\u00e9nyelmet, tart\u00f3ss\u00e1got \u00e9s k\u00f6nny\u0171 karbantart\u00e1st garant\u00e1l. V\u00edzleperget\u0151 tulajdons\u00e1ga \u00e9s gy\u0171r\u0151d\u00e9smentes fel\u00fclete modern ig\u00e9nyekre szabott.<\/p>\n<p data-start=\"2118\" data-end=\"2290\"><strong data-start=\"2118\" data-end=\"2162\">Sz\u00e9les m\u00e9retv\u00e1laszt\u00e9k, autentikus st\u00edlus<\/strong> \u2013 A klasszikus tracht karakter megmarad, a fazon viszont modern \u00e9letm\u00f3dhoz igazodik. OS Trachten szellemis\u00e9g a h\u00e9tk\u00f6znapokra.<\/p>\n<p data-start=\"2295\" data-end=\"2412\"><strong data-start=\"2295\" data-end=\"2318\">T\u00f6k\u00e9letes v\u00e1laszt\u00e1s<\/strong> \u2013 Kult\u00far\u00e1lis esem\u00e9nyekre, vad\u00e1szatra, kir\u00e1ndul\u00e1sra vagy ak\u00e1r a v\u00e1rosi eleganci\u00e1t kedvel\u0151knek.<\/p>\n<p>&nbsp;<\/p>\n<p>&nbsp;<\/p>\n","protected":false},"excerpt":{"rendered":"<p>OS Trachten f\u00e9rfi nadr\u00e1g \u2013 barna (modellsz\u00e1m: 426000-2697) &nbsp; Klasszikus, de modernebb f\u00e9mb\u0151rhat\u00e1s\u00fa text\u00fara, amely kimondottan eleg\u00e1ns, m\u00e9gis strapab\u00edr\u00f3 megjelen\u00e9st k\u00f6lcs\u00f6n\u00f6z. Kifinomult szab\u00e1s, norm\u00e1l (regular) fazon, amely k\u00e9nyelmesen k\u00f6veti a test vonal\u00e1t, an\u00e9lk\u00fcl hogy t\u00fal sz\u0171k vagy t\u00fal b\u0151 lenne. &nbsp; Eleg\u00e1ns trad\u00edci\u00f3 tal\u00e1lkozik funkcionalit\u00e1ssal \u2013 Ez az OS Trachten nadr\u00e1g t\u00f6k\u00e9letes v\u00e1laszt\u00e1s azoknak, akik [&hellip;]<\/p>\n","protected":false},"featured_media":8043,"comment_status":"open","ping_status":"closed","template":"","meta":{"_et_pb_use_builder":"","_et_pb_old_content":"","_et_gb_content_width":"","om_disable_all_campaigns":false},"product_brand":[],"product_cat":[21,664,159],"product_tag":[1880],"class_list":{"0":"post-8041","1":"product","2":"type-product","3":"status-publish","4":"has-post-thumbnail","6":"product_cat-uj","7":"product_cat-nadrag","8":"product_cat-vadasz-ruhazat","9":"product_tag-os-trachten-nadrag-426000-2697-barna","11":"first","12":"instock","13":"taxable","14":"shipping-taxable","15":"purchasable","16":"product-type-variable"},"_links":{"self":[{"href":"https:\/\/www.vadaszboltcsorna.hu\/index.php\/wp-json\/wp\/v2\/product\/8041","targetHints":{"allow":["GET"]}}],"collection":[{"href":"https:\/\/www.vadaszboltcsorna.hu\/index.php\/wp-json\/wp\/v2\/product"}],"about":[{"href":"https:\/\/www.vadaszboltcsorna.hu\/index.php\/wp-json\/wp\/v2\/types\/product"}],"replies":[{"embeddable":true,"href":"https:\/\/www.vadaszboltcsorna.hu\/index.php\/wp-json\/wp\/v2\/comments?post=8041"}],"wp:featuredmedia":[{"embeddable":true,"href":"https:\/\/www.vadaszboltcsorna.hu\/index.php\/wp-json\/wp\/v2\/media\/8043"}],"wp:attachment":[{"href":"https:\/\/www.vadaszboltcsorna.hu\/index.php\/wp-json\/wp\/v2\/media?parent=8041"}],"wp:term":[{"taxonomy":"product_brand","embeddable":true,"href":"https:\/\/www.vadaszboltcsorna.hu\/index.php\/wp-json\/wp\/v2\/product_brand?post=8041"},{"taxonomy":"product_cat","embeddable":true,"href":"https:\/\/www.vadaszboltcsorna.hu\/index.php\/wp-json\/wp\/v2\/product_cat?post=8041"},{"taxonomy":"product_tag","embeddable":true,"href":"https:\/\/www.vadaszboltcsorna.hu\/index.php\/wp-json\/wp\/v2\/product_tag?post=8041"}],"curies":[{"name":"wp","href":"https:\/\/api.w.org\/{rel}","templated":true}]}}

Os-Trachten nadrág 426000-2697 barna

<h3 data-start="1272" data-end="1336"><strong data-start="1272" data-end="1334">OS Trachten férfi nadrág – barna (modellszám: 426000-2697)</strong></h3>
<p>&nbsp;</p>
<ul>
<li data-start="541" data-end="580">
<p data-start="543" data-end="580"><span class="relative -mx-px my-[-0.2rem] rounded px-px py-[0.2rem] transition-colors duration-100 ease-in-out">Klasszikus, de modernebb fémbőrhatású textúra, amely kimondottan elegáns, mégis strapabíró megjelenést kölcsönöz.</span></p>
</li>
<li data-start="581" data-end="620">
<p data-start="583" data-end="620"><span class="relative -mx-px my-[-0.2rem] rounded px-px py-[0.2rem] transition-colors duration-100 ease-in-out">Kifinomult szabás, normál (regular) fazon, amely kényelmesen követi a test vonalát, anélkül hogy túl szűk vagy túl bő lenne.</span></p>
</li>
</ul>
<p>&nbsp;</p>
<p data-start="1343" data-end="1550"><strong data-start="1343" data-end="1392">Elegáns tradíció találkozik funkcionalitással</strong> – Ez az OS Trachten nadrág tökéletes választás azoknak, akik értékelik az alpesi tracht stílusát, de mindennapi kényelemre és strapabíró kivitelre vágynak.</p>
<p data-start="1555" data-end="1720"><strong data-start="1555" data-end="1594">Fényes bőrhatás, minimalista design</strong> – A válogatott anyagok kifinomultságát ötvözi a letisztult vonalakkal. A normál fazon könnyed mozgást biztosít egész napra.</p>
<p data-start="1725" data-end="1948"><strong data-start="1725" data-end="1750">Rugalmas és praktikus</strong> – Az anyag összetétele  kényelmet, tartósságot és könnyű karbantartást garantál. Vízlepergető tulajdonsága és gyűrődésmentes felülete modern igényekre szabott.</p>
<p data-start="2118" data-end="2290"><strong data-start="2118" data-end="2162">Széles méretválaszték, autentikus stílus</strong> – A klasszikus tracht karakter megmarad, a fazon viszont modern életmódhoz igazodik. OS Trachten szellemiség a hétköznapokra.</p>
<p data-start="2295" data-end="2412"><strong data-start="2295" data-end="2318">Tökéletes választás</strong> – Kultúrális eseményekre, vadászatra, kirándulásra vagy akár a városi eleganciát kedvelőknek.</p>
<p>&nbsp;</p>
<p>&nbsp;</p>

<p>OS Trachten férfi nadrág – barna (modellszám: 426000-2697) &nbsp; Klasszikus, de modernebb fémbőrhatású textúra, amely kimondottan elegáns, mégis strapabíró megjelenést kölcsönöz. Kifinomult szabás, normál (regular) fazon, amely kényelmesen követi a test vonalát, anélkül hogy túl szűk vagy túl bő lenne. &nbsp; Elegáns tradíció találkozik funkcionalitással – Ez az OS Trachten nadrág tökéletes választás azoknak, akik [&hellip;]</p>
