{"id":8017,"date":"2025-07-14T10:57:40","date_gmt":"2025-07-14T10:57:40","guid":{"rendered":"https:\/\/www.vadaszboltcsorna.hu\/?post_type=product&#038;p=8017"},"modified":"2025-10-17T08:06:42","modified_gmt":"2025-10-17T08:06:42","slug":"falcon-ow6-50lrf-hokameras-celtavcso","status":"publish","type":"product","link":"https:\/\/www.vadaszboltcsorna.hu\/index.php\/termek\/falcon-ow6-50lrf-hokameras-celtavcso\/","title":{"rendered":"Falcon OW6-50LRF  h\u0151kamer\u00e1s c\u00e9lt\u00e1vcs\u0151"},"content":{"rendered":"<h3 style=\"text-align: center;\"><strong>Falcon OW6-50LRF h\u0151kamer\u00e1s c\u00e9lt\u00e1vcs\u0151<\/strong><\/h3>\n<h3 class=\"product_title entry-title elementor-heading-title elementor-size-default\"><strong>2,8-22,4\u00d750 640\u00d7512<\/strong><\/h3>\n<p>&nbsp;<\/p>\n<p>Bemutatkozik a Falcon OW6-50L h\u0151kamer\u00e1s t\u00e1vcs\u00f6ve, amely innovat\u00edv megold\u00e1st k\u00edn\u00e1l professzion\u00e1lis megfigyel\u00e9shez \u00e9s vad\u00e1szathoz.Ez az eszk\u00f6z nagy teljes\u00edtm\u00e9ny\u0171, h\u0171tetlen van\u00e1dium-oxid (VOx) detektorral van felszerelve, amelynek felbont\u00e1sa 640\u00d7512, pixels\u0171r\u0171s\u00e9ge 12 \u03bcm, valamint rendk\u00edv\u00fcl alacsony, &lt;18 mK (vagy egyes verzi\u00f3kn\u00e1l ak\u00e1r &lt;15 mK) NETD \u00e9rt\u00e9kkel, amely p\u00e1ratlan k\u00e9pmin\u0151s\u00e9get \u00e9s \u00e9rz\u00e9kenys\u00e9get biztos\u00edt m\u00e9g a legnehezebb k\u00f6r\u00fclm\u00e9nyek k\u00f6z\u00f6tt is.<\/p>\n<h2>Le\u00edr\u00e1s<\/h2>\n<p>Bemutatkozik a Falcon OW6-50L h\u0151kamer\u00e1s t\u00e1vcs\u00f6ve, amely innovat\u00edv megold\u00e1st k\u00edn\u00e1l professzion\u00e1lis megfigyel\u00e9shez \u00e9s vad\u00e1szathoz.<\/p>\n<p>Ez az eszk\u00f6z nagy teljes\u00edtm\u00e9ny\u0171, h\u0171tetlen van\u00e1dium-oxid (VOx) detektorral van felszerelve, amelynek felbont\u00e1sa 640\u00d7512, pixels\u0171r\u0171s\u00e9ge 12 \u03bcm, valamint rendk\u00edv\u00fcl alacsony, &lt;18 mK (vagy egyes verzi\u00f3kn\u00e1l ak\u00e1r &lt;15 mK) NETD \u00e9rt\u00e9kkel, amely p\u00e1ratlan k\u00e9pmin\u0151s\u00e9get \u00e9s \u00e9rz\u00e9kenys\u00e9get biztos\u00edt m\u00e9g a legnehezebb k\u00f6r\u00fclm\u00e9nyek k\u00f6z\u00f6tt is.<\/p>\n<p>F\u0151bb el\u0151ny\u00f6k:<\/p>\n<p>Kiv\u00e9teles k\u00e9pmin\u0151s\u00e9g: Az 50 mm-es germ\u00e1nium lencse \u00e9s a nagy felbont\u00e1s\u00fa OLED kijelz\u0151 (1024\u00d7768 vagy 1920\u00d71080 pixel) tiszta \u00e9s sima megjelen\u00edt\u00e9st garant\u00e1l 50 Hz-es k\u00e9pkockasebess\u00e9ggel.<\/p>\n<p>Be\u00e9p\u00edtett l\u00e9zeres t\u00e1vols\u00e1gm\u00e9r\u0151: A pontos t\u00e1vols\u00e1gm\u00e9r\u00e9s ak\u00e1r 1000 m\u00e9terig lehet\u0151v\u00e9 teszi a helyzet gyors felm\u00e9r\u00e9s\u00e9t.<\/p>\n<p>Meghosszabb\u00edtott \u00fczemid\u0151: A nagy teljes\u00edtm\u00e9ny\u0171 3500mAh (vagy 5000mAh) akkumul\u00e1tor ak\u00e1r 5-9 \u00f3ra folyamatos m\u0171k\u00f6d\u00e9st biztos\u00edt.<br \/>\nTart\u00f3ss\u00e1g \u00e9s megb\u00edzhat\u00f3s\u00e1g: A teljes f\u00e9mb\u0151l k\u00e9sz\u00fclt konstrukci\u00f3 \u00e9s az ak\u00e1r 10 000 joule \u00fct\u00e9s\u00e1ll\u00f3s\u00e1g tart\u00f3ss\u00e1got \u00e9s stabil m\u0171k\u00f6d\u00e9st garant\u00e1l m\u00e9g er\u0151s \u00fct\u00e9sek eset\u00e9n is. Az IP67 v\u00edz\u00e1ll\u00f3s\u00e1g minden id\u0151j\u00e1r\u00e1si k\u00f6r\u00fclm\u00e9ny k\u00f6z\u00f6tt v\u00e9delmet ny\u00fajt.<\/p>\n<p>Intelligens funkci\u00f3k: Fot\u00f3- \u00e9s videofelv\u00e9tel, Wi-Fi csatlakoz\u00e1s val\u00f3s idej\u0171 streamel\u00e9shez okostelefonra, \u00e9s egyes modellekn\u00e9l intelligens ballisztikai sz\u00e1m\u00edt\u00e1s a jobb l\u00f6v\u00e9si pontoss\u00e1g \u00e9rdek\u00e9ben.<\/p>\n<p>Ergon\u00f3mikus kialak\u00edt\u00e1s: A k\u00e9nyelmes hengeres forma \u00e9s az intuit\u00edv kezel\u0151szervek k\u00e9nyelmes egykezes haszn\u00e1latot biztos\u00edtanak.<\/p>\n<p>A Falcon OW6-50L p\u00e1ratlan teljes\u00edtm\u00e9nyt \u00e9s megb\u00edzhat\u00f3s\u00e1got k\u00edn\u00e1l a h\u0151kamer\u00e1s eszk\u00f6z\u00f6k ter\u00e9n.<\/p>\n","protected":false},"excerpt":{"rendered":"<p>Falcon OW6-50LRF h\u0151kamer\u00e1s c\u00e9lt\u00e1vcs\u0151 2,8-22,4\u00d750 640\u00d7512 &nbsp; Bemutatkozik a Falcon OW6-50L h\u0151kamer\u00e1s t\u00e1vcs\u00f6ve, amely innovat\u00edv megold\u00e1st k\u00edn\u00e1l professzion\u00e1lis megfigyel\u00e9shez \u00e9s vad\u00e1szathoz.Ez az eszk\u00f6z nagy teljes\u00edtm\u00e9ny\u0171, h\u0171tetlen van\u00e1dium-oxid (VOx) detektorral van felszerelve, amelynek felbont\u00e1sa 640\u00d7512, pixels\u0171r\u0171s\u00e9ge 12 \u03bcm, valamint rendk\u00edv\u00fcl alacsony, &lt;18 mK (vagy egyes verzi\u00f3kn\u00e1l ak\u00e1r &lt;15 mK) NETD \u00e9rt\u00e9kkel, amely p\u00e1ratlan k\u00e9pmin\u0151s\u00e9get \u00e9s \u00e9rz\u00e9kenys\u00e9get [&hellip;]<\/p>\n","protected":false},"featured_media":8018,"comment_status":"open","ping_status":"closed","template":"","meta":{"_et_pb_use_builder":"","_et_pb_old_content":"","_et_gb_content_width":"","om_disable_all_campaigns":false},"product_brand":[],"product_cat":[21,447,1583],"product_tag":[1878],"class_list":{"0":"post-8017","1":"product","2":"type-product","3":"status-publish","4":"has-post-thumbnail","6":"product_cat-uj","7":"product_cat-hokamera","8":"product_cat-hokamera-celtavcso","9":"product_tag-falcon-ow6-50lrf-hokameras-celtavcso","11":"first","12":"instock","13":"taxable","14":"shipping-taxable","15":"purchasable","16":"product-type-simple"},"_links":{"self":[{"href":"https:\/\/www.vadaszboltcsorna.hu\/index.php\/wp-json\/wp\/v2\/product\/8017","targetHints":{"allow":["GET"]}}],"collection":[{"href":"https:\/\/www.vadaszboltcsorna.hu\/index.php\/wp-json\/wp\/v2\/product"}],"about":[{"href":"https:\/\/www.vadaszboltcsorna.hu\/index.php\/wp-json\/wp\/v2\/types\/product"}],"replies":[{"embeddable":true,"href":"https:\/\/www.vadaszboltcsorna.hu\/index.php\/wp-json\/wp\/v2\/comments?post=8017"}],"wp:featuredmedia":[{"embeddable":true,"href":"https:\/\/www.vadaszboltcsorna.hu\/index.php\/wp-json\/wp\/v2\/media\/8018"}],"wp:attachment":[{"href":"https:\/\/www.vadaszboltcsorna.hu\/index.php\/wp-json\/wp\/v2\/media?parent=8017"}],"wp:term":[{"taxonomy":"product_brand","embeddable":true,"href":"https:\/\/www.vadaszboltcsorna.hu\/index.php\/wp-json\/wp\/v2\/product_brand?post=8017"},{"taxonomy":"product_cat","embeddable":true,"href":"https:\/\/www.vadaszboltcsorna.hu\/index.php\/wp-json\/wp\/v2\/product_cat?post=8017"},{"taxonomy":"product_tag","embeddable":true,"href":"https:\/\/www.vadaszboltcsorna.hu\/index.php\/wp-json\/wp\/v2\/product_tag?post=8017"}],"curies":[{"name":"wp","href":"https:\/\/api.w.org\/{rel}","templated":true}]}}