{"id":7857,"date":"2025-07-02T10:52:27","date_gmt":"2025-07-02T10:52:27","guid":{"rendered":"https:\/\/www.vadaszboltcsorna.hu\/?post_type=product&#038;p=7857"},"modified":"2025-07-02T10:57:07","modified_gmt":"2025-07-02T10:57:07","slug":"nebo-450-flex","status":"publish","type":"product","link":"https:\/\/www.vadaszboltcsorna.hu\/index.php\/termek\/nebo-450-flex\/","title":{"rendered":"Nebo 450 Flex k\u00e9zi l\u00e1mpa"},"content":{"rendered":"<h3><\/h3>\n<h3 data-start=\"165\" data-end=\"236\">\ud83d\udca1 <strong data-start=\"172\" data-end=\"236\">NEBO 450 FLEX \u2013 A zsebl\u00e1mpa, ami t\u00falteljes\u00edt minden elv\u00e1r\u00e1st<\/strong><\/h3>\n<p data-start=\"238\" data-end=\"490\"><strong data-start=\"238\" data-end=\"285\">Mi tesz igaz\u00e1n k\u00fcl\u00f6nlegess\u00e9 egy zsebl\u00e1mp\u00e1t?<\/strong> A v\u00e1lasz: <strong data-start=\"296\" data-end=\"368\">er\u0151, rugalmass\u00e1g \u00e9s megb\u00edzhat\u00f3s\u00e1g \u2013 mindez egy kompakt testbe z\u00e1rva.<\/strong><br data-start=\"368\" data-end=\"371\" \/>A <strong data-start=\"373\" data-end=\"390\">NEBO 450 FLEX<\/strong> zsebl\u00e1mpa nem csup\u00e1n vil\u00e1g\u00edt, hanem alkalmazkodik \u2013 hozz\u00e1d, a k\u00f6rnyezethez, \u00e9s az adott helyzethez.<\/p>\n<h4 data-start=\"492\" data-end=\"518\">\u2728 <strong data-start=\"499\" data-end=\"518\">F\u0151bb jellemz\u0151k:<\/strong><\/h4>\n<ul data-start=\"519\" data-end=\"1072\">\n<li data-start=\"519\" data-end=\"641\">\n<p data-start=\"521\" data-end=\"641\"><strong data-start=\"521\" data-end=\"547\">Er\u0151s, id\u0151t\u00e1ll\u00f3 kivitel<\/strong> \u2013 elox\u00e1lt, rep\u00fcl\u0151ipari alum\u00ednium h\u00e1z, amely ellen\u00e1ll az \u00fct\u0151d\u00e9seknek \u00e9s a zord k\u00f6rnyezetnek.<\/p>\n<\/li>\n<li data-start=\"642\" data-end=\"729\">\n<p data-start=\"644\" data-end=\"729\"><strong data-start=\"644\" data-end=\"664\">V\u00edz- \u00e9s \u00fct\u00e9s\u00e1ll\u00f3<\/strong> \u2013 b\u00e1tran haszn\u00e1lhatod es\u0151ben, t\u00far\u00e1n, vagy munkav\u00e9gz\u00e9s k\u00f6zben is.<\/p>\n<\/li>\n<li data-start=\"730\" data-end=\"827\">\n<p data-start=\"732\" data-end=\"827\"><strong data-start=\"732\" data-end=\"754\">6x-os zoom funkci\u00f3<\/strong> \u2013 ir\u00e1ny\u00edtsd \u00e9s szab\u00e1lyozd a f\u00e9nyk\u00e9v\u00e9t \u00fagy, ahogy \u00e9ppen sz\u00fcks\u00e9ged van r\u00e1!<\/p>\n<\/li>\n<li data-start=\"828\" data-end=\"946\">\n<p data-start=\"830\" data-end=\"946\"><strong data-start=\"830\" data-end=\"870\">K\u00e9z n\u00e9lk\u00fcli haszn\u00e1lat? Nem probl\u00e9ma!<\/strong> \u2013 be\u00e9p\u00edtett <strong data-start=\"883\" data-end=\"896\">\u00f6vcsipesz<\/strong> \u00e9s <strong data-start=\"900\" data-end=\"922\">er\u0151s m\u00e1gneses talp<\/strong> teszi m\u00e9g sokoldal\u00fabb\u00e1.<\/p>\n<\/li>\n<li data-start=\"947\" data-end=\"1072\">\n<p data-start=\"949\" data-end=\"1072\"><strong data-start=\"949\" data-end=\"975\">Flex Power technol\u00f3gia<\/strong> \u2013 haszn\u00e1lhat\u00f3 \u00fajrat\u00f6lthet\u0151 <strong data-start=\"1003\" data-end=\"1029\">600 mAh akkumul\u00e1torral<\/strong> vagy <strong data-start=\"1035\" data-end=\"1049\">AA elemmel<\/strong>, a helyzett\u0151l f\u00fcgg\u0151en.<\/p>\n<\/li>\n<\/ul>\n<h4 data-start=\"1074\" data-end=\"1118\">\ud83d\udca5 <strong data-start=\"1082\" data-end=\"1118\">Vil\u00e1g\u00edt\u00e1si m\u00f3dok akkumul\u00e1torral:<\/strong><\/h4>\n<ul data-start=\"1119\" data-end=\"1223\">\n<li data-start=\"1119\" data-end=\"1156\">\n<p data-start=\"1121\" data-end=\"1156\">Turb\u00f3: <strong data-start=\"1128\" data-end=\"1141\">450 lumen<\/strong> (max. f\u00e9nyer\u0151)<\/p>\n<\/li>\n<li data-start=\"1157\" data-end=\"1178\">\n<p data-start=\"1159\" data-end=\"1178\">Nagy: <strong data-start=\"1165\" data-end=\"1178\">250 lumen<\/strong><\/p>\n<\/li>\n<li data-start=\"1179\" data-end=\"1198\">\n<p data-start=\"1181\" data-end=\"1198\">Kis: <strong data-start=\"1186\" data-end=\"1198\">80 lumen<\/strong><\/p>\n<\/li>\n<li data-start=\"1199\" data-end=\"1223\">\n<p data-start=\"1201\" data-end=\"1223\">Villog\u00f3: <strong data-start=\"1210\" data-end=\"1223\">250 lumen<\/strong><\/p>\n<\/li>\n<\/ul>\n<h4 data-start=\"1225\" data-end=\"1265\">\ud83d\udd0b <strong data-start=\"1233\" data-end=\"1265\">Vil\u00e1g\u00edt\u00e1si m\u00f3dok AA elemmel:<\/strong><\/h4>\n<ul data-start=\"1266\" data-end=\"1330\">\n<li data-start=\"1266\" data-end=\"1286\">\n<p data-start=\"1268\" data-end=\"1286\">Nagy: <strong data-start=\"1274\" data-end=\"1286\">90 lumen<\/strong><\/p>\n<\/li>\n<li data-start=\"1287\" data-end=\"1306\">\n<p data-start=\"1289\" data-end=\"1306\">Kis: <strong data-start=\"1294\" data-end=\"1306\">30 lumen<\/strong><\/p>\n<\/li>\n<li data-start=\"1307\" data-end=\"1330\">\n<p data-start=\"1309\" data-end=\"1330\">Villog\u00f3: <strong data-start=\"1318\" data-end=\"1330\">90 lumen<\/strong><\/p>\n<\/li>\n<\/ul>\n<h4 data-start=\"1332\" data-end=\"1351\">\ud83d\udccf <strong data-start=\"1340\" data-end=\"1351\">M\u00e9rete:<\/strong><\/h4>\n<ul data-start=\"1352\" data-end=\"1449\">\n<li data-start=\"1352\" data-end=\"1449\">\n<p data-start=\"1354\" data-end=\"1449\"><strong data-start=\"1354\" data-end=\"1391\">10,7 cm hossz\u00fa, \u22052,9 cm \u00e1tm\u00e9r\u0151vel<\/strong> \u2013 k\u00f6nnyen elf\u00e9r zsebben, t\u00e1sk\u00e1ban vagy szersz\u00e1mosl\u00e1d\u00e1ban.<\/p>\n<\/li>\n<\/ul>\n<hr data-start=\"1451\" data-end=\"1454\" \/>\n<p data-start=\"1456\" data-end=\"1665\">\ud83c\udfaf <strong data-start=\"1459\" data-end=\"1519\">Aj\u00e1nljuk mindenkinek, aki nem el\u00e9gszik meg az \u00e1tlagossal<\/strong> \u2013 legyen sz\u00f3 t\u00far\u00e1z\u00e1sr\u00f3l, szerel\u00e9sr\u0151l, kempingez\u00e9sr\u0151l vagy ak\u00e1r v\u00e9szhelyzeti haszn\u00e1latr\u00f3l.<br data-start=\"1609\" data-end=\"1612\" \/>A <strong data-start=\"1614\" data-end=\"1631\">NEBO 450 FLEX<\/strong> a f\u00e9ny, amire mindig sz\u00e1m\u00edthatsz.<\/p>\n<p data-start=\"1667\" data-end=\"1727\">\ud83d\uded2 <strong data-start=\"1670\" data-end=\"1727\">Rendeld meg most, \u00e9s tapasztald meg a NEBO min\u0151s\u00e9get!<\/strong><\/p>\n","protected":false},"excerpt":{"rendered":"<p>\ud83d\udca1 NEBO 450 FLEX \u2013 A zsebl\u00e1mpa, ami t\u00falteljes\u00edt minden elv\u00e1r\u00e1st Mi tesz igaz\u00e1n k\u00fcl\u00f6nlegess\u00e9 egy zsebl\u00e1mp\u00e1t? A v\u00e1lasz: er\u0151, rugalmass\u00e1g \u00e9s megb\u00edzhat\u00f3s\u00e1g \u2013 mindez egy kompakt testbe z\u00e1rva.A NEBO 450 FLEX zsebl\u00e1mpa nem csup\u00e1n vil\u00e1g\u00edt, hanem alkalmazkodik \u2013 hozz\u00e1d, a k\u00f6rnyezethez, \u00e9s az adott helyzethez. \u2728 F\u0151bb jellemz\u0151k: Er\u0151s, id\u0151t\u00e1ll\u00f3 kivitel \u2013 elox\u00e1lt, rep\u00fcl\u0151ipari [&hellip;]<\/p>\n","protected":false},"featured_media":7862,"comment_status":"open","ping_status":"closed","template":"","meta":{"_et_pb_use_builder":"","_et_pb_old_content":"","_et_gb_content_width":"","om_disable_all_campaigns":false},"product_brand":[],"product_cat":[21,1039,472],"product_tag":[1863],"class_list":{"0":"post-7857","1":"product","2":"type-product","3":"status-publish","4":"has-post-thumbnail","6":"product_cat-uj","7":"product_cat-kezi-lampa","8":"product_cat-lampa","9":"product_tag-nebo-450-flex-kezi-lampa","11":"first","12":"instock","13":"taxable","14":"shipping-taxable","15":"purchasable","16":"product-type-simple"},"_links":{"self":[{"href":"https:\/\/www.vadaszboltcsorna.hu\/index.php\/wp-json\/wp\/v2\/product\/7857","targetHints":{"allow":["GET"]}}],"collection":[{"href":"https:\/\/www.vadaszboltcsorna.hu\/index.php\/wp-json\/wp\/v2\/product"}],"about":[{"href":"https:\/\/www.vadaszboltcsorna.hu\/index.php\/wp-json\/wp\/v2\/types\/product"}],"replies":[{"embeddable":true,"href":"https:\/\/www.vadaszboltcsorna.hu\/index.php\/wp-json\/wp\/v2\/comments?post=7857"}],"wp:featuredmedia":[{"embeddable":true,"href":"https:\/\/www.vadaszboltcsorna.hu\/index.php\/wp-json\/wp\/v2\/media\/7862"}],"wp:attachment":[{"href":"https:\/\/www.vadaszboltcsorna.hu\/index.php\/wp-json\/wp\/v2\/media?parent=7857"}],"wp:term":[{"taxonomy":"product_brand","embeddable":true,"href":"https:\/\/www.vadaszboltcsorna.hu\/index.php\/wp-json\/wp\/v2\/product_brand?post=7857"},{"taxonomy":"product_cat","embeddable":true,"href":"https:\/\/www.vadaszboltcsorna.hu\/index.php\/wp-json\/wp\/v2\/product_cat?post=7857"},{"taxonomy":"product_tag","embeddable":true,"href":"https:\/\/www.vadaszboltcsorna.hu\/index.php\/wp-json\/wp\/v2\/product_tag?post=7857"}],"curies":[{"name":"wp","href":"https:\/\/api.w.org\/{rel}","templated":true}]}}