{"id":765,"date":"2021-05-04T10:58:15","date_gmt":"2021-05-04T10:58:15","guid":{"rendered":"http:\/\/www.vadaszboltcsorna.hu\/?post_type=product&#038;p=765"},"modified":"2025-07-18T07:19:53","modified_gmt":"2025-07-18T07:19:53","slug":"sellier-bellot-spce","status":"publish","type":"product","link":"https:\/\/www.vadaszboltcsorna.hu\/index.php\/termek\/sellier-bellot-spce\/","title":{"rendered":"Sellier &#038; Bellot SPCE 30-06"},"content":{"rendered":"<h2><strong>Sellier &amp; Bellot SPCE goly\u00f3s l\u0151szer\u00a0 30-06<br \/>\n<\/strong><\/h2>\n<p>&nbsp;<\/p>\n<h4>S\u00faly: 11.7g.<\/h4>\n<h4>F\u00e9lk\u00f6penyes Soft Point Cutting Edge l\u00f6ved\u00e9k.<\/h4>\n<h4>V\u00e1g\u00f3 \u00e9l z\u00e1rja \u00f6ssze a k\u00f6penyt az \u00f3lom maggal.<\/h4>\n<h4>Becsap\u00f3d\u00e1skor tiszta bemeneti sebet \u00e9s k\u00fcl\u00f6n\u00e1ll\u00f3, k\u00f6nnyen k\u00f6vethet\u0151 v\u00e9rcsatorn\u00e1kat hoz l\u00e9tre.<\/h4>\n<p><iframe loading=\"lazy\" title=\"30-06 Sellier and Bellot 150gr SPCE Ballistics Gel Ammo Test\" width=\"1080\" height=\"608\" src=\"https:\/\/www.youtube.com\/embed\/TUYkJGiczm4?feature=oembed\"  allow=\"accelerometer; autoplay; clipboard-write; encrypted-media; gyroscope; picture-in-picture; web-share\" referrerpolicy=\"strict-origin-when-cross-origin\" allowfullscreen><\/iframe><\/p>\n<h4><\/h4>\n<h4 style=\"text-align: center;\"><em>A le\u00edr\u00e1sban szerepl\u0151 adatok t\u00e1j\u00e9koztat\u00f3 jelleg\u0171ek, t\u00edpusonk\u00e9nt v\u00e1ltozhat!<\/em><br \/>\n<em>Kaliberekr\u0151l aktu\u00e1lis \u00e1rakr\u00f3l \u00e9s egy\u00e9b inform\u00e1ci\u00f3kr\u00f3l k\u00e9rj\u00fck \u00e9rdekl\u0151dj\u00f6n!<\/em><\/h4>\n<h4 style=\"text-align: center;\"><em><strong>A fegyvert\u00f6rv\u00e9ny \u00e9rtelm\u00e9ben, fegyvert, l\u0151szert kiz\u00e1r\u00f3lag szem\u00e9lyesen,az \u00fczletben fegyvertart\u00e1si enged\u00e9ly birtok\u00e1ban lehet v\u00e1s\u00e1rolni!<\/strong><\/em><br \/>\n<em><strong>A webshopban megrendelt fegyverek \u00e9s l\u0151szerek NEM ker\u00fclnek kisz\u00e1ll\u00edt\u00e1sra!\u00a0 Tov\u00e1bbi inform\u00e1ci\u00f3\u00e9rt l\u00e1togasson el boltunkba!<\/strong><\/em><\/h4>\n<h4 style=\"text-align: center;\"><em>Az \u00e1rak t\u00e1j\u00e9koztat\u00f3 jelleg\u0171ek nem min\u0151s\u00fcl hivatalos aj\u00e1nlat t\u00e9telnek!<\/em><br \/>\n<em>Az \u00e1rv\u00e1ltoz\u00e1s jog\u00e1t fenntartjuk!<\/em><\/h4>\n<h4 style=\"text-align: center;\"><\/h4>\n<p>&nbsp;<\/p>\n","protected":false},"excerpt":{"rendered":"<p>https:\/\/www.youtube.com\/watch?v=Y3lsNRaMuTM<\/p>\n","protected":false},"featured_media":7201,"comment_status":"open","ping_status":"closed","template":"","meta":{"_et_pb_use_builder":"","_et_pb_old_content":"","_et_gb_content_width":"","om_disable_all_campaigns":false},"product_brand":[],"product_cat":[21,225,224,202,232,240,239,226,238,242,243,199,200,201,252],"product_tag":[205,255,256,70],"class_list":{"0":"post-765","1":"product","2":"type-product","3":"status-publish","4":"has-post-thumbnail","6":"product_cat-uj","7":"product_cat-225","8":"product_cat-224","9":"product_cat-30-06","10":"product_cat-7mm-rem-mag","11":"product_cat-7x57","12":"product_cat-7x57r","13":"product_cat-7x64","14":"product_cat-7x65-r","15":"product_cat-8x57-irs","16":"product_cat-8x57-is","17":"product_cat-golyos-loszerek","18":"product_cat-kaliber","19":"product_cat-marka-golyos-loszerek","20":"product_cat-sellierbellot","21":"product_tag-golyos-loszer","22":"product_tag-sellier-bellot-spce","23":"product_tag-spce","24":"product_tag-vadaszat","26":"first","27":"instock","28":"taxable","29":"shipping-taxable","30":"purchasable","31":"product-type-simple"},"_links":{"self":[{"href":"https:\/\/www.vadaszboltcsorna.hu\/index.php\/wp-json\/wp\/v2\/product\/765","targetHints":{"allow":["GET"]}}],"collection":[{"href":"https:\/\/www.vadaszboltcsorna.hu\/index.php\/wp-json\/wp\/v2\/product"}],"about":[{"href":"https:\/\/www.vadaszboltcsorna.hu\/index.php\/wp-json\/wp\/v2\/types\/product"}],"replies":[{"embeddable":true,"href":"https:\/\/www.vadaszboltcsorna.hu\/index.php\/wp-json\/wp\/v2\/comments?post=765"}],"wp:featuredmedia":[{"embeddable":true,"href":"https:\/\/www.vadaszboltcsorna.hu\/index.php\/wp-json\/wp\/v2\/media\/7201"}],"wp:attachment":[{"href":"https:\/\/www.vadaszboltcsorna.hu\/index.php\/wp-json\/wp\/v2\/media?parent=765"}],"wp:term":[{"taxonomy":"product_brand","embeddable":true,"href":"https:\/\/www.vadaszboltcsorna.hu\/index.php\/wp-json\/wp\/v2\/product_brand?post=765"},{"taxonomy":"product_cat","embeddable":true,"href":"https:\/\/www.vadaszboltcsorna.hu\/index.php\/wp-json\/wp\/v2\/product_cat?post=765"},{"taxonomy":"product_tag","embeddable":true,"href":"https:\/\/www.vadaszboltcsorna.hu\/index.php\/wp-json\/wp\/v2\/product_tag?post=765"}],"curies":[{"name":"wp","href":"https:\/\/api.w.org\/{rel}","templated":true}]}}