{"id":7506,"date":"2025-05-14T10:08:46","date_gmt":"2025-05-14T10:08:46","guid":{"rendered":"https:\/\/www.vadaszboltcsorna.hu\/?post_type=product&#038;p=7506"},"modified":"2025-05-14T10:09:58","modified_gmt":"2025-05-14T10:09:58","slug":"os-trachten-hosszu-ujju-fiu-ing-egyedi-himzessel","status":"publish","type":"product","link":"https:\/\/www.vadaszboltcsorna.hu\/index.php\/termek\/os-trachten-hosszu-ujju-fiu-ing-egyedi-himzessel\/","title":{"rendered":"OS-Trachten hossz\u00fa ujj\u00fa fi\u00fa ing \u2013 Egyedi h\u00edmz\u00e9ssel 48001\/0795\/42"},"content":{"rendered":"<h3 style=\"text-align: center;\"><strong>OS-Trachten hossz\u00fa ujj\u00fa fi\u00fa ing \u2013 Egyedi h\u00edmz\u00e9ssel<\/strong><\/h3>\n<p class=\"\" data-start=\"317\" data-end=\"705\">Ez a k\u00fcl\u00f6nleges fi\u00fa ing az <strong data-start=\"344\" data-end=\"359\">OS-Trachten<\/strong> m\u00e1rk\u00e1t\u00f3l a hagyom\u00e1nyos st\u00edlus \u00e9s a modern r\u00e9szletek t\u00f6k\u00e9letes egyens\u00faly\u00e1t k\u00edn\u00e1lja. A 100%-ban pamutb\u00f3l k\u00e9sz\u00fclt, sima sz\u00f6v\u00e9s\u0171, kock\u00e1s anyag l\u00e9g\u00e1tereszt\u0151 \u00e9s k\u00e9nyelmes viseletet biztos\u00edt eg\u00e9sz napra. A <strong data-start=\"559\" data-end=\"585\">karakteres c\u00e1pa gall\u00e9r<\/strong> \u00e9s az <strong data-start=\"592\" data-end=\"611\">egyedi h\u00edmz\u00e9sek<\/strong> k\u00fcl\u00f6nlegess\u00e9 teszik ezt a modellt, legyen sz\u00f3 \u00fcnnepi esem\u00e9nyr\u0151l vagy h\u00e9tk\u00f6znapi eleganci\u00e1r\u00f3l.<\/p>\n<hr class=\"\" data-start=\"707\" data-end=\"710\" \/>\n<h4 class=\"\" data-start=\"712\" data-end=\"736\"><strong data-start=\"717\" data-end=\"736\">F\u0151bb jellemz\u0151k:<\/strong><\/h4>\n<ul data-start=\"737\" data-end=\"1410\">\n<li class=\"\" data-start=\"737\" data-end=\"819\">\n<p class=\"\" data-start=\"739\" data-end=\"819\"><strong data-start=\"739\" data-end=\"759\">Anyag\u00f6sszet\u00e9tel:<\/strong> 100% term\u00e9szetes pamut \u2013 puha tapint\u00e1s\u00fa, j\u00f3l szell\u0151z\u0151 anyag<\/p>\n<\/li>\n<li class=\"\" data-start=\"820\" data-end=\"915\">\n<p class=\"\" data-start=\"822\" data-end=\"915\"><strong data-start=\"822\" data-end=\"833\">Szab\u00e1s:<\/strong> Klasszikus gombos kialak\u00edt\u00e1s (<em data-start=\"864\" data-end=\"879\">durchgekn\u00f6pft<\/em>) a k\u00f6nny\u0171 fel- \u00e9s lev\u00e9tel \u00e9rdek\u00e9ben<\/p>\n<\/li>\n<li class=\"\" data-start=\"916\" data-end=\"1009\">\n<p class=\"\" data-start=\"918\" data-end=\"1009\"><strong data-start=\"918\" data-end=\"929\">Gall\u00e9r:<\/strong> Modern c\u00e1pa gall\u00e9r (<em data-start=\"950\" data-end=\"967\">Haifisch-Kragen<\/em>), amely k\u00fcl\u00f6nleges karaktert ad az ingnek<\/p>\n<\/li>\n<li class=\"\" data-start=\"1010\" data-end=\"1113\">\n<p class=\"\" data-start=\"1012\" data-end=\"1113\"><strong data-start=\"1012\" data-end=\"1022\">Ujjak:<\/strong> Felhajthat\u00f3 hossz\u00fa ujjak (<em data-start=\"1049\" data-end=\"1061\">krempelarm<\/em>), gombos r\u00f6gz\u00edt\u00e9ssel \u2013 alkalmazkodik az id\u0151j\u00e1r\u00e1shoz<\/p>\n<\/li>\n<li class=\"\" data-start=\"1114\" data-end=\"1203\">\n<p class=\"\" data-start=\"1116\" data-end=\"1203\"><strong data-start=\"1116\" data-end=\"1126\">Minta:<\/strong> Sima fel\u00fclet\u0171 kock\u00e1s sz\u00f6vet (<em data-start=\"1156\" data-end=\"1168\">glatt Karo<\/em>) \u2013 klasszikus \u00e9s divatos egyszerre<\/p>\n<\/li>\n<li class=\"\" data-start=\"1204\" data-end=\"1296\">\n<p class=\"\" data-start=\"1206\" data-end=\"1296\"><strong data-start=\"1206\" data-end=\"1217\">H\u00edmz\u00e9s:<\/strong> Egyedi h\u00edmz\u00e9si r\u00e9szletek (<em data-start=\"1244\" data-end=\"1264\">sonstige Stickerei<\/em>) \u2013 finoman megmunk\u00e1lt dekor\u00e1ci\u00f3<\/p>\n<\/li>\n<li class=\"\" data-start=\"1297\" data-end=\"1358\">\n<p class=\"\" data-start=\"1299\" data-end=\"1358\"><strong data-start=\"1299\" data-end=\"1309\">M\u00e1rka:<\/strong> OS-Trachten \u2013 autentikus st\u00edlus n\u00e9met min\u0151s\u00e9gben<\/p>\n<\/li>\n<li class=\"\" data-start=\"1359\" data-end=\"1410\">\n<p class=\"\" data-start=\"1361\" data-end=\"1410\"><strong data-start=\"1361\" data-end=\"1376\">C\u00e9lcsoport:<\/strong> Kisfi\u00fak sz\u00e1m\u00e1ra ide\u00e1lis v\u00e1laszt\u00e1s<\/p>\n<\/li>\n<\/ul>\n<hr class=\"\" data-start=\"1412\" data-end=\"1415\" \/>\n<h3 class=\"\" data-start=\"1417\" data-end=\"1439\"><strong data-start=\"1421\" data-end=\"1439\">Mire aj\u00e1nljuk?<\/strong><\/h3>\n<p class=\"\" data-start=\"1440\" data-end=\"1467\">Ez az ing kiv\u00e1l\u00f3 v\u00e1laszt\u00e1s:<\/p>\n<ul data-start=\"1468\" data-end=\"1607\">\n<li class=\"\" data-start=\"1468\" data-end=\"1490\">\n<p class=\"\" data-start=\"1470\" data-end=\"1490\">Csal\u00e1di \u00fcnneps\u00e9gekre<\/p>\n<\/li>\n<li class=\"\" data-start=\"1537\" data-end=\"1568\">\n<p class=\"\" data-start=\"1539\" data-end=\"1568\">St\u00edlusos h\u00e9tk\u00f6znapi viseletre<\/p>\n<\/li>\n<li class=\"\" data-start=\"1569\" data-end=\"1607\">\n<p class=\"\" data-start=\"1571\" data-end=\"1607\">Fot\u00f3z\u00e1sokhoz, k\u00fcl\u00f6nleges alkalmakhoz<\/p>\n<\/li>\n<\/ul>\n<hr class=\"\" data-start=\"1609\" data-end=\"1612\" \/>\n<h3 class=\"\" data-start=\"1614\" data-end=\"1647\"><strong data-start=\"1618\" data-end=\"1647\">Mi\u00e9rt \u00e9rdemes v\u00e1lasztani?<\/strong><\/h3>\n<p class=\"\" data-start=\"1648\" data-end=\"1750\">\u2705 100% term\u00e9szetes pamut<br data-start=\"1672\" data-end=\"1675\" \/>\u2705 Modern, m\u00e9gis hagyom\u00e1nyos st\u00edlus<br data-start=\"1709\" data-end=\"1712\" \/>\u2705 Egyedi r\u00e9szletek, pr\u00e9mium kidolgoz\u00e1s<\/p>\n","protected":false},"excerpt":{"rendered":"<p>OS-Trachten hossz\u00fa ujj\u00fa fi\u00fa ing \u2013 Egyedi h\u00edmz\u00e9ssel Ez a k\u00fcl\u00f6nleges fi\u00fa ing az OS-Trachten m\u00e1rk\u00e1t\u00f3l a hagyom\u00e1nyos st\u00edlus \u00e9s a modern r\u00e9szletek t\u00f6k\u00e9letes egyens\u00faly\u00e1t k\u00edn\u00e1lja. A 100%-ban pamutb\u00f3l k\u00e9sz\u00fclt, sima sz\u00f6v\u00e9s\u0171, kock\u00e1s anyag l\u00e9g\u00e1tereszt\u0151 \u00e9s k\u00e9nyelmes viseletet biztos\u00edt eg\u00e9sz napra. A karakteres c\u00e1pa gall\u00e9r \u00e9s az egyedi h\u00edmz\u00e9sek k\u00fcl\u00f6nlegess\u00e9 teszik ezt a modellt, legyen [&hellip;]<\/p>\n","protected":false},"featured_media":7509,"comment_status":"open","ping_status":"closed","template":"","meta":{"_et_pb_use_builder":"","_et_pb_old_content":"","_et_gb_content_width":"","om_disable_all_campaigns":false},"product_brand":[],"product_cat":[21,651,159],"product_tag":[1808],"class_list":{"0":"post-7506","1":"product","2":"type-product","3":"status-publish","4":"has-post-thumbnail","6":"product_cat-uj","7":"product_cat-ing","8":"product_cat-vadasz-ruhazat","9":"product_tag-os-trachten-hosszu-ujju-fiu-ing-egyedi-himzessel","11":"first","12":"instock","13":"taxable","14":"shipping-taxable","15":"purchasable","16":"product-type-variable"},"_links":{"self":[{"href":"https:\/\/www.vadaszboltcsorna.hu\/index.php\/wp-json\/wp\/v2\/product\/7506","targetHints":{"allow":["GET"]}}],"collection":[{"href":"https:\/\/www.vadaszboltcsorna.hu\/index.php\/wp-json\/wp\/v2\/product"}],"about":[{"href":"https:\/\/www.vadaszboltcsorna.hu\/index.php\/wp-json\/wp\/v2\/types\/product"}],"replies":[{"embeddable":true,"href":"https:\/\/www.vadaszboltcsorna.hu\/index.php\/wp-json\/wp\/v2\/comments?post=7506"}],"wp:featuredmedia":[{"embeddable":true,"href":"https:\/\/www.vadaszboltcsorna.hu\/index.php\/wp-json\/wp\/v2\/media\/7509"}],"wp:attachment":[{"href":"https:\/\/www.vadaszboltcsorna.hu\/index.php\/wp-json\/wp\/v2\/media?parent=7506"}],"wp:term":[{"taxonomy":"product_brand","embeddable":true,"href":"https:\/\/www.vadaszboltcsorna.hu\/index.php\/wp-json\/wp\/v2\/product_brand?post=7506"},{"taxonomy":"product_cat","embeddable":true,"href":"https:\/\/www.vadaszboltcsorna.hu\/index.php\/wp-json\/wp\/v2\/product_cat?post=7506"},{"taxonomy":"product_tag","embeddable":true,"href":"https:\/\/www.vadaszboltcsorna.hu\/index.php\/wp-json\/wp\/v2\/product_tag?post=7506"}],"curies":[{"name":"wp","href":"https:\/\/api.w.org\/{rel}","templated":true}]}}