{"id":7466,"date":"2025-05-06T11:39:07","date_gmt":"2025-05-06T11:39:07","guid":{"rendered":"https:\/\/www.vadaszboltcsorna.hu\/?post_type=product&#038;p=7466"},"modified":"2025-05-10T14:34:41","modified_gmt":"2025-05-10T14:34:41","slug":"foxpro-cottontail-sakalhivo-sip","status":"publish","type":"product","link":"https:\/\/www.vadaszboltcsorna.hu\/index.php\/termek\/foxpro-cottontail-sakalhivo-sip\/","title":{"rendered":"Foxpro Cottontail sak\u00e1lh\u00edv\u00f3 s\u00edp"},"content":{"rendered":"<h2><strong>Foxpro Cottontail sak\u00e1lh\u00edv\u00f3 s\u00edp<\/strong><\/h2>\n<h2 class=\"\" data-start=\"144\" data-end=\"215\"><strong data-start=\"147\" data-end=\"215\">A FOXPRO bemutatja \u00faj membr\u00e1nos ragadoz\u00f3h\u00edv\u00f3 s\u00edp term\u00e9kcsal\u00e1dj\u00e1t<\/strong><\/h2>\n<p class=\"\" data-start=\"217\" data-end=\"490\">A <strong data-start=\"219\" data-end=\"229\">FOXPRO<\/strong> \u00f6r\u00f6mmel mutatja be leg\u00fajabb <strong data-start=\"258\" data-end=\"288\">membr\u00e1nos ragadoz\u00f3h\u00edv\u00f3 s\u00edp<\/strong> term\u00e9kcsal\u00e1dj\u00e1t. Ezek a s\u00edpok rendk\u00edv\u00fcli <strong data-start=\"330\" data-end=\"357\">sokoldal\u00fas\u00e1got k\u00edn\u00e1lnak<\/strong>, lehet\u0151v\u00e9 t\u00e9ve, hogy gyorsan \u00e9s hat\u00e9konyan adj ki <strong data-start=\"408\" data-end=\"475\">sak\u00e1l\u00fcv\u00f6lt\u00e9st, k\u00f6ly\u00f6k seg\u00e9lyh\u00edv\u00e1st vagy m\u00e1s \u00e1llati seg\u00e9lyhangot<\/strong> a leshelyeden.<\/p>\n<p class=\"\" data-start=\"492\" data-end=\"685\">Ezek a sz\u00e1jba helyezhet\u0151 s\u00edpok <strong data-start=\"523\" data-end=\"547\">k\u00f6nnyen haszn\u00e1lhat\u00f3k<\/strong>, ugyanakkor <strong data-start=\"560\" data-end=\"582\">kiemelked\u0151 hanger\u0151<\/strong> el\u00e9r\u00e9s\u00e9re k\u00e9pesek. Az \u00faj term\u00e9kcsal\u00e1d minden egyes s\u00edpj\u00e1t <strong data-start=\"641\" data-end=\"684\">specifikusan egy adott hangra hangolt\u00e1k<\/strong>.<\/p>\n<p class=\"\" data-start=\"687\" data-end=\"850\">A <strong data-start=\"689\" data-end=\"703\">Cottontail<\/strong> s\u00edp p\u00e9ld\u00e1ul kifejezetten a <strong data-start=\"731\" data-end=\"776\">val\u00f3s\u00e1gh\u0171 ny\u00fal \u00e9s \u00fcregi ny\u00fal seg\u00e9lyhangok<\/strong> megsz\u00f3laltat\u00e1s\u00e1ra lett hangolva. Ez a s\u00edp <strong data-start=\"819\" data-end=\"849\">b\u00fcszk\u00e9n k\u00e9sz\u00fclt az USA-ban<\/strong>.<\/p>\n<hr class=\"\" data-start=\"852\" data-end=\"855\" \/>\n<h2 class=\"\" data-start=\"857\" data-end=\"879\"><strong data-start=\"860\" data-end=\"879\">F\u0151bb jellemz\u0151k:<\/strong><\/h2>\n<ul data-start=\"880\" data-end=\"1079\">\n<li class=\"\" data-start=\"880\" data-end=\"939\">\n<p class=\"\" data-start=\"882\" data-end=\"939\"><strong data-start=\"882\" data-end=\"933\">Lila, 0,003 mm-es hull\u00e1mos v\u00e1g\u00e1s\u00fa latex membr\u00e1n<\/strong> fel\u00fcl<\/p>\n<\/li>\n<li class=\"\" data-start=\"940\" data-end=\"984\">\n<p class=\"\" data-start=\"942\" data-end=\"984\"><strong data-start=\"942\" data-end=\"984\">0,003 mm-es profilaktikus als\u00f3 membr\u00e1n<\/strong><\/p>\n<\/li>\n<li class=\"\" data-start=\"985\" data-end=\"1047\">\n<p class=\"\" data-start=\"987\" data-end=\"1047\">Kifejezetten <strong data-start=\"1000\" data-end=\"1047\">ny\u00fal \u00e9s \u00fcregi ny\u00fal seg\u00e9lyhangokhoz hangolva<\/strong><\/p>\n<\/li>\n<li class=\"\" data-start=\"1048\" data-end=\"1079\">\n<p class=\"\" data-start=\"1050\" data-end=\"1079\"><strong data-start=\"1050\" data-end=\"1079\">Norm\u00e1l keretes kialak\u00edt\u00e1s<\/strong><\/p>\n<\/li>\n<\/ul>\n<p><iframe loading=\"lazy\" title=\"FOXPRO Cottontail Diaphragm\" width=\"1080\" height=\"608\" src=\"https:\/\/www.youtube.com\/embed\/shtBC1JmSVA?feature=oembed\"  allow=\"accelerometer; autoplay; clipboard-write; encrypted-media; gyroscope; picture-in-picture; web-share\" referrerpolicy=\"strict-origin-when-cross-origin\" allowfullscreen><\/iframe><\/p>\n<hr class=\"\" data-start=\"1081\" data-end=\"1084\" \/>\n<h2 class=\"\" data-start=\"1086\" data-end=\"1117\"><strong data-start=\"1089\" data-end=\"1117\">T\u00e1rol\u00e1s \u00e9s karbantart\u00e1s:<\/strong><\/h2>\n<p class=\"\" data-start=\"1119\" data-end=\"1276\">A membr\u00e1nos s\u00edpok megfelel\u0151 gondoz\u00e1sa <strong data-start=\"1157\" data-end=\"1221\">elengedhetetlen a hossz\u00fa t\u00e1v\u00fa, cs\u00facsmin\u0151s\u00e9g\u0171 teljes\u00edtm\u00e9nyhez<\/strong>. Az eg\u00e9sz szezon sor\u00e1n figyelj oda a karbantart\u00e1sukra!<\/p>\n<p class=\"\" data-start=\"1278\" data-end=\"1332\">\u00cdme n\u00e9h\u00e1ny tipp, hogyan \u0151rizheted meg s\u00edpod \u00e1llapot\u00e1t:<\/p>\n<ol data-start=\"1334\" data-end=\"1757\">\n<li class=\"\" data-start=\"1334\" data-end=\"1416\">\n<p class=\"\" data-start=\"1337\" data-end=\"1416\"><strong data-start=\"1337\" data-end=\"1355\">Haszn\u00e1lat ut\u00e1n<\/strong> \u00f6bl\u00edtsd le sz\u00e1jv\u00edz \u00e9s v\u00edz kever\u00e9k\u00e9vel, vagy sima csapv\u00edzzel.<\/p>\n<\/li>\n<li class=\"\" data-start=\"1417\" data-end=\"1496\">\n<p class=\"\" data-start=\"1420\" data-end=\"1496\">Tiszt\u00edt\u00e1s ut\u00e1n <strong data-start=\"1435\" data-end=\"1463\">\u00f3vatosan t\u00f6r\u00f6ld sz\u00e1razra<\/strong> t\u00f6r\u00f6lk\u00f6z\u0151vel vagy pap\u00edrt\u00f6rl\u0151vel.<\/p>\n<\/li>\n<li class=\"\" data-start=\"1497\" data-end=\"1604\">\n<p class=\"\" data-start=\"1500\" data-end=\"1604\">Helyezz egy <strong data-start=\"1512\" data-end=\"1557\">fogpiszk\u00e1l\u00f3t a fels\u0151 \u00e9s als\u00f3 membr\u00e1n k\u00f6z\u00e9<\/strong>, majd <strong data-start=\"1564\" data-end=\"1603\">hagyd leveg\u0151n sz\u00e1radni t\u00f6bb \u00f3r\u00e1n \u00e1t<\/strong>.<\/p>\n<\/li>\n<li class=\"\" data-start=\"1605\" data-end=\"1645\">\n<p class=\"\" data-start=\"1608\" data-end=\"1645\"><strong data-start=\"1608\" data-end=\"1645\">Soha ne tedd k\u00f6zvetlen napf\u00e9nyre!<\/strong><\/p>\n<\/li>\n<li class=\"\" data-start=\"1646\" data-end=\"1757\">\n<p class=\"\" data-start=\"1649\" data-end=\"1757\">Sz\u00e1rad\u00e1s ut\u00e1n vedd ki a fogpiszk\u00e1l\u00f3t, \u00e9s t\u00e1rold a s\u00edpot egy tasakban vagy dobozban, <strong data-start=\"1733\" data-end=\"1756\">h\u0171v\u00f6s, s\u00f6t\u00e9t helyen<\/strong>.<\/p>\n<\/li>\n<\/ol>\n<p class=\"\" data-start=\"1759\" data-end=\"1942\">\u26a0\ufe0f <strong data-start=\"1762\" data-end=\"1773\">Fontos!<\/strong> A h\u0151 <strong data-start=\"1779\" data-end=\"1802\">komoly k\u00e1rt okozhat<\/strong> a membr\u00e1nos s\u00edpban. Ha napon vagy forr\u00f3 aut\u00f3ban hagyod, a latex megny\u00falhat, ami <strong data-start=\"1883\" data-end=\"1942\">rontja a hangmin\u0151s\u00e9get \u00e9s cs\u00f6kkenti a s\u00edp \u00e9lettartam\u00e1t.<\/strong><\/p>\n","protected":false},"excerpt":{"rendered":"<p>Foxpro Cottontail sak\u00e1lh\u00edv\u00f3 s\u00edp A FOXPRO bemutatja \u00faj membr\u00e1nos ragadoz\u00f3h\u00edv\u00f3 s\u00edp term\u00e9kcsal\u00e1dj\u00e1t A FOXPRO \u00f6r\u00f6mmel mutatja be leg\u00fajabb membr\u00e1nos ragadoz\u00f3h\u00edv\u00f3 s\u00edp term\u00e9kcsal\u00e1dj\u00e1t. Ezek a s\u00edpok rendk\u00edv\u00fcli sokoldal\u00fas\u00e1got k\u00edn\u00e1lnak, lehet\u0151v\u00e9 t\u00e9ve, hogy gyorsan \u00e9s hat\u00e9konyan adj ki sak\u00e1l\u00fcv\u00f6lt\u00e9st, k\u00f6ly\u00f6k seg\u00e9lyh\u00edv\u00e1st vagy m\u00e1s \u00e1llati seg\u00e9lyhangot a leshelyeden. Ezek a sz\u00e1jba helyezhet\u0151 s\u00edpok k\u00f6nnyen haszn\u00e1lhat\u00f3k, ugyanakkor kiemelked\u0151 hanger\u0151 [&hellip;]<\/p>\n","protected":false},"featured_media":7467,"comment_status":"open","ping_status":"closed","template":"","meta":{"_et_pb_use_builder":"","_et_pb_old_content":"","_et_gb_content_width":"","om_disable_all_campaigns":false},"product_brand":[],"product_cat":[21,131,1758,1759],"product_tag":[1797],"class_list":{"0":"post-7466","1":"product","2":"type-product","3":"status-publish","4":"has-post-thumbnail","6":"product_cat-uj","7":"product_cat-vadeteto","8":"product_cat-vadhivo","9":"product_cat-vadhivo-vadeteto","10":"product_tag-foxpro-cottontail-sakalhivo-sip","12":"first","13":"instock","14":"taxable","15":"shipping-taxable","16":"purchasable","17":"product-type-simple"},"_links":{"self":[{"href":"https:\/\/www.vadaszboltcsorna.hu\/index.php\/wp-json\/wp\/v2\/product\/7466","targetHints":{"allow":["GET"]}}],"collection":[{"href":"https:\/\/www.vadaszboltcsorna.hu\/index.php\/wp-json\/wp\/v2\/product"}],"about":[{"href":"https:\/\/www.vadaszboltcsorna.hu\/index.php\/wp-json\/wp\/v2\/types\/product"}],"replies":[{"embeddable":true,"href":"https:\/\/www.vadaszboltcsorna.hu\/index.php\/wp-json\/wp\/v2\/comments?post=7466"}],"wp:featuredmedia":[{"embeddable":true,"href":"https:\/\/www.vadaszboltcsorna.hu\/index.php\/wp-json\/wp\/v2\/media\/7467"}],"wp:attachment":[{"href":"https:\/\/www.vadaszboltcsorna.hu\/index.php\/wp-json\/wp\/v2\/media?parent=7466"}],"wp:term":[{"taxonomy":"product_brand","embeddable":true,"href":"https:\/\/www.vadaszboltcsorna.hu\/index.php\/wp-json\/wp\/v2\/product_brand?post=7466"},{"taxonomy":"product_cat","embeddable":true,"href":"https:\/\/www.vadaszboltcsorna.hu\/index.php\/wp-json\/wp\/v2\/product_cat?post=7466"},{"taxonomy":"product_tag","embeddable":true,"href":"https:\/\/www.vadaszboltcsorna.hu\/index.php\/wp-json\/wp\/v2\/product_tag?post=7466"}],"curies":[{"name":"wp","href":"https:\/\/api.w.org\/{rel}","templated":true}]}}