{"id":7396,"date":"2025-04-11T09:48:15","date_gmt":"2025-04-11T09:48:15","guid":{"rendered":"https:\/\/www.vadaszboltcsorna.hu\/?post_type=product&#038;p=7396"},"modified":"2025-07-13T07:33:10","modified_gmt":"2025-07-13T07:33:10","slug":"foxpro-jackal-n-hyde","status":"publish","type":"product","link":"https:\/\/www.vadaszboltcsorna.hu\/index.php\/termek\/foxpro-jackal-n-hyde\/","title":{"rendered":"FOXPRO Jackal-N-Hyde"},"content":{"rendered":"<h3 class=\"\" data-start=\"483\" data-end=\"565\">\ud83c\udfaf FOXPRO Jackal-N-Hyde \u2013 a sak\u00e1lok \u00e9s r\u00f3k\u00e1k figyelm\u00e9nek felkelt\u00e9s\u00e9re tervezve<\/h3>\n<p class=\"\" data-start=\"567\" data-end=\"824\">A <strong data-start=\"569\" data-end=\"586\">Jackal-N-Hyde<\/strong> s\u00edp a FOXPRO k\u00edn\u00e1lat\u00e1nak egyik k\u00fcl\u00f6nleges darabja, mely <strong data-start=\"643\" data-end=\"679\">dupla z\u00e1rt n\u00e1ds\u00edp kialak\u00edt\u00e1s\u00e1nak<\/strong> k\u00f6sz\u00f6nhet\u0151en <strong data-start=\"693\" data-end=\"739\">rendk\u00edv\u00fcl egyedi v\u00e9szhangokat k\u00e9pes kiadni<\/strong>, amelyeket <strong data-start=\"751\" data-end=\"823\">m\u00e1s t\u00edpus\u00fa (nyitott vagy r\u00e1harap\u00f3s) s\u00edpokkal neh\u00e9z lenne el\u0151\u00e1ll\u00edtani<\/strong>.<\/p>\n<p class=\"\" data-start=\"826\" data-end=\"1007\">A hangszer <strong data-start=\"837\" data-end=\"861\">rekedtes, torokhang\u00fa<\/strong> ny\u00fal- \u00e9s \u0151zimit\u00e1ci\u00f3kra lett hangolva, \u00edgy <strong data-start=\"904\" data-end=\"979\">kiv\u00e1l\u00f3an alkalmazhat\u00f3 ragadoz\u00f3k \u2013 p\u00e9ld\u00e1ul sak\u00e1l, r\u00f3ka \u2013 becsalogat\u00e1s\u00e1ra<\/strong> m\u00e9g nagyobb t\u00e1vols\u00e1gb\u00f3l is.<\/p>\n<hr class=\"\" data-start=\"1009\" data-end=\"1012\" \/>\n<h3 class=\"\" data-start=\"1014\" data-end=\"1035\">\u2705 F\u0151bb jellemz\u0151k:<\/h3>\n<ul data-start=\"1036\" data-end=\"1367\">\n<li class=\"\" data-start=\"1036\" data-end=\"1106\">\n<p class=\"\" data-start=\"1038\" data-end=\"1106\"><strong data-start=\"1038\" data-end=\"1059\">Dupla z\u00e1rt n\u00e1ds\u00edp<\/strong> \u2013 speci\u00e1lis, er\u0151teljes \u00e9s karakteres hangz\u00e1s<\/p>\n<\/li>\n<li class=\"\" data-start=\"1107\" data-end=\"1169\">\n<p class=\"\" data-start=\"1109\" data-end=\"1169\"><strong data-start=\"1109\" data-end=\"1167\">Kiv\u00e1l\u00f3 ny\u00fal, \u0151z \u00e9s m\u00e1s kiseml\u0151s v\u00e9szhangok ut\u00e1nz\u00e1s\u00e1hoz<\/strong><\/p>\n<\/li>\n<li class=\"\" data-start=\"1170\" data-end=\"1260\">\n<p class=\"\" data-start=\"1172\" data-end=\"1260\"><strong data-start=\"1172\" data-end=\"1214\">\u00dajratervezett, puha \u00e9s rugalmas f\u00fav\u00f3ka<\/strong>, amely hosszabb haszn\u00e1lat ut\u00e1n is k\u00e9nyelmes<\/p>\n<\/li>\n<li class=\"\" data-start=\"1261\" data-end=\"1336\">\n<p class=\"\" data-start=\"1263\" data-end=\"1336\"><strong data-start=\"1263\" data-end=\"1286\">K\u00f6nnyen haszn\u00e1lhat\u00f3<\/strong>, kezd\u0151k \u00e9s tapasztalt vad\u00e1szok sz\u00e1m\u00e1ra egyar\u00e1nt<\/p>\n<\/li>\n<li class=\"\" data-start=\"1337\" data-end=\"1367\">\n<p class=\"\" data-start=\"1339\" data-end=\"1367\">Kompakt, k\u00f6nnyen sz\u00e1ll\u00edthat\u00f3<\/p>\n<\/li>\n<\/ul>\n<hr class=\"\" data-start=\"1369\" data-end=\"1372\" \/>\n<h3 class=\"\" data-start=\"1374\" data-end=\"1390\">\ud83d\udc3e Aj\u00e1nlott:<\/h3>\n<ul data-start=\"1391\" data-end=\"1529\">\n<li class=\"\" data-start=\"1391\" data-end=\"1461\">\n<p class=\"\" data-start=\"1393\" data-end=\"1461\"><strong data-start=\"1393\" data-end=\"1417\">Ragadoz\u00f3 vad\u00e1szathoz<\/strong>: sak\u00e1l, r\u00f3ka, aranysak\u00e1l, kutyaf\u00e9le fajok<\/p>\n<\/li>\n<li class=\"\" data-start=\"1462\" data-end=\"1529\">\n<p class=\"\" data-start=\"1464\" data-end=\"1529\"><strong data-start=\"1464\" data-end=\"1491\">\u00c1lc\u00e1zott lesvad\u00e1szathoz<\/strong> vagy <strong data-start=\"1497\" data-end=\"1518\">mozg\u00f3 vad\u00e1szathoz<\/strong> is ide\u00e1lis<\/p>\n<\/li>\n<\/ul>\n","protected":false},"excerpt":{"rendered":"<p>\ud83c\udfaf FOXPRO Jackal-N-Hyde \u2013 a sak\u00e1lok \u00e9s r\u00f3k\u00e1k figyelm\u00e9nek felkelt\u00e9s\u00e9re tervezve A Jackal-N-Hyde s\u00edp a FOXPRO k\u00edn\u00e1lat\u00e1nak egyik k\u00fcl\u00f6nleges darabja, mely dupla z\u00e1rt n\u00e1ds\u00edp kialak\u00edt\u00e1s\u00e1nak k\u00f6sz\u00f6nhet\u0151en rendk\u00edv\u00fcl egyedi v\u00e9szhangokat k\u00e9pes kiadni, amelyeket m\u00e1s t\u00edpus\u00fa (nyitott vagy r\u00e1harap\u00f3s) s\u00edpokkal neh\u00e9z lenne el\u0151\u00e1ll\u00edtani. A hangszer rekedtes, torokhang\u00fa ny\u00fal- \u00e9s \u0151zimit\u00e1ci\u00f3kra lett hangolva, \u00edgy kiv\u00e1l\u00f3an alkalmazhat\u00f3 ragadoz\u00f3k \u2013 [&hellip;]<\/p>\n","protected":false},"featured_media":7397,"comment_status":"open","ping_status":"closed","template":"","meta":{"_et_pb_use_builder":"","_et_pb_old_content":"","_et_gb_content_width":"","om_disable_all_campaigns":false},"product_brand":[],"product_cat":[21,1758,1759],"product_tag":[1786,1788,1787,1789,70],"class_list":{"0":"post-7396","1":"product","2":"type-product","3":"status-publish","4":"has-post-thumbnail","6":"product_cat-uj","7":"product_cat-vadhivo","8":"product_cat-vadhivo-vadeteto","9":"product_tag-foxpro-jackal-n-hyde","10":"product_tag-ragadozo-hivo","11":"product_tag-sakal","12":"product_tag-sip","13":"product_tag-vadaszat","15":"first","16":"instock","17":"taxable","18":"shipping-taxable","19":"purchasable","20":"product-type-simple"},"_links":{"self":[{"href":"https:\/\/www.vadaszboltcsorna.hu\/index.php\/wp-json\/wp\/v2\/product\/7396","targetHints":{"allow":["GET"]}}],"collection":[{"href":"https:\/\/www.vadaszboltcsorna.hu\/index.php\/wp-json\/wp\/v2\/product"}],"about":[{"href":"https:\/\/www.vadaszboltcsorna.hu\/index.php\/wp-json\/wp\/v2\/types\/product"}],"replies":[{"embeddable":true,"href":"https:\/\/www.vadaszboltcsorna.hu\/index.php\/wp-json\/wp\/v2\/comments?post=7396"}],"wp:featuredmedia":[{"embeddable":true,"href":"https:\/\/www.vadaszboltcsorna.hu\/index.php\/wp-json\/wp\/v2\/media\/7397"}],"wp:attachment":[{"href":"https:\/\/www.vadaszboltcsorna.hu\/index.php\/wp-json\/wp\/v2\/media?parent=7396"}],"wp:term":[{"taxonomy":"product_brand","embeddable":true,"href":"https:\/\/www.vadaszboltcsorna.hu\/index.php\/wp-json\/wp\/v2\/product_brand?post=7396"},{"taxonomy":"product_cat","embeddable":true,"href":"https:\/\/www.vadaszboltcsorna.hu\/index.php\/wp-json\/wp\/v2\/product_cat?post=7396"},{"taxonomy":"product_tag","embeddable":true,"href":"https:\/\/www.vadaszboltcsorna.hu\/index.php\/wp-json\/wp\/v2\/product_tag?post=7396"}],"curies":[{"name":"wp","href":"https:\/\/api.w.org\/{rel}","templated":true}]}}