{"id":7264,"date":"2025-04-03T07:00:47","date_gmt":"2025-04-03T07:00:47","guid":{"rendered":"https:\/\/www.vadaszboltcsorna.hu\/?post_type=product&#038;p=7264"},"modified":"2025-04-04T09:23:38","modified_gmt":"2025-04-04T09:23:38","slug":"casamoda-polo-004470-378","status":"publish","type":"product","link":"https:\/\/www.vadaszboltcsorna.hu\/index.php\/termek\/casamoda-polo-004470-378\/","title":{"rendered":"Casamoda p\u00f3l\u00f3 004470"},"content":{"rendered":"<h2 style=\"text-align: center;\"><strong>Casamoda p\u00f3l\u00f3 004470<\/strong><\/h2>\n<p>&nbsp;<\/p>\n<h3 class=\"\" data-start=\"149\" data-end=\"224\"><strong data-start=\"153\" data-end=\"222\">F\u00e9rfi egysz\u00edn\u0171 gall\u00e9ros p\u00f3l\u00f3 \u2013 id\u0151tlen st\u00edlus, maxim\u00e1lis k\u00e9nyelem<\/strong><\/h3>\n<p class=\"\" data-start=\"225\" data-end=\"245\"><strong data-start=\"225\" data-end=\"238\">Cikksz\u00e1m:<\/strong> 004470<\/p>\n<p class=\"\" data-start=\"247\" data-end=\"542\">Ez a klasszikus egysz\u00edn\u0171 gall\u00e9ros p\u00f3l\u00f3 kellemes tapint\u00e1s\u00fa, <strong data-start=\"306\" data-end=\"341\">magas min\u0151s\u00e9g\u0171 pamut-kever\u00e9kb\u0151l<\/strong> k\u00e9sz\u00fclt, amely garant\u00e1lja a k\u00e9nyelmes viseletet eg\u00e9sz nap.<br data-start=\"400\" data-end=\"403\" \/>Letisztult megjelen\u00e9s\u00e9t a <strong data-start=\"429\" data-end=\"448\">gombos nyakr\u00e9sz<\/strong> \u00e9s a <strong data-start=\"454\" data-end=\"476\">finom h\u00edmzett log\u00f3<\/strong> teszi k\u00fcl\u00f6nlegess\u00e9, \u00edgy egyszerre sportos \u00e9s eleg\u00e1ns hat\u00e1st kelt.<\/p>\n<p class=\"\" data-start=\"544\" data-end=\"566\">\ud83c\udfaf <strong data-start=\"547\" data-end=\"566\">F\u0151bb jellemz\u0151k:<\/strong><\/p>\n<ul data-start=\"567\" data-end=\"881\">\n<li class=\"\" data-start=\"567\" data-end=\"651\">\n<p class=\"\" data-start=\"569\" data-end=\"651\"><strong data-start=\"569\" data-end=\"600\">Kiv\u00e1l\u00f3 min\u0151s\u00e9g\u0171 pamut anyag<\/strong> enyhe elaszt\u00e1n tartalommal \u2013 k\u00e9nyelmes \u00e9s rugalmas<\/p>\n<\/li>\n<li class=\"\" data-start=\"652\" data-end=\"698\">\n<p class=\"\" data-start=\"654\" data-end=\"698\"><strong data-start=\"654\" data-end=\"671\">Norm\u00e1l szab\u00e1s<\/strong> a t\u00f6k\u00e9letes illeszked\u00e9s\u00e9rt<\/p>\n<\/li>\n<li class=\"\" data-start=\"699\" data-end=\"739\">\n<p class=\"\" data-start=\"701\" data-end=\"739\"><strong data-start=\"701\" data-end=\"739\">Sportos, m\u00e9gis visszafogott design<\/strong><\/p>\n<\/li>\n<li class=\"\" data-start=\"740\" data-end=\"772\">\n<p class=\"\" data-start=\"742\" data-end=\"772\"><strong data-start=\"742\" data-end=\"772\">Sz\u00ednben harmoniz\u00e1l\u00f3 gombok<\/strong><\/p>\n<\/li>\n<li class=\"\" data-start=\"773\" data-end=\"881\">\n<p class=\"\" data-start=\"775\" data-end=\"881\"><strong data-start=\"775\" data-end=\"803\">Sokoldal\u00faan kombin\u00e1lhat\u00f3<\/strong> \u2013 t\u00f6k\u00e9letes v\u00e1laszt\u00e1s szabadid\u0151s, utcai vagy ak\u00e1r laz\u00e1bb irodai szettekhez is<\/p>\n<\/li>\n<\/ul>\n<p class=\"\" data-start=\"883\" data-end=\"1076\">Ez a gall\u00e9ros p\u00f3l\u00f3 egy igazi <strong data-start=\"912\" data-end=\"925\">alapdarab<\/strong>, ami nem hi\u00e1nyozhat egyetlen f\u00e9rfi gardr\u00f3bj\u00e1b\u00f3l sem. Kombin\u00e1ld farmerrel, r\u00f6vidnadr\u00e1ggal vagy v\u00e1szonnadr\u00e1ggal, \u00e9s m\u00e1r k\u00e9sz is egy st\u00edlusos megjelen\u00e9s!<\/p>\n<p class=\"\" data-start=\"1078\" data-end=\"1103\">\ud83e\uddfc <strong data-start=\"1081\" data-end=\"1103\">Kezel\u00e9si \u00fatmutat\u00f3:<\/strong><\/p>\n<ul data-start=\"1104\" data-end=\"1287\">\n<li class=\"\" data-start=\"1104\" data-end=\"1129\">\n<p class=\"\" data-start=\"1106\" data-end=\"1129\">K\u00edm\u00e9l\u0151 mos\u00e1s 30 \u00b0C-on<\/p>\n<\/li>\n<li class=\"\" data-start=\"1130\" data-end=\"1146\">\n<p class=\"\" data-start=\"1132\" data-end=\"1146\">Ne feh\u00e9r\u00edtsd<\/p>\n<\/li>\n<li class=\"\" data-start=\"1147\" data-end=\"1176\">\n<p class=\"\" data-start=\"1149\" data-end=\"1176\">Ne sz\u00e1r\u00edtsd sz\u00e1r\u00edt\u00f3g\u00e9pben<\/p>\n<\/li>\n<li class=\"\" data-start=\"1177\" data-end=\"1206\">\n<p class=\"\" data-start=\"1179\" data-end=\"1206\">K\u00f6zepes h\u0151fokon vasalhat\u00f3<\/p>\n<\/li>\n<li class=\"\" data-start=\"1207\" data-end=\"1230\">\n<p class=\"\" data-start=\"1209\" data-end=\"1230\">Nem vegytiszt\u00edthat\u00f3<\/p>\n<\/li>\n<li class=\"\" data-start=\"1231\" data-end=\"1287\">\n<p class=\"\" data-start=\"1233\" data-end=\"1287\">Professzion\u00e1lis, k\u00edm\u00e9l\u0151 nedves tiszt\u00edt\u00e1s enged\u00e9lyezett<\/p>\n<\/li>\n<\/ul>\n<p class=\"\" data-start=\"1289\" data-end=\"1337\">\ud83d\udc55 <strong data-start=\"1292\" data-end=\"1312\">Anyag\u00f6sszet\u00e9tel:<\/strong><br data-start=\"1312\" data-end=\"1315\" \/>95% pamut, 5% elaszt\u00e1n<\/p>\n","protected":false},"excerpt":{"rendered":"<p>Casamoda p\u00f3l\u00f3 004470 &nbsp; F\u00e9rfi egysz\u00edn\u0171 gall\u00e9ros p\u00f3l\u00f3 \u2013 id\u0151tlen st\u00edlus, maxim\u00e1lis k\u00e9nyelem Cikksz\u00e1m: 004470 Ez a klasszikus egysz\u00edn\u0171 gall\u00e9ros p\u00f3l\u00f3 kellemes tapint\u00e1s\u00fa, magas min\u0151s\u00e9g\u0171 pamut-kever\u00e9kb\u0151l k\u00e9sz\u00fclt, amely garant\u00e1lja a k\u00e9nyelmes viseletet eg\u00e9sz nap.Letisztult megjelen\u00e9s\u00e9t a gombos nyakr\u00e9sz \u00e9s a finom h\u00edmzett log\u00f3 teszi k\u00fcl\u00f6nlegess\u00e9, \u00edgy egyszerre sportos \u00e9s eleg\u00e1ns hat\u00e1st kelt. \ud83c\udfaf F\u0151bb jellemz\u0151k: [&hellip;]<\/p>\n","protected":false},"featured_media":7266,"comment_status":"open","ping_status":"closed","template":"","meta":{"_et_pb_use_builder":"","_et_pb_old_content":"","_et_gb_content_width":"","om_disable_all_campaigns":false},"product_brand":[],"product_cat":[21,640,159],"product_tag":[1771],"class_list":{"0":"post-7264","1":"product","2":"type-product","3":"status-publish","4":"has-post-thumbnail","6":"product_cat-uj","7":"product_cat-polo","8":"product_cat-vadasz-ruhazat","9":"product_tag-casamoda-polo-004470-378","11":"first","12":"instock","13":"sale","14":"taxable","15":"shipping-taxable","16":"purchasable","17":"product-type-variable"},"_links":{"self":[{"href":"https:\/\/www.vadaszboltcsorna.hu\/index.php\/wp-json\/wp\/v2\/product\/7264","targetHints":{"allow":["GET"]}}],"collection":[{"href":"https:\/\/www.vadaszboltcsorna.hu\/index.php\/wp-json\/wp\/v2\/product"}],"about":[{"href":"https:\/\/www.vadaszboltcsorna.hu\/index.php\/wp-json\/wp\/v2\/types\/product"}],"replies":[{"embeddable":true,"href":"https:\/\/www.vadaszboltcsorna.hu\/index.php\/wp-json\/wp\/v2\/comments?post=7264"}],"wp:featuredmedia":[{"embeddable":true,"href":"https:\/\/www.vadaszboltcsorna.hu\/index.php\/wp-json\/wp\/v2\/media\/7266"}],"wp:attachment":[{"href":"https:\/\/www.vadaszboltcsorna.hu\/index.php\/wp-json\/wp\/v2\/media?parent=7264"}],"wp:term":[{"taxonomy":"product_brand","embeddable":true,"href":"https:\/\/www.vadaszboltcsorna.hu\/index.php\/wp-json\/wp\/v2\/product_brand?post=7264"},{"taxonomy":"product_cat","embeddable":true,"href":"https:\/\/www.vadaszboltcsorna.hu\/index.php\/wp-json\/wp\/v2\/product_cat?post=7264"},{"taxonomy":"product_tag","embeddable":true,"href":"https:\/\/www.vadaszboltcsorna.hu\/index.php\/wp-json\/wp\/v2\/product_tag?post=7264"}],"curies":[{"name":"wp","href":"https:\/\/api.w.org\/{rel}","templated":true}]}}