{"id":7262,"date":"2025-04-02T12:41:22","date_gmt":"2025-04-02T12:41:22","guid":{"rendered":"https:\/\/www.vadaszboltcsorna.hu\/?post_type=product&#038;p=7262"},"modified":"2025-05-19T10:16:55","modified_gmt":"2025-05-19T10:16:55","slug":"akah-haromreszes-vadaszkes","status":"publish","type":"product","link":"https:\/\/www.vadaszboltcsorna.hu\/index.php\/termek\/akah-haromreszes-vadaszkes\/","title":{"rendered":"AKAH H\u00e1romr\u00e9szes Vad\u00e1szk\u00e9s"},"content":{"rendered":"<p>\ud83d\udd2a\u00a0<strong>AKAH H\u00e1romr\u00e9szes Vad\u00e1szk\u00e9s Szett<\/strong>\u00a0\u2013 A t\u00f6k\u00e9letes t\u00e1rs a vad\u00e1szathoz! \ud83d\udd2a<\/p>\n<p>Ez a kiv\u00e1l\u00f3 min\u0151s\u00e9g\u0171\u00a0<strong>AKAH h\u00e1romr\u00e9szes vad\u00e1szk\u00e9s k\u00e9szlet<\/strong>\u00a0h\u00e1rom funkcion\u00e1lis peng\u00e9t k\u00edn\u00e1l egy praktikus tart\u00f3ban, amelyekkel minden vad\u00e1szati helyzetet k\u00f6nnyed\u00e9n megoldhatsz.<\/p>\n<h3>Mi\u00e9rt v\u00e1laszd az AKAH vad\u00e1szk\u00e9st?<\/h3>\n<ul>\n<li><strong>3 az 1-ben megold\u00e1s<\/strong>: A szett h\u00e1rom k\u00fcl\u00f6nb\u00f6z\u0151 k\u00e9st tartalmaz:\n<ul>\n<li><strong>8 cm-es Drop Point penge<\/strong>: T\u00f6k\u00e9letes a nagyobb \u00e1llatok, p\u00e9ld\u00e1ul szarvasok vagy vaddiszn\u00f3k lev\u00e1g\u00e1s\u00e1ra \u00e9s feldolgoz\u00e1s\u00e1ra.<\/li>\n<li><strong>8 cm-es horog penge<\/strong>: Kiv\u00e1l\u00f3 eszk\u00f6z a pontos b\u0151rny\u00faz\u00e1shoz \u00e9s belez\u00e9shez.<\/li>\n<li><strong>8 cm-es csontf\u0171r\u00e9sz<\/strong>: K\u00f6nnyed\u00e9n v\u00e1gja \u00e1t a csontokat, seg\u00edtve a vad feldolgoz\u00e1s\u00e1t.<\/li>\n<\/ul>\n<\/li>\n<li><strong>Kiv\u00e1l\u00f3 min\u0151s\u00e9g\u0171 anyagok<\/strong>: Tart\u00f3s \u00e9s strapab\u00edr\u00f3 kialak\u00edt\u00e1s\u00e1nak k\u00f6sz\u00f6nhet\u0151en ez a k\u00e9szlet t\u00f6k\u00e9letes v\u00e1laszt\u00e1s a hossz\u00fa vad\u00e1szatokhoz. A gum\u00edrozott markolat biztos fog\u00e1st ny\u00fajt, m\u00e9g nedves k\u00f6r\u00fclm\u00e9nyek k\u00f6z\u00f6tt is.<\/li>\n<li><strong>Praktikus tasak<\/strong>: A szetthez tartoz\u00f3 nejlon tok seg\u00edts\u00e9g\u00e9vel a k\u00e9sek k\u00f6nnyen t\u00e1rolhat\u00f3k \u00e9s sz\u00e1ll\u00edthat\u00f3k, \u00edgy mindig k\u00e9zn\u00e9l lesznek, amikor sz\u00fcks\u00e9ged van r\u00e1juk.<\/li>\n<\/ul>\n<h3>Mi\u00e9rt ide\u00e1lis a vad\u00e1szok sz\u00e1m\u00e1ra?<\/h3>\n<p>Ez a h\u00e1romr\u00e9szes vad\u00e1szk\u00e9s k\u00e9szlet minden olyan eszk\u00f6zt biztos\u00edt, amire sz\u00fcks\u00e9ged lehet a vad\u00e1szat sor\u00e1n, legyen sz\u00f3 b\u0151rny\u00faz\u00e1sr\u00f3l, belez\u00e9sr\u0151l vagy a csontok sz\u00e9tv\u00e1laszt\u00e1s\u00e1r\u00f3l. A pr\u00e9mium anyagok \u00e9s az ergonomikus kialak\u00edt\u00e1s k\u00e9nyelmet \u00e9s hat\u00e9konys\u00e1got garant\u00e1lnak, mik\u00f6zben a legkem\u00e9nyebb terepen is meg\u00e1llj\u00e1k a hely\u00fcket.<\/p>\n<p>\ud83d\udca5\u00a0<strong>AKAH H\u00e1romr\u00e9szes Vad\u00e1szk\u00e9s Szett \u2013 Az igazi vad\u00e1szok v\u00e1laszt\u00e1sa!<\/strong>\u00a0\ud83d\udca5<\/p>\n","protected":false},"excerpt":{"rendered":"<p>\ud83d\udd2a\u00a0AKAH H\u00e1romr\u00e9szes Vad\u00e1szk\u00e9s Szett\u00a0\u2013 A t\u00f6k\u00e9letes t\u00e1rs a vad\u00e1szathoz! \ud83d\udd2a Ez a kiv\u00e1l\u00f3 min\u0151s\u00e9g\u0171\u00a0AKAH h\u00e1romr\u00e9szes vad\u00e1szk\u00e9s k\u00e9szlet\u00a0h\u00e1rom funkcion\u00e1lis peng\u00e9t k\u00edn\u00e1l egy praktikus tart\u00f3ban, amelyekkel minden vad\u00e1szati helyzetet k\u00f6nnyed\u00e9n megoldhatsz. Mi\u00e9rt v\u00e1laszd az AKAH vad\u00e1szk\u00e9st? 3 az 1-ben megold\u00e1s: A szett h\u00e1rom k\u00fcl\u00f6nb\u00f6z\u0151 k\u00e9st tartalmaz: 8 cm-es Drop Point penge: T\u00f6k\u00e9letes a nagyobb \u00e1llatok, p\u00e9ld\u00e1ul szarvasok [&hellip;]<\/p>\n","protected":false},"featured_media":7263,"comment_status":"open","ping_status":"closed","template":"","meta":{"_et_pb_use_builder":"","_et_pb_old_content":"","_et_gb_content_width":"","om_disable_all_campaigns":false},"product_brand":[],"product_cat":[21,166,167],"product_tag":[1770],"class_list":{"0":"post-7262","1":"product","2":"type-product","3":"status-publish","4":"has-post-thumbnail","6":"product_cat-uj","7":"product_cat-kesek","8":"product_cat-zsebkesek","9":"product_tag-akah-haromreszes-vadaszkes","11":"first","12":"instock","13":"taxable","14":"shipping-taxable","15":"purchasable","16":"product-type-simple"},"_links":{"self":[{"href":"https:\/\/www.vadaszboltcsorna.hu\/index.php\/wp-json\/wp\/v2\/product\/7262","targetHints":{"allow":["GET"]}}],"collection":[{"href":"https:\/\/www.vadaszboltcsorna.hu\/index.php\/wp-json\/wp\/v2\/product"}],"about":[{"href":"https:\/\/www.vadaszboltcsorna.hu\/index.php\/wp-json\/wp\/v2\/types\/product"}],"replies":[{"embeddable":true,"href":"https:\/\/www.vadaszboltcsorna.hu\/index.php\/wp-json\/wp\/v2\/comments?post=7262"}],"wp:featuredmedia":[{"embeddable":true,"href":"https:\/\/www.vadaszboltcsorna.hu\/index.php\/wp-json\/wp\/v2\/media\/7263"}],"wp:attachment":[{"href":"https:\/\/www.vadaszboltcsorna.hu\/index.php\/wp-json\/wp\/v2\/media?parent=7262"}],"wp:term":[{"taxonomy":"product_brand","embeddable":true,"href":"https:\/\/www.vadaszboltcsorna.hu\/index.php\/wp-json\/wp\/v2\/product_brand?post=7262"},{"taxonomy":"product_cat","embeddable":true,"href":"https:\/\/www.vadaszboltcsorna.hu\/index.php\/wp-json\/wp\/v2\/product_cat?post=7262"},{"taxonomy":"product_tag","embeddable":true,"href":"https:\/\/www.vadaszboltcsorna.hu\/index.php\/wp-json\/wp\/v2\/product_tag?post=7262"}],"curies":[{"name":"wp","href":"https:\/\/api.w.org\/{rel}","templated":true}]}}