{"id":6891,"date":"2025-02-03T11:11:52","date_gmt":"2025-02-03T11:11:52","guid":{"rendered":"https:\/\/www.vadaszboltcsorna.hu\/?post_type=product&#038;p=6891"},"modified":"2025-02-03T11:14:36","modified_gmt":"2025-02-03T11:14:36","slug":"atra-tar-bukkfakatrany-320g","status":"publish","type":"product","link":"https:\/\/www.vadaszboltcsorna.hu\/index.php\/termek\/atra-tar-bukkfakatrany-320g\/","title":{"rendered":"Atra Tar b\u00fckkfak\u00e1tr\u00e1ny 320g."},"content":{"rendered":"<h2 style=\"text-align: center;\"><strong>Atra Tar b\u00fckkfak\u00e1tr\u00e1ny 320g.<\/strong><\/h2>\n<p>&nbsp;<\/p>\n<div class=\"flex max-w-full flex-col flex-grow\">\n<div class=\"min-h-8 text-message flex w-full flex-col items-end gap-2 whitespace-normal break-words text-start [.text-message+&amp;]:mt-5\" dir=\"auto\" data-message-author-role=\"assistant\" data-message-id=\"263bc631-2f3b-4f30-88ee-d50df1a378c1\" data-message-model-slug=\"gpt-4o\">\n<div class=\"flex w-full flex-col gap-1 empty:hidden first:pt-[3px]\">\n<div class=\"markdown prose w-full break-words dark:prose-invert light\">\n<h4><strong>AtraTar<\/strong> egy v\u00edzb\u00e1zis\u00fa, m\u00f3dos\u00edtott b\u00fckkk\u00e1tr\u00e1ny, amelyet vaddiszn\u00f3k \u00e9s szarvasok vonz\u00e1s\u00e1ra terveztek. A vad\u00e1llatok nagy t\u00e1vols\u00e1gb\u00f3l meg\u00e9rzik a b\u00fckkk\u00e1tr\u00e1ny jellegzetes illat\u00e1t, ami pontosan oda vezeti \u0151ket, ahov\u00e1 szeretn\u00e9d \u2013 ak\u00e1r megfigyel\u00e9s, f\u00e9nyk\u00e9pez\u00e9s vagy vad\u00e1szat c\u00e9lj\u00e1b\u00f3l. Az <strong>AtraTar<\/strong> v\u00edzzel lemoshat\u00f3, de sz\u00e1rad\u00e1s ut\u00e1n v\u00edz\u00e1ll\u00f3v\u00e1 v\u00e1lik.<\/h4>\n<h4><strong>Haszn\u00e1lati utas\u00edt\u00e1s:<\/strong><\/h4>\n<ul>\n<li>\n<h4>Vidd fel elhalt f\u00e1kra, tusk\u00f3kra vagy a vadak d\u00f6rg\u00f6l\u0151z\u00e9s\u00e9re alkalmas k\u00f6vekre.<\/h4>\n<\/li>\n<li>\n<h4>Az alkalmaz\u00e1shoz haszn\u00e1lt eszk\u00f6zt v\u00edzzel tiszt\u00edtsd meg.<\/h4>\n<\/li>\n<\/ul>\n<h4><strong>Haszn\u00e1lat el\u0151tt alaposan keverd fel!<\/strong><\/h4>\n<h4><strong>Tulajdons\u00e1gok:<\/strong><\/h4>\n<ul>\n<li>\n<h4>K\u00f6nnyen felvihet\u0151 spatul\u00e1val vagy ecsettel. Az eszk\u00f6z v\u00edzzel tiszt\u00edthat\u00f3 az alkalmaz\u00e1s ut\u00e1n.<\/h4>\n<\/li>\n<li>\n<h4>Az <strong>AtraTar<\/strong>-ral szennyezett b\u0151r v\u00edzzel \u00e9s szappannal k\u00f6nnyen tiszt\u00edthat\u00f3. A ruh\u00e1zat mos\u00f3g\u00e9pben moshat\u00f3 speci\u00e1lis tiszt\u00edt\u00f3szerek n\u00e9lk\u00fcl.<\/h4>\n<\/li>\n<li>\n<h4>Sz\u00e1rad\u00e1s ut\u00e1n ellen\u00e1ll az es\u0151nek \u00e9s t\u00f6bb h\u00f3napon kereszt\u00fcl hat\u00e1sos marad.<\/h4>\n<\/li>\n<\/ul>\n<\/div>\n<\/div>\n<\/div>\n<\/div>\n<div class=\"mb-2 flex gap-3 empty:hidden -ml-2\"><\/div>\n","protected":false},"excerpt":{"rendered":"<p>Atra Tar b\u00fckkfak\u00e1tr\u00e1ny 320g. &nbsp; AtraTar egy v\u00edzb\u00e1zis\u00fa, m\u00f3dos\u00edtott b\u00fckkk\u00e1tr\u00e1ny, amelyet vaddiszn\u00f3k \u00e9s szarvasok vonz\u00e1s\u00e1ra terveztek. A vad\u00e1llatok nagy t\u00e1vols\u00e1gb\u00f3l meg\u00e9rzik a b\u00fckkk\u00e1tr\u00e1ny jellegzetes illat\u00e1t, ami pontosan oda vezeti \u0151ket, ahov\u00e1 szeretn\u00e9d \u2013 ak\u00e1r megfigyel\u00e9s, f\u00e9nyk\u00e9pez\u00e9s vagy vad\u00e1szat c\u00e9lj\u00e1b\u00f3l. Az AtraTar v\u00edzzel lemoshat\u00f3, de sz\u00e1rad\u00e1s ut\u00e1n v\u00edz\u00e1ll\u00f3v\u00e1 v\u00e1lik. Haszn\u00e1lati utas\u00edt\u00e1s: Vidd fel elhalt f\u00e1kra, tusk\u00f3kra [&hellip;]<\/p>\n","protected":false},"featured_media":6892,"comment_status":"open","ping_status":"closed","template":"","meta":{"_et_pb_use_builder":"","_et_pb_old_content":"","_et_gb_content_width":"","om_disable_all_campaigns":false},"product_brand":[],"product_cat":[21,1595,131],"product_tag":[1598],"class_list":{"0":"post-6891","1":"product","2":"type-product","3":"status-publish","4":"has-post-thumbnail","6":"product_cat-uj","7":"product_cat-csalifolyadek","8":"product_cat-vadeteto","9":"product_tag-atra-tar-bukkfakatrany-320g","11":"first","12":"instock","13":"taxable","14":"shipping-taxable","15":"purchasable","16":"product-type-simple"},"_links":{"self":[{"href":"https:\/\/www.vadaszboltcsorna.hu\/index.php\/wp-json\/wp\/v2\/product\/6891","targetHints":{"allow":["GET"]}}],"collection":[{"href":"https:\/\/www.vadaszboltcsorna.hu\/index.php\/wp-json\/wp\/v2\/product"}],"about":[{"href":"https:\/\/www.vadaszboltcsorna.hu\/index.php\/wp-json\/wp\/v2\/types\/product"}],"replies":[{"embeddable":true,"href":"https:\/\/www.vadaszboltcsorna.hu\/index.php\/wp-json\/wp\/v2\/comments?post=6891"}],"wp:featuredmedia":[{"embeddable":true,"href":"https:\/\/www.vadaszboltcsorna.hu\/index.php\/wp-json\/wp\/v2\/media\/6892"}],"wp:attachment":[{"href":"https:\/\/www.vadaszboltcsorna.hu\/index.php\/wp-json\/wp\/v2\/media?parent=6891"}],"wp:term":[{"taxonomy":"product_brand","embeddable":true,"href":"https:\/\/www.vadaszboltcsorna.hu\/index.php\/wp-json\/wp\/v2\/product_brand?post=6891"},{"taxonomy":"product_cat","embeddable":true,"href":"https:\/\/www.vadaszboltcsorna.hu\/index.php\/wp-json\/wp\/v2\/product_cat?post=6891"},{"taxonomy":"product_tag","embeddable":true,"href":"https:\/\/www.vadaszboltcsorna.hu\/index.php\/wp-json\/wp\/v2\/product_tag?post=6891"}],"curies":[{"name":"wp","href":"https:\/\/api.w.org\/{rel}","templated":true}]}}