{"id":6613,"date":"2024-12-06T12:29:12","date_gmt":"2024-12-06T12:29:12","guid":{"rendered":"https:\/\/www.vadaszboltcsorna.hu\/?post_type=product&#038;p=6613"},"modified":"2025-10-08T13:30:28","modified_gmt":"2025-10-08T13:30:28","slug":"delphin-hybro-teli-sapka","status":"publish","type":"product","link":"https:\/\/www.vadaszboltcsorna.hu\/index.php\/termek\/delphin-hybro-teli-sapka\/","title":{"rendered":"Delphin Hybro T\u00e9li Sapka"},"content":{"rendered":"<h2 class=\"long-description__title main-title\">Delphin Hybro T\u00e9li Sapka<\/h2>\n<p>Meleg anyagokb\u00f3l k\u00e9sz\u00fclt, kiv\u00e1l\u00f3 min\u0151s\u00e9g\u0171 k\u00f6t\u00f6tt sapka, mely kiv\u00e9teles k\u00e9nyelmet biztos\u00edt a v\u00edz mellett a t\u00e9li h\u00f3napokban.<\/p>\n<p>A k\u00fcls\u0151 s\u00f6t\u00e9tz\u00f6ld anyag rugalmas \u00e9s alkalmazkod\u00f3, \u00edgy a kalap univerz\u00e1lis m\u00e9rettel rendelkezik. Az eleje er\u0151s karim\u00e1val van ell\u00e1tva, amely v\u00e9di a szemet \u00e9s az arcot a napf\u00e9nyt\u0151l, valamint az es\u0151t\u0151l \u00e9s a h\u00f3t\u00f3l.<\/p>\n<p>A\u00a0<strong>HYBRO<\/strong>\u00a0oldal\u00e1n f\u00fclv\u00e9d\u0151k vannak, hogy megv\u00e9dj\u00e9k a f\u00fcleket a hidegt\u0151l \u00e9s a fagyos sz\u00e9lt\u0151l. Bels\u0151 oldala meleg, sz\u0151rmeszer\u0171 fekete anyaggal b\u00e9lelt.<\/p>\n<p><iframe loading=\"lazy\" title=\"Delphin HYBRO\" width=\"1080\" height=\"608\" src=\"https:\/\/www.youtube.com\/embed\/IvKq7LzQ5jQ?feature=oembed\"  allow=\"accelerometer; autoplay; clipboard-write; encrypted-media; gyroscope; picture-in-picture; web-share\" referrerpolicy=\"strict-origin-when-cross-origin\" allowfullscreen><\/iframe><\/p>\n<p><strong>Delphin Hybro T\u00e9li Sapka<\/strong><\/p>\n<p><strong>\u00bb<\/strong>\u00a0Kiv\u00e1l\u00f3 min\u0151s\u00e9g<br \/>\n<strong>\u00bb<\/strong>\u00a0Univerz\u00e1lis m\u00e9ret, rugalmas anyag<br \/>\n<strong>\u00bb<\/strong>\u00a0Sz\u0151rm\u00e9vel b\u00e9lelt<br \/>\n<strong>\u00bb<\/strong>\u00a0Extra f\u00fclv\u00e9d\u0151<\/p>\n<p>M\u00e9ret n\u00e9lk\u00fcli<\/p>\n","protected":false},"excerpt":{"rendered":"<p>Delphin Hybro T\u00e9li Sapka Meleg anyagokb\u00f3l k\u00e9sz\u00fclt, kiv\u00e1l\u00f3 min\u0151s\u00e9g\u0171 k\u00f6t\u00f6tt sapka, mely kiv\u00e9teles k\u00e9nyelmet biztos\u00edt a v\u00edz mellett a t\u00e9li h\u00f3napokban. A k\u00fcls\u0151 s\u00f6t\u00e9tz\u00f6ld anyag rugalmas \u00e9s alkalmazkod\u00f3, \u00edgy a kalap univerz\u00e1lis m\u00e9rettel rendelkezik. Az eleje er\u0151s karim\u00e1val van ell\u00e1tva, amely v\u00e9di a szemet \u00e9s az arcot a napf\u00e9nyt\u0151l, valamint az es\u0151t\u0151l \u00e9s a h\u00f3t\u00f3l. [&hellip;]<\/p>\n","protected":false},"featured_media":6616,"comment_status":"open","ping_status":"closed","template":"","meta":{"_et_pb_use_builder":"","_et_pb_old_content":"","_et_gb_content_width":"","om_disable_all_campaigns":false},"product_brand":[],"product_cat":[21,771,159],"product_tag":[1571],"class_list":{"0":"post-6613","1":"product","2":"type-product","3":"status-publish","4":"has-post-thumbnail","6":"product_cat-uj","7":"product_cat-sapka-sal-kesztyu-zokni","8":"product_cat-vadasz-ruhazat","9":"product_tag-delphin-hybro-teli-sapka","11":"first","12":"instock","13":"taxable","14":"shipping-taxable","15":"purchasable","16":"product-type-simple"},"_links":{"self":[{"href":"https:\/\/www.vadaszboltcsorna.hu\/index.php\/wp-json\/wp\/v2\/product\/6613","targetHints":{"allow":["GET"]}}],"collection":[{"href":"https:\/\/www.vadaszboltcsorna.hu\/index.php\/wp-json\/wp\/v2\/product"}],"about":[{"href":"https:\/\/www.vadaszboltcsorna.hu\/index.php\/wp-json\/wp\/v2\/types\/product"}],"replies":[{"embeddable":true,"href":"https:\/\/www.vadaszboltcsorna.hu\/index.php\/wp-json\/wp\/v2\/comments?post=6613"}],"wp:featuredmedia":[{"embeddable":true,"href":"https:\/\/www.vadaszboltcsorna.hu\/index.php\/wp-json\/wp\/v2\/media\/6616"}],"wp:attachment":[{"href":"https:\/\/www.vadaszboltcsorna.hu\/index.php\/wp-json\/wp\/v2\/media?parent=6613"}],"wp:term":[{"taxonomy":"product_brand","embeddable":true,"href":"https:\/\/www.vadaszboltcsorna.hu\/index.php\/wp-json\/wp\/v2\/product_brand?post=6613"},{"taxonomy":"product_cat","embeddable":true,"href":"https:\/\/www.vadaszboltcsorna.hu\/index.php\/wp-json\/wp\/v2\/product_cat?post=6613"},{"taxonomy":"product_tag","embeddable":true,"href":"https:\/\/www.vadaszboltcsorna.hu\/index.php\/wp-json\/wp\/v2\/product_tag?post=6613"}],"curies":[{"name":"wp","href":"https:\/\/api.w.org\/{rel}","templated":true}]}}