{"id":6550,"date":"2024-12-05T11:14:20","date_gmt":"2024-12-05T11:14:20","guid":{"rendered":"https:\/\/www.vadaszboltcsorna.hu\/?post_type=product&#038;p=6550"},"modified":"2025-11-24T11:59:06","modified_gmt":"2025-11-24T11:59:06","slug":"verney-carron-presly-polar-kabat-barna-lvpo049","status":"publish","type":"product","link":"https:\/\/www.vadaszboltcsorna.hu\/index.php\/termek\/verney-carron-presly-polar-kabat-barna-lvpo049\/","title":{"rendered":"VERNEY-CARRON PRESLY POL\u00c1R KAB\u00c1T BARNA (LVPO049)"},"content":{"rendered":"<h2><strong>VERNEY-CARRON PRESLY POL\u00c1R KAB\u00c1T BARNA (LVPO049)<\/strong><\/h2>\n<h3 id=\"termeklap_rovid_leiras\">Presly vastag, kellemes tapint\u00e1s\u00fa pol\u00e1r kab\u00e1t. Barna sz\u00ednben.<\/h3>\n<h3 id=\"termeklap_leiras\">Presly 450g\/m2 anyags\u0171r\u0171s\u00e9g\u0171 vastag, kellemes tapint\u00e1s\u00fa pol\u00e1r kab\u00e1t.<br \/>\nHideg id\u0151ben is megtartja optim\u00e1lis komfort\u00e9rzet\u00fcnket. A steppelt v\u00e1ll, illetve k\u00f6ny\u00f6kfoltnak k\u00f6sz\u00f6nhet\u0151en eleg\u00e1ns megjelen\u00e9st biztos\u00edt. Praktikus cipz\u00e1ros mellzsebbel \u00e9s k\u00e9t oldals\u00f3 zsebbel.<\/h3>\n<table id=\"termeklap_tablazat_parameterek\" class=\"termeklap_tablazat\">\n<tbody>\n<tr class=\"termeklap_tablazat_sor\">\n<td class=\"termeklap_tablazat_nev\">\n<h3>Sz\u00edn<\/h3>\n<\/td>\n<td class=\"termeklap_tablazat_ertek\">\n<h3>barna<\/h3>\n<\/td>\n<\/tr>\n<\/tbody>\n<\/table>\n","protected":false},"excerpt":{"rendered":"<p>VERNEY-CARRON PRESLY POL\u00c1R KAB\u00c1T BARNA (LVPO049) Presly vastag, kellemes tapint\u00e1s\u00fa pol\u00e1r kab\u00e1t. Barna sz\u00ednben. Presly 450g\/m2 anyags\u0171r\u0171s\u00e9g\u0171 vastag, kellemes tapint\u00e1s\u00fa pol\u00e1r kab\u00e1t. Hideg id\u0151ben is megtartja optim\u00e1lis komfort\u00e9rzet\u00fcnket. A steppelt v\u00e1ll, illetve k\u00f6ny\u00f6kfoltnak k\u00f6sz\u00f6nhet\u0151en eleg\u00e1ns megjelen\u00e9st biztos\u00edt. Praktikus cipz\u00e1ros mellzsebbel \u00e9s k\u00e9t oldals\u00f3 zsebbel. Sz\u00edn barna<\/p>\n","protected":false},"featured_media":6551,"comment_status":"open","ping_status":"closed","template":"","meta":{"_et_pb_use_builder":"","_et_pb_old_content":"","_et_gb_content_width":"","om_disable_all_campaigns":false},"product_brand":[],"product_cat":[21,596,159],"product_tag":[1554],"class_list":{"0":"post-6550","1":"product","2":"type-product","3":"status-publish","4":"has-post-thumbnail","6":"product_cat-uj","7":"product_cat-pulover","8":"product_cat-vadasz-ruhazat","9":"product_tag-verney-carron-presly-polar-kabat-barna-lvpo049","11":"first","12":"instock","13":"taxable","14":"shipping-taxable","15":"purchasable","16":"product-type-variable"},"_links":{"self":[{"href":"https:\/\/www.vadaszboltcsorna.hu\/index.php\/wp-json\/wp\/v2\/product\/6550","targetHints":{"allow":["GET"]}}],"collection":[{"href":"https:\/\/www.vadaszboltcsorna.hu\/index.php\/wp-json\/wp\/v2\/product"}],"about":[{"href":"https:\/\/www.vadaszboltcsorna.hu\/index.php\/wp-json\/wp\/v2\/types\/product"}],"replies":[{"embeddable":true,"href":"https:\/\/www.vadaszboltcsorna.hu\/index.php\/wp-json\/wp\/v2\/comments?post=6550"}],"wp:featuredmedia":[{"embeddable":true,"href":"https:\/\/www.vadaszboltcsorna.hu\/index.php\/wp-json\/wp\/v2\/media\/6551"}],"wp:attachment":[{"href":"https:\/\/www.vadaszboltcsorna.hu\/index.php\/wp-json\/wp\/v2\/media?parent=6550"}],"wp:term":[{"taxonomy":"product_brand","embeddable":true,"href":"https:\/\/www.vadaszboltcsorna.hu\/index.php\/wp-json\/wp\/v2\/product_brand?post=6550"},{"taxonomy":"product_cat","embeddable":true,"href":"https:\/\/www.vadaszboltcsorna.hu\/index.php\/wp-json\/wp\/v2\/product_cat?post=6550"},{"taxonomy":"product_tag","embeddable":true,"href":"https:\/\/www.vadaszboltcsorna.hu\/index.php\/wp-json\/wp\/v2\/product_tag?post=6550"}],"curies":[{"name":"wp","href":"https:\/\/api.w.org\/{rel}","templated":true}]}}

VERNEY-CARRON PRESLY POLÁR KABÁT BARNA (LVPO049)

<h2><strong>VERNEY-CARRON PRESLY POLÁR KABÁT BARNA (LVPO049)</strong></h2>
<h3 id="termeklap_rovid_leiras">Presly vastag, kellemes tapintású polár kabát. Barna színben.</h3>
<h3 id="termeklap_leiras">Presly 450g/m2 anyagsűrűségű vastag, kellemes tapintású polár kabát.<br />
Hideg időben is megtartja optimális komfortérzetünket. A steppelt váll, illetve könyökfoltnak köszönhetően elegáns megjelenést biztosít. Praktikus cipzáros mellzsebbel és két oldalsó zsebbel.</h3>
<table id="termeklap_tablazat_parameterek" class="termeklap_tablazat">
<tbody>
<tr class="termeklap_tablazat_sor">
<td class="termeklap_tablazat_nev">
<h3>Szín</h3>
</td>
<td class="termeklap_tablazat_ertek">
<h3>barna</h3>
</td>
</tr>
</tbody>
</table>

<p>VERNEY-CARRON PRESLY POLÁR KABÁT BARNA (LVPO049) Presly vastag, kellemes tapintású polár kabát. Barna színben. Presly 450g/m2 anyagsűrűségű vastag, kellemes tapintású polár kabát. Hideg időben is megtartja optimális komfortérzetünket. A steppelt váll, illetve könyökfoltnak köszönhetően elegáns megjelenést biztosít. Praktikus cipzáros mellzsebbel és két oldalsó zsebbel. Szín barna</p>
