{"id":6517,"date":"2024-12-04T12:46:53","date_gmt":"2024-12-04T12:46:53","guid":{"rendered":"https:\/\/www.vadaszboltcsorna.hu\/?post_type=product&#038;p=6517"},"modified":"2024-12-04T12:46:53","modified_gmt":"2024-12-04T12:46:53","slug":"carp-zoom-classic-camp-chair-cz-6551-szek","status":"publish","type":"product","link":"https:\/\/www.vadaszboltcsorna.hu\/index.php\/termek\/carp-zoom-classic-camp-chair-cz-6551-szek\/","title":{"rendered":"CARP ZOOM &#8211; Classic Camp Chair (CZ 6551) &#8211;  sz\u00e9k"},"content":{"rendered":"<h2 style=\"text-align: center;\"><strong>CARP ZOOM &#8211; Classic Camp Chair (CZ 6551) &#8211; sz\u00e9k<\/strong><\/h2>\n<p>&nbsp;<\/p>\n<h3>A lehet\u0151 legkisebb helyig\u00e9ny \u00e9s massz\u00edv er\u0151s ac\u00e9l v\u00e1z. egy mozdulattal sz\u00e9tnyithat\u00f3 \u00e9s m\u00e1r mehet is a peca.<\/h3>\n<h3>&#8211; M\u00e9rete: 38x39x40\/71cm<br \/>\n&#8211; S\u00falya: 3kg<\/h3>\n<p>&nbsp;<\/p>\n","protected":false},"excerpt":{"rendered":"<p>CARP ZOOM &#8211; Classic Camp Chair (CZ 6551) &#8211; sz\u00e9k &nbsp; A lehet\u0151 legkisebb helyig\u00e9ny \u00e9s massz\u00edv er\u0151s ac\u00e9l v\u00e1z. egy mozdulattal sz\u00e9tnyithat\u00f3 \u00e9s m\u00e1r mehet is a peca. &#8211; M\u00e9rete: 38x39x40\/71cm &#8211; S\u00falya: 3kg &nbsp;<\/p>\n","protected":false},"featured_media":6518,"comment_status":"open","ping_status":"closed","template":"","meta":{"_et_pb_use_builder":"","_et_pb_old_content":"","_et_gb_content_width":"","om_disable_all_campaigns":false},"product_brand":[],"product_cat":[21,722,740],"product_tag":[1548],"class_list":{"0":"post-6517","1":"product","2":"type-product","3":"status-publish","4":"has-post-thumbnail","6":"product_cat-uj","7":"product_cat-vadasz-felszereles","8":"product_cat-vadasz-szek","9":"product_tag-carp-zoom-classic-camp-chair-cz-6551-szek","11":"first","12":"instock","13":"taxable","14":"shipping-taxable","15":"purchasable","16":"product-type-simple"},"_links":{"self":[{"href":"https:\/\/www.vadaszboltcsorna.hu\/index.php\/wp-json\/wp\/v2\/product\/6517","targetHints":{"allow":["GET"]}}],"collection":[{"href":"https:\/\/www.vadaszboltcsorna.hu\/index.php\/wp-json\/wp\/v2\/product"}],"about":[{"href":"https:\/\/www.vadaszboltcsorna.hu\/index.php\/wp-json\/wp\/v2\/types\/product"}],"replies":[{"embeddable":true,"href":"https:\/\/www.vadaszboltcsorna.hu\/index.php\/wp-json\/wp\/v2\/comments?post=6517"}],"wp:featuredmedia":[{"embeddable":true,"href":"https:\/\/www.vadaszboltcsorna.hu\/index.php\/wp-json\/wp\/v2\/media\/6518"}],"wp:attachment":[{"href":"https:\/\/www.vadaszboltcsorna.hu\/index.php\/wp-json\/wp\/v2\/media?parent=6517"}],"wp:term":[{"taxonomy":"product_brand","embeddable":true,"href":"https:\/\/www.vadaszboltcsorna.hu\/index.php\/wp-json\/wp\/v2\/product_brand?post=6517"},{"taxonomy":"product_cat","embeddable":true,"href":"https:\/\/www.vadaszboltcsorna.hu\/index.php\/wp-json\/wp\/v2\/product_cat?post=6517"},{"taxonomy":"product_tag","embeddable":true,"href":"https:\/\/www.vadaszboltcsorna.hu\/index.php\/wp-json\/wp\/v2\/product_tag?post=6517"}],"curies":[{"name":"wp","href":"https:\/\/api.w.org\/{rel}","templated":true}]}}