{"id":6509,"date":"2024-12-03T14:45:16","date_gmt":"2024-12-03T14:45:16","guid":{"rendered":"https:\/\/www.vadaszboltcsorna.hu\/?post_type=product&#038;p=6509"},"modified":"2025-04-08T09:24:01","modified_gmt":"2025-04-08T09:24:01","slug":"victorinox-swiss-army-hunter-xt-zsebkes-narancs-fekete","status":"publish","type":"product","link":"https:\/\/www.vadaszboltcsorna.hu\/index.php\/termek\/victorinox-swiss-army-hunter-xt-zsebkes-narancs-fekete\/","title":{"rendered":"VICTORINOX Swiss Army Hunter XT zsebk\u00e9s, narancs\/fekete"},"content":{"rendered":"<h2 class=\"artdet__name line-clamp--3-12 mb-0\" title=\"VICTORINOX Swiss Army Hunter XT zsebk\u00e9s, narancs\/fekete \">VICTORINOX Swiss Army Hunter XT zsebk\u00e9s, narancs\/fekete<\/h2>\n<p>&nbsp;<\/p>\n<h3>Nagy m\u00e9ret\u0171 Victorinox Swiss Army kombin\u00e1lt zsebk\u00e9s 6 funkci\u00f3val, narancs\/ fekete, k\u00e9t komponens\u0171 markolattal.<\/h3>\n<p>&nbsp;<\/p>\n","protected":false},"excerpt":{"rendered":"<p>VICTORINOX Swiss Army Hunter XT zsebk\u00e9s, narancs\/fekete &nbsp; Nagy m\u00e9ret\u0171 Victorinox Swiss Army kombin\u00e1lt zsebk\u00e9s 6 funkci\u00f3val, narancs\/ fekete, k\u00e9t komponens\u0171 markolattal. &nbsp;<\/p>\n","protected":false},"featured_media":6510,"comment_status":"open","ping_status":"closed","template":"","meta":{"_et_pb_use_builder":"","_et_pb_old_content":"","_et_gb_content_width":"","om_disable_all_campaigns":false},"product_brand":[],"product_cat":[21,166,167],"product_tag":[1547,1546],"class_list":{"0":"post-6509","1":"product","2":"type-product","3":"status-publish","4":"has-post-thumbnail","6":"product_cat-uj","7":"product_cat-kesek","8":"product_cat-zsebkesek","9":"product_tag-narancs-fekete","10":"product_tag-victorinox-swiss-army-hunter-xt-zsebkes","12":"first","13":"instock","14":"taxable","15":"shipping-taxable","16":"purchasable","17":"product-type-simple"},"_links":{"self":[{"href":"https:\/\/www.vadaszboltcsorna.hu\/index.php\/wp-json\/wp\/v2\/product\/6509","targetHints":{"allow":["GET"]}}],"collection":[{"href":"https:\/\/www.vadaszboltcsorna.hu\/index.php\/wp-json\/wp\/v2\/product"}],"about":[{"href":"https:\/\/www.vadaszboltcsorna.hu\/index.php\/wp-json\/wp\/v2\/types\/product"}],"replies":[{"embeddable":true,"href":"https:\/\/www.vadaszboltcsorna.hu\/index.php\/wp-json\/wp\/v2\/comments?post=6509"}],"wp:featuredmedia":[{"embeddable":true,"href":"https:\/\/www.vadaszboltcsorna.hu\/index.php\/wp-json\/wp\/v2\/media\/6510"}],"wp:attachment":[{"href":"https:\/\/www.vadaszboltcsorna.hu\/index.php\/wp-json\/wp\/v2\/media?parent=6509"}],"wp:term":[{"taxonomy":"product_brand","embeddable":true,"href":"https:\/\/www.vadaszboltcsorna.hu\/index.php\/wp-json\/wp\/v2\/product_brand?post=6509"},{"taxonomy":"product_cat","embeddable":true,"href":"https:\/\/www.vadaszboltcsorna.hu\/index.php\/wp-json\/wp\/v2\/product_cat?post=6509"},{"taxonomy":"product_tag","embeddable":true,"href":"https:\/\/www.vadaszboltcsorna.hu\/index.php\/wp-json\/wp\/v2\/product_tag?post=6509"}],"curies":[{"name":"wp","href":"https:\/\/api.w.org\/{rel}","templated":true}]}}