{"id":6499,"date":"2024-12-03T13:08:52","date_gmt":"2024-12-03T13:08:52","guid":{"rendered":"https:\/\/www.vadaszboltcsorna.hu\/?post_type=product&#038;p=6499"},"modified":"2024-12-03T13:08:52","modified_gmt":"2024-12-03T13:08:52","slug":"gerber-exo-mod-furesz-tokkal","status":"publish","type":"product","link":"https:\/\/www.vadaszboltcsorna.hu\/index.php\/termek\/gerber-exo-mod-furesz-tokkal\/","title":{"rendered":"GERBER EXO-MOD f\u0171r\u00e9sz, tokkal"},"content":{"rendered":"<h2 style=\"text-align: center;\"><strong>GERBER EXO-MOD f\u0171r\u00e9sz, tokkal<\/strong><\/h2>\n<p>&nbsp;<\/p>\n<p><strong>Le\u00edr\u00e1s:<\/strong><\/p>\n<div id=\"tab_data_content\" class=\"page_artdet_tab_content\">\n<div class=\"page_artdet_dataline\">\n<div id=\"page_artdet_product_param_title_15732\" class=\"page_artdet_param_title\">Tok<\/div>\n<div id=\"page_artdet_product_param_value_15732\" class=\"page_artdet_param_value\">M\u0171anyag<\/div>\n<\/div>\n<div class=\"page_artdet_dataline\">\n<div id=\"page_artdet_product_param_title_14446\" class=\"page_artdet_param_title\">M\u00e1rka<\/div>\n<div id=\"page_artdet_product_param_value_14446\" class=\"page_artdet_param_value\">Gerber &#8211; Fiskars Finland Oy Ab<\/div>\n<\/div>\n<div class=\"page_artdet_dataline\">\n<div id=\"page_artdet_product_param_title_21088\" class=\"page_artdet_param_title\">Sz\u00e1rmaz\u00e1si hely<\/div>\n<div id=\"page_artdet_product_param_value_21088\" class=\"page_artdet_param_value\">K\u00edna<\/div>\n<\/div>\n<div class=\"page_artdet_dataline\">\n<div id=\"page_artdet_product_param_title_26219\" class=\"page_artdet_param_title\">Garancia<\/div>\n<div id=\"page_artdet_product_param_value_26219\" class=\"page_artdet_param_value\">25 \u00e9v<\/div>\n<\/div>\n<div class=\"page_artdet_dataline\">\n<div id=\"page_artdet_product_param_title_368265\" class=\"page_artdet_param_title\">EAN<\/div>\n<div id=\"page_artdet_product_param_value_368265\" class=\"page_artdet_param_value\">13658162549<\/div>\n<\/div>\n<div class=\"page_artdet_dataline\">\n<div id=\"page_artdet_product_param_title_484119\" class=\"page_artdet_param_title\">Gy\u00e1ri sz\u00e1m<\/div>\n<div id=\"page_artdet_product_param_value_484119\" class=\"page_artdet_param_value\">30-001810<\/div>\n<\/div>\n<div id=\"page_artdet_stock\" class=\"page_artdet_dataline\"><\/div>\n<div id=\"page_artdet_cikk\" class=\"page_artdet_dataline\">\n<div class=\"page_artdet_data_title\">Cikksz\u00e1m<\/div>\n<div class=\"page_artdet_data_value\">1055362<\/div>\n<\/div>\n<\/div>\n","protected":false},"excerpt":{"rendered":"<p>GERBER EXO-MOD f\u0171r\u00e9sz, tokkal &nbsp; Le\u00edr\u00e1s: Tok M\u0171anyag M\u00e1rka Gerber &#8211; Fiskars Finland Oy Ab Sz\u00e1rmaz\u00e1si hely K\u00edna Garancia 25 \u00e9v EAN 13658162549 Gy\u00e1ri sz\u00e1m 30-001810 Cikksz\u00e1m 1055362<\/p>\n","protected":false},"featured_media":6500,"comment_status":"open","ping_status":"closed","template":"","meta":{"_et_pb_use_builder":"","_et_pb_old_content":"","_et_gb_content_width":"","om_disable_all_campaigns":false},"product_brand":[],"product_cat":[21,1133,166],"product_tag":[1541,1137],"class_list":{"0":"post-6499","1":"product","2":"type-product","3":"status-publish","4":"has-post-thumbnail","6":"product_cat-uj","7":"product_cat-fureszek","8":"product_cat-kesek","9":"product_tag-gerber-exo-mod-furesz","10":"product_tag-tokkal","12":"first","13":"instock","14":"taxable","15":"shipping-taxable","16":"purchasable","17":"product-type-simple"},"_links":{"self":[{"href":"https:\/\/www.vadaszboltcsorna.hu\/index.php\/wp-json\/wp\/v2\/product\/6499","targetHints":{"allow":["GET"]}}],"collection":[{"href":"https:\/\/www.vadaszboltcsorna.hu\/index.php\/wp-json\/wp\/v2\/product"}],"about":[{"href":"https:\/\/www.vadaszboltcsorna.hu\/index.php\/wp-json\/wp\/v2\/types\/product"}],"replies":[{"embeddable":true,"href":"https:\/\/www.vadaszboltcsorna.hu\/index.php\/wp-json\/wp\/v2\/comments?post=6499"}],"wp:featuredmedia":[{"embeddable":true,"href":"https:\/\/www.vadaszboltcsorna.hu\/index.php\/wp-json\/wp\/v2\/media\/6500"}],"wp:attachment":[{"href":"https:\/\/www.vadaszboltcsorna.hu\/index.php\/wp-json\/wp\/v2\/media?parent=6499"}],"wp:term":[{"taxonomy":"product_brand","embeddable":true,"href":"https:\/\/www.vadaszboltcsorna.hu\/index.php\/wp-json\/wp\/v2\/product_brand?post=6499"},{"taxonomy":"product_cat","embeddable":true,"href":"https:\/\/www.vadaszboltcsorna.hu\/index.php\/wp-json\/wp\/v2\/product_cat?post=6499"},{"taxonomy":"product_tag","embeddable":true,"href":"https:\/\/www.vadaszboltcsorna.hu\/index.php\/wp-json\/wp\/v2\/product_tag?post=6499"}],"curies":[{"name":"wp","href":"https:\/\/api.w.org\/{rel}","templated":true}]}}