{"id":6470,"date":"2024-12-03T09:47:32","date_gmt":"2024-12-03T09:47:32","guid":{"rendered":"https:\/\/www.vadaszboltcsorna.hu\/?post_type=product&#038;p=6470"},"modified":"2025-04-08T09:17:44","modified_gmt":"2025-04-08T09:17:44","slug":"vadasz-orkan-esokabat-hosszu","status":"publish","type":"product","link":"https:\/\/www.vadaszboltcsorna.hu\/index.php\/termek\/vadasz-orkan-esokabat-hosszu\/","title":{"rendered":"Vad\u00e1sz ork\u00e1n es\u0151kab\u00e1t hossz\u00fa"},"content":{"rendered":"<h3 class=\"\" data-start=\"281\" data-end=\"331\"><strong data-start=\"285\" data-end=\"331\">Vad\u00e1sz Ork\u00e1n Es\u0151kab\u00e1t \u2013 Hossz\u00fa, z\u00f6ld sz\u00edn\u0171<\/strong><\/h3>\n<p class=\"\" data-start=\"333\" data-end=\"344\"><strong data-start=\"333\" data-end=\"344\">Le\u00edr\u00e1s:<\/strong><\/p>\n<p class=\"\" data-start=\"346\" data-end=\"675\">A <strong data-start=\"348\" data-end=\"380\">hossz\u00fa vad\u00e1sz ork\u00e1n es\u0151kab\u00e1t<\/strong> t\u00f6k\u00e9letes v\u00e1laszt\u00e1s azok sz\u00e1m\u00e1ra, akik <strong data-start=\"420\" data-end=\"486\">extr\u00e9m id\u0151j\u00e1r\u00e1si k\u00f6r\u00fclm\u00e9nyek k\u00f6z\u00f6tt is komfortosan \u00e9s sz\u00e1razon<\/strong> szeretn\u00e9nek maradni. A <strong data-start=\"510\" data-end=\"542\">120 cm hossz\u00fas\u00e1g\u00fa kialak\u00edt\u00e1s<\/strong> megv\u00e9di a vad\u00e1sz ruh\u00e1zat\u00e1t <strong data-start=\"570\" data-end=\"603\">dereka alj\u00e1t\u00f3l eg\u00e9szen bok\u00e1ig<\/strong>, \u00edgy nem csak az es\u0151t\u0151l, hanem a sz\u00e9lt\u0151l \u00e9s a s\u00e1rt\u00f3l is v\u00e9delmet ny\u00fajt.<\/p>\n<p class=\"\" data-start=\"677\" data-end=\"964\">Az anyaga <strong data-start=\"687\" data-end=\"725\">v\u00e9kony, de nagy szak\u00edt\u00f3szil\u00e1rds\u00e1g\u00fa<\/strong>, v\u00edz- \u00e9s sz\u00e9l\u00e1ll\u00f3 ork\u00e1n anyag, mely <strong data-start=\"762\" data-end=\"797\">poliamidra m\u00e1rtott l\u00e1gy PVC-b\u0151l<\/strong> k\u00e9sz\u00fclt. Ez a kombin\u00e1ci\u00f3 <strong data-start=\"823\" data-end=\"846\">-20 \u00b0C-ig hideg\u00e1ll\u00f3<\/strong>, strapab\u00edr\u00f3 \u00e9s m\u00e9gis k\u00f6nny\u0171 viselet. A varrott \u00e9s <strong data-start=\"897\" data-end=\"917\">plusz hegesztett<\/strong> kialak\u00edt\u00e1s tov\u00e1bb n\u00f6veli a kab\u00e1t v\u00edz\u00e1ll\u00f3s\u00e1g\u00e1t.<\/p>\n<hr class=\"\" data-start=\"966\" data-end=\"969\" \/>\n<h4 class=\"\" data-start=\"971\" data-end=\"995\"><strong data-start=\"976\" data-end=\"995\">F\u0151bb jellemz\u0151k:<\/strong><\/h4>\n<ul data-start=\"997\" data-end=\"1328\">\n<li class=\"\" data-start=\"997\" data-end=\"1062\">\n<p class=\"\" data-start=\"999\" data-end=\"1062\"><strong data-start=\"999\" data-end=\"1008\">Sz\u00edn:<\/strong> z\u00f6ld \u2013 ide\u00e1lis vad\u00e1szathoz, beleolvad a term\u00e9szetbe<\/p>\n<\/li>\n<li class=\"\" data-start=\"1063\" data-end=\"1115\">\n<p class=\"\" data-start=\"1065\" data-end=\"1115\"><strong data-start=\"1065\" data-end=\"1075\">Hossz:<\/strong> kb. 120 cm \u2013 bok\u00e1ig \u00e9r\u0151, hossz\u00fa fazon<\/p>\n<\/li>\n<li class=\"\" data-start=\"1116\" data-end=\"1158\">\n<p class=\"\" data-start=\"1118\" data-end=\"1158\"><strong data-start=\"1118\" data-end=\"1128\">Anyag:<\/strong> poliamidra m\u00e1rtott l\u00e1gy PVC<\/p>\n<\/li>\n<li class=\"\" data-start=\"1159\" data-end=\"1185\">\n<p class=\"\" data-start=\"1161\" data-end=\"1185\"><strong data-start=\"1161\" data-end=\"1175\">Vastags\u00e1g:<\/strong> 0,18 mm<\/p>\n<\/li>\n<li class=\"\" data-start=\"1186\" data-end=\"1234\">\n<p class=\"\" data-start=\"1188\" data-end=\"1234\"><strong data-start=\"1188\" data-end=\"1202\">Szerkezet:<\/strong> varrott + hegesztett varr\u00e1sok<\/p>\n<\/li>\n<li class=\"\" data-start=\"1235\" data-end=\"1298\">\n<p class=\"\" data-start=\"1237\" data-end=\"1298\"><strong data-start=\"1237\" data-end=\"1255\">Tulajdons\u00e1gok:<\/strong> v\u00edz\u00e1ll\u00f3, sz\u00e9l\u00e1ll\u00f3, hideg\u00e1ll\u00f3 (-20 \u00b0C-ig)<\/p>\n<\/li>\n<li class=\"\" data-start=\"1299\" data-end=\"1328\">\n<p class=\"\" data-start=\"1301\" data-end=\"1328\"><strong data-start=\"1301\" data-end=\"1312\">Zsebek:<\/strong> 2 db k\u00fcls\u0151 zseb<\/p>\n<\/li>\n<\/ul>\n<hr class=\"\" data-start=\"1330\" data-end=\"1333\" \/>\n<h4 class=\"\" data-start=\"1335\" data-end=\"1352\"><strong data-start=\"1340\" data-end=\"1352\">El\u0151ny\u00f6k:<\/strong><\/h4>\n<p class=\"\" data-start=\"1354\" data-end=\"1721\">\u2705 <strong data-start=\"1356\" data-end=\"1396\">Kiemelked\u0151 v\u00e9delem es\u0151 \u00e9s sz\u00e9l ellen<\/strong> \u2013 ide\u00e1lis hosszabb vad\u00e1szatokhoz is<br data-start=\"1432\" data-end=\"1435\" \/>\ud83c\udf2c\ufe0f <strong data-start=\"1439\" data-end=\"1475\">Sz\u00e9l\u00e1ll\u00f3 \u00e9s hideg\u00e1ll\u00f3 kialak\u00edt\u00e1s<\/strong> \u2013 megb\u00edzhat\u00f3 v\u00e1laszt\u00e1s h\u0171v\u00f6sebb id\u0151ben<br data-start=\"1514\" data-end=\"1517\" \/>\ud83e\uddf3 <strong data-start=\"1520\" data-end=\"1556\">T\u00f6bb zseb a praktikus t\u00e1rol\u00e1shoz<\/strong> \u2013 felszerel\u00e9s mindig k\u00e9zn\u00e9l<br data-start=\"1584\" data-end=\"1587\" \/>\ud83d\udfe2 <strong data-start=\"1590\" data-end=\"1651\">Z\u00f6ld sz\u00edn \u2013 term\u00e9szetes k\u00f6rnyezetbe illeszked\u0151 megjelen\u00e9s<\/strong><br data-start=\"1651\" data-end=\"1654\" \/>\ud83d\udee1\ufe0f <strong data-start=\"1658\" data-end=\"1721\">Hossz\u00fa fazon \u2013 teljes als\u00f3test-v\u00e9delem s\u00e1r, es\u0151, sz\u00e9l ellen<\/strong><\/p>\n<hr class=\"\" data-start=\"1723\" data-end=\"1726\" \/>\n<h4 class=\"\" data-start=\"1728\" data-end=\"1757\"><strong data-start=\"1733\" data-end=\"1757\">Haszn\u00e1lati javaslat:<\/strong><\/h4>\n<p class=\"\" data-start=\"1759\" data-end=\"1779\">T\u00f6k\u00e9letes v\u00e1laszt\u00e1s:<\/p>\n<ul data-start=\"1780\" data-end=\"1881\">\n<li class=\"\" data-start=\"1780\" data-end=\"1805\">\n<p class=\"\" data-start=\"1782\" data-end=\"1805\">hosszabb vad\u00e1szatokhoz,<\/p>\n<\/li>\n<li class=\"\" data-start=\"1806\" data-end=\"1837\">\n<p class=\"\" data-start=\"1808\" data-end=\"1837\">es\u0151s, szeles id\u0151j\u00e1r\u00e1s eset\u00e9n,<\/p>\n<\/li>\n<li class=\"\" data-start=\"1838\" data-end=\"1881\">\n<p class=\"\" data-start=\"1840\" data-end=\"1881\">\u00e1ll\u00f3 vad\u00e1szat sor\u00e1n, ahol kev\u00e9s a mozg\u00e1s.<\/p>\n<\/li>\n<\/ul>\n<p class=\"\" data-start=\"1883\" data-end=\"1968\">A kab\u00e1t <strong data-start=\"1891\" data-end=\"1924\">k\u00f6nnyen felvehet\u0151 \u00e9s levehet\u0151<\/strong>, r\u00e9teges \u00f6lt\u00f6zk\u00f6d\u00e9ssel is j\u00f3l kombin\u00e1lhat\u00f3.<\/p>\n<hr class=\"\" data-start=\"1970\" data-end=\"1973\" \/>\n<p class=\"\" data-start=\"1975\" data-end=\"2132\">\ud83d\udccd A term\u00e9k <strong data-start=\"1987\" data-end=\"2011\">el\u00e9rhet\u0151 \u00fczlet\u00fcnkben<\/strong> vagy <strong data-start=\"2017\" data-end=\"2050\">megrendelhet\u0151 web\u00e1ruh\u00e1zunkban<\/strong>.<br data-start=\"2051\" data-end=\"2054\" \/>\ud83d\udcde M\u00e9retv\u00e1laszt\u00e9kr\u00f3l, k\u00e9szletinform\u00e1ci\u00f3r\u00f3l \u00e9rdekl\u0151dj bizalommal koll\u00e9g\u00e1inkn\u00e1l!<\/p>\n","protected":false},"excerpt":{"rendered":"<p>Vad\u00e1sz Ork\u00e1n Es\u0151kab\u00e1t \u2013 Hossz\u00fa, z\u00f6ld sz\u00edn\u0171 Le\u00edr\u00e1s: A hossz\u00fa vad\u00e1sz ork\u00e1n es\u0151kab\u00e1t t\u00f6k\u00e9letes v\u00e1laszt\u00e1s azok sz\u00e1m\u00e1ra, akik extr\u00e9m id\u0151j\u00e1r\u00e1si k\u00f6r\u00fclm\u00e9nyek k\u00f6z\u00f6tt is komfortosan \u00e9s sz\u00e1razon szeretn\u00e9nek maradni. A 120 cm hossz\u00fas\u00e1g\u00fa kialak\u00edt\u00e1s megv\u00e9di a vad\u00e1sz ruh\u00e1zat\u00e1t dereka alj\u00e1t\u00f3l eg\u00e9szen bok\u00e1ig, \u00edgy nem csak az es\u0151t\u0151l, hanem a sz\u00e9lt\u0151l \u00e9s a s\u00e1rt\u00f3l is v\u00e9delmet ny\u00fajt. [&hellip;]<\/p>\n","protected":false},"featured_media":6471,"comment_status":"open","ping_status":"closed","template":"","meta":{"_et_pb_use_builder":"","_et_pb_old_content":"","_et_gb_content_width":"","om_disable_all_campaigns":false},"product_brand":[],"product_cat":[21,1533,159],"product_tag":[1535],"class_list":{"0":"post-6470","1":"product","2":"type-product","3":"status-publish","4":"has-post-thumbnail","6":"product_cat-uj","7":"product_cat-esoruhazat","8":"product_cat-vadasz-ruhazat","9":"product_tag-vadasz-orkan-esokabat-hosszu","11":"first","12":"instock","13":"taxable","14":"shipping-taxable","15":"purchasable","16":"product-type-variable"},"_links":{"self":[{"href":"https:\/\/www.vadaszboltcsorna.hu\/index.php\/wp-json\/wp\/v2\/product\/6470","targetHints":{"allow":["GET"]}}],"collection":[{"href":"https:\/\/www.vadaszboltcsorna.hu\/index.php\/wp-json\/wp\/v2\/product"}],"about":[{"href":"https:\/\/www.vadaszboltcsorna.hu\/index.php\/wp-json\/wp\/v2\/types\/product"}],"replies":[{"embeddable":true,"href":"https:\/\/www.vadaszboltcsorna.hu\/index.php\/wp-json\/wp\/v2\/comments?post=6470"}],"wp:featuredmedia":[{"embeddable":true,"href":"https:\/\/www.vadaszboltcsorna.hu\/index.php\/wp-json\/wp\/v2\/media\/6471"}],"wp:attachment":[{"href":"https:\/\/www.vadaszboltcsorna.hu\/index.php\/wp-json\/wp\/v2\/media?parent=6470"}],"wp:term":[{"taxonomy":"product_brand","embeddable":true,"href":"https:\/\/www.vadaszboltcsorna.hu\/index.php\/wp-json\/wp\/v2\/product_brand?post=6470"},{"taxonomy":"product_cat","embeddable":true,"href":"https:\/\/www.vadaszboltcsorna.hu\/index.php\/wp-json\/wp\/v2\/product_cat?post=6470"},{"taxonomy":"product_tag","embeddable":true,"href":"https:\/\/www.vadaszboltcsorna.hu\/index.php\/wp-json\/wp\/v2\/product_tag?post=6470"}],"curies":[{"name":"wp","href":"https:\/\/api.w.org\/{rel}","templated":true}]}}

Vadász orkán esőkabát hosszú

<h3 class="" data-start="281" data-end="331"><strong data-start="285" data-end="331">Vadász Orkán Esőkabát – Hosszú, zöld színű</strong></h3>
<p class="" data-start="333" data-end="344"><strong data-start="333" data-end="344">Leírás:</strong></p>
<p class="" data-start="346" data-end="675">A <strong data-start="348" data-end="380">hosszú vadász orkán esőkabát</strong> tökéletes választás azok számára, akik <strong data-start="420" data-end="486">extrém időjárási körülmények között is komfortosan és szárazon</strong> szeretnének maradni. A <strong data-start="510" data-end="542">120 cm hosszúságú kialakítás</strong> megvédi a vadász ruházatát <strong data-start="570" data-end="603">dereka aljától egészen bokáig</strong>, így nem csak az esőtől, hanem a széltől és a sártól is védelmet nyújt.</p>
<p class="" data-start="677" data-end="964">Az anyaga <strong data-start="687" data-end="725">vékony, de nagy szakítószilárdságú</strong>, víz- és szélálló orkán anyag, mely <strong data-start="762" data-end="797">poliamidra mártott lágy PVC-ből</strong> készült. Ez a kombináció <strong data-start="823" data-end="846">-20 °C-ig hidegálló</strong>, strapabíró és mégis könnyű viselet. A varrott és <strong data-start="897" data-end="917">plusz hegesztett</strong> kialakítás tovább növeli a kabát vízállóságát.</p>
<hr class="" data-start="966" data-end="969" />
<h4 class="" data-start="971" data-end="995"><strong data-start="976" data-end="995">Főbb jellemzők:</strong></h4>
<ul data-start="997" data-end="1328">
<li class="" data-start="997" data-end="1062">
<p class="" data-start="999" data-end="1062"><strong data-start="999" data-end="1008">Szín:</strong> zöld – ideális vadászathoz, beleolvad a természetbe</p>
</li>
<li class="" data-start="1063" data-end="1115">
<p class="" data-start="1065" data-end="1115"><strong data-start="1065" data-end="1075">Hossz:</strong> kb. 120 cm – bokáig érő, hosszú fazon</p>
</li>
<li class="" data-start="1116" data-end="1158">
<p class="" data-start="1118" data-end="1158"><strong data-start="1118" data-end="1128">Anyag:</strong> poliamidra mártott lágy PVC</p>
</li>
<li class="" data-start="1159" data-end="1185">
<p class="" data-start="1161" data-end="1185"><strong data-start="1161" data-end="1175">Vastagság:</strong> 0,18 mm</p>
</li>
<li class="" data-start="1186" data-end="1234">
<p class="" data-start="1188" data-end="1234"><strong data-start="1188" data-end="1202">Szerkezet:</strong> varrott + hegesztett varrások</p>
</li>
<li class="" data-start="1235" data-end="1298">
<p class="" data-start="1237" data-end="1298"><strong data-start="1237" data-end="1255">Tulajdonságok:</strong> vízálló, szélálló, hidegálló (-20 °C-ig)</p>
</li>
<li class="" data-start="1299" data-end="1328">
<p class="" data-start="1301" data-end="1328"><strong data-start="1301" data-end="1312">Zsebek:</strong> 2 db külső zseb</p>
</li>
</ul>
<hr class="" data-start="1330" data-end="1333" />
<h4 class="" data-start="1335" data-end="1352"><strong data-start="1340" data-end="1352">Előnyök:</strong></h4>
<p class="" data-start="1354" data-end="1721">✅ <strong data-start="1356" data-end="1396">Kiemelkedő védelem eső és szél ellen</strong> – ideális hosszabb vadászatokhoz is<br data-start="1432" data-end="1435" />🌬️ <strong data-start="1439" data-end="1475">Szélálló és hidegálló kialakítás</strong> – megbízható választás hűvösebb időben<br data-start="1514" data-end="1517" />🧳 <strong data-start="1520" data-end="1556">Több zseb a praktikus tároláshoz</strong> – felszerelés mindig kéznél<br data-start="1584" data-end="1587" />🟢 <strong data-start="1590" data-end="1651">Zöld szín – természetes környezetbe illeszkedő megjelenés</strong><br data-start="1651" data-end="1654" />🛡️ <strong data-start="1658" data-end="1721">Hosszú fazon – teljes alsótest-védelem sár, eső, szél ellen</strong></p>
<hr class="" data-start="1723" data-end="1726" />
<h4 class="" data-start="1728" data-end="1757"><strong data-start="1733" data-end="1757">Használati javaslat:</strong></h4>
<p class="" data-start="1759" data-end="1779">Tökéletes választás:</p>
<ul data-start="1780" data-end="1881">
<li class="" data-start="1780" data-end="1805">
<p class="" data-start="1782" data-end="1805">hosszabb vadászatokhoz,</p>
</li>
<li class="" data-start="1806" data-end="1837">
<p class="" data-start="1808" data-end="1837">esős, szeles időjárás esetén,</p>
</li>
<li class="" data-start="1838" data-end="1881">
<p class="" data-start="1840" data-end="1881">álló vadászat során, ahol kevés a mozgás.</p>
</li>
</ul>
<p class="" data-start="1883" data-end="1968">A kabát <strong data-start="1891" data-end="1924">könnyen felvehető és levehető</strong>, réteges öltözködéssel is jól kombinálható.</p>
<hr class="" data-start="1970" data-end="1973" />
<p class="" data-start="1975" data-end="2132">📍 A termék <strong data-start="1987" data-end="2011">elérhető üzletünkben</strong> vagy <strong data-start="2017" data-end="2050">megrendelhető webáruházunkban</strong>.<br data-start="2051" data-end="2054" />📞 Méretválasztékról, készletinformációról érdeklődj bizalommal kollégáinknál!</p>

<p>Vadász Orkán Esőkabát – Hosszú, zöld színű Leírás: A hosszú vadász orkán esőkabát tökéletes választás azok számára, akik extrém időjárási körülmények között is komfortosan és szárazon szeretnének maradni. A 120 cm hosszúságú kialakítás megvédi a vadász ruházatát dereka aljától egészen bokáig, így nem csak az esőtől, hanem a széltől és a sártól is védelmet nyújt. [&hellip;]</p>
