{"id":6457,"date":"2024-12-02T12:54:58","date_gmt":"2024-12-02T12:54:58","guid":{"rendered":"https:\/\/www.vadaszboltcsorna.hu\/?post_type=product&#038;p=6457"},"modified":"2024-12-02T12:54:59","modified_gmt":"2024-12-02T12:54:59","slug":"weitech-wk0020-ultrahangos-madarriaszto","status":"publish","type":"product","link":"https:\/\/www.vadaszboltcsorna.hu\/index.php\/termek\/weitech-wk0020-ultrahangos-madarriaszto\/","title":{"rendered":"Weitech Wk0020 Ultrahangos Mad\u00e1rriaszt\u00f3"},"content":{"rendered":"<h2 class=\"font-sg text-grey-absolute word-wrap-break break-words text-[1.125rem] font-medium md:text-[1.25rem]\" style=\"text-align: center;\"><strong>Weitech Wk0020 Ultrahangos Mad\u00e1rriaszt\u00f3\u00a0<\/strong><\/h2>\n<p>&nbsp;<\/p>\n<h3>Term\u00e9kinform\u00e1ci\u00f3<\/h3>\n<p>Weitech ultrahangos mad\u00e1rriaszt\u00f3 40 m2<\/p>\n<p>&nbsp;<\/p>\n<h3>Param\u00e9terek<\/h3>\n<table class=\"w-full table-fixed\" data-anchor=\"f8c5abc2-5178-11ee-be56-0242ac120002\">\n<tbody>\n<tr class=\"even:bg-grey-100\">\n<td class=\"text-14 word-wrap-break border-grey-300 break-words px-4 py-2 text-center first-of-type:text-start [&amp;:not(:last-child)]:border-r\">\n<h3>Term\u00e9kt\u00edpus<\/h3>\n<\/td>\n<td class=\"text-14 word-wrap-break border-grey-300 break-words px-4 py-2 text-center first-of-type:text-start [&amp;:not(:last-child)]:border-r\">\n<h3>Mad\u00e1rriaszt\u00f3<\/h3>\n<\/td>\n<\/tr>\n<tr class=\"even:bg-grey-100\">\n<td class=\"text-14 word-wrap-break border-grey-300 break-words px-4 py-2 text-center first-of-type:text-start [&amp;:not(:last-child)]:border-r\">\n<h3>Haszn\u00e1lat<\/h3>\n<\/td>\n<td class=\"text-14 word-wrap-break border-grey-300 break-words px-4 py-2 text-center first-of-type:text-start [&amp;:not(:last-child)]:border-r\">\n<h3>Kerti<\/h3>\n<\/td>\n<\/tr>\n<tr class=\"even:bg-grey-100\">\n<td class=\"text-14 word-wrap-break border-grey-300 break-words px-4 py-2 text-center first-of-type:text-start [&amp;:not(:last-child)]:border-r\">\n<h3>Gy\u00e1rt\u00f3<\/h3>\n<\/td>\n<td class=\"text-14 word-wrap-break border-grey-300 break-words px-4 py-2 text-center first-of-type:text-start [&amp;:not(:last-child)]:border-r\">\n<h3>Weitech<\/h3>\n<\/td>\n<\/tr>\n<\/tbody>\n<\/table>\n","protected":false},"excerpt":{"rendered":"<p>Weitech Wk0020 Ultrahangos Mad\u00e1rriaszt\u00f3\u00a0 &nbsp; Term\u00e9kinform\u00e1ci\u00f3 Weitech ultrahangos mad\u00e1rriaszt\u00f3 40 m2 &nbsp; Param\u00e9terek Term\u00e9kt\u00edpus Mad\u00e1rriaszt\u00f3 Haszn\u00e1lat Kerti Gy\u00e1rt\u00f3 Weitech<\/p>\n","protected":false},"featured_media":6458,"comment_status":"open","ping_status":"closed","template":"","meta":{"_et_pb_use_builder":"","_et_pb_old_content":"","_et_gb_content_width":"","om_disable_all_campaigns":false},"product_brand":[],"product_cat":[21,657],"product_tag":[1531],"class_list":{"0":"post-6457","1":"product","2":"type-product","3":"status-publish","4":"has-post-thumbnail","6":"product_cat-uj","7":"product_cat-vadriasztokvadkamera","8":"product_tag-weitech-wk0020-ultrahangos-madarriaszto","10":"first","11":"instock","12":"taxable","13":"shipping-taxable","14":"purchasable","15":"product-type-simple"},"_links":{"self":[{"href":"https:\/\/www.vadaszboltcsorna.hu\/index.php\/wp-json\/wp\/v2\/product\/6457","targetHints":{"allow":["GET"]}}],"collection":[{"href":"https:\/\/www.vadaszboltcsorna.hu\/index.php\/wp-json\/wp\/v2\/product"}],"about":[{"href":"https:\/\/www.vadaszboltcsorna.hu\/index.php\/wp-json\/wp\/v2\/types\/product"}],"replies":[{"embeddable":true,"href":"https:\/\/www.vadaszboltcsorna.hu\/index.php\/wp-json\/wp\/v2\/comments?post=6457"}],"wp:featuredmedia":[{"embeddable":true,"href":"https:\/\/www.vadaszboltcsorna.hu\/index.php\/wp-json\/wp\/v2\/media\/6458"}],"wp:attachment":[{"href":"https:\/\/www.vadaszboltcsorna.hu\/index.php\/wp-json\/wp\/v2\/media?parent=6457"}],"wp:term":[{"taxonomy":"product_brand","embeddable":true,"href":"https:\/\/www.vadaszboltcsorna.hu\/index.php\/wp-json\/wp\/v2\/product_brand?post=6457"},{"taxonomy":"product_cat","embeddable":true,"href":"https:\/\/www.vadaszboltcsorna.hu\/index.php\/wp-json\/wp\/v2\/product_cat?post=6457"},{"taxonomy":"product_tag","embeddable":true,"href":"https:\/\/www.vadaszboltcsorna.hu\/index.php\/wp-json\/wp\/v2\/product_tag?post=6457"}],"curies":[{"name":"wp","href":"https:\/\/api.w.org\/{rel}","templated":true}]}}