{"id":6396,"date":"2024-12-02T08:56:00","date_gmt":"2024-12-02T08:56:00","guid":{"rendered":"https:\/\/www.vadaszboltcsorna.hu\/?post_type=product&#038;p=6396"},"modified":"2025-04-08T09:07:35","modified_gmt":"2025-04-08T09:07:35","slug":"ballistol-fegyverolaj-spray-400ml","status":"publish","type":"product","link":"https:\/\/www.vadaszboltcsorna.hu\/index.php\/termek\/ballistol-fegyverolaj-spray-400ml\/","title":{"rendered":"Ballistol fegyverolaj spray 400ml"},"content":{"rendered":"<h3 class=\"\" data-start=\"340\" data-end=\"384\"><strong data-start=\"344\" data-end=\"384\">Ballistol Fegyverolaj Spray \u2013 400 ml<\/strong><\/h3>\n<p class=\"\" data-start=\"386\" data-end=\"397\"><strong data-start=\"386\" data-end=\"397\">Le\u00edr\u00e1s:<\/strong><\/p>\n<p class=\"\" data-start=\"399\" data-end=\"692\">A <strong data-start=\"401\" data-end=\"432\">Ballistol fegyverolaj spray<\/strong> egy univerz\u00e1lis, t\u00f6bbfunkci\u00f3s \u00e1pol\u00f3szer, amelyet kifejezetten <strong data-start=\"495\" data-end=\"554\">l\u0151fegyverek ken\u00e9s\u00e9re, tiszt\u00edt\u00e1s\u00e1ra \u00e9s korr\u00f3zi\u00f3v\u00e9delm\u00e9re<\/strong> fejlesztettek. A m\u00e1r t\u00f6bb mint 100 \u00e9ve elismert Ballistol m\u00e1rka garancia a <strong data-start=\"630\" data-end=\"691\">min\u0151s\u00e9gre, megb\u00edzhat\u00f3s\u00e1gra \u00e9s k\u00f6rnyezetbar\u00e1t \u00f6sszet\u00e9telre<\/strong>.<\/p>\n<p class=\"\" data-start=\"694\" data-end=\"1036\">A spray praktikus, 400 ml-es kiszerel\u00e9se lehet\u0151v\u00e9 teszi a gyors \u00e9s prec\u00edz alkalmaz\u00e1st, mik\u00f6zben <strong data-start=\"790\" data-end=\"835\">hat\u00e9konyan behatol a legkisebb r\u00e9sekbe is<\/strong>, megakad\u00e1lyozva a rozsd\u00e1sod\u00e1st \u00e9s cs\u00f6kkentve a kop\u00e1st. Nemcsak ken, hanem <strong data-start=\"910\" data-end=\"967\">tiszt\u00edtja is a szennyez\u0151d\u00e9seket \u00e9s koromlerak\u00f3d\u00e1sokat<\/strong>, \u00edgy biztos\u00edtja a fegyver <strong data-start=\"994\" data-end=\"1035\">sima m\u0171k\u00f6d\u00e9s\u00e9t \u00e9s hossz\u00fa \u00e9lettartam\u00e1t<\/strong>.<\/p>\n<hr class=\"\" data-start=\"1038\" data-end=\"1041\" \/>\n<h4 class=\"\" data-start=\"1043\" data-end=\"1067\"><strong data-start=\"1048\" data-end=\"1067\">F\u0151bb jellemz\u0151k:<\/strong><\/h4>\n<ul data-start=\"1069\" data-end=\"1378\">\n<li class=\"\" data-start=\"1069\" data-end=\"1099\">\n<p class=\"\" data-start=\"1071\" data-end=\"1099\"><strong data-start=\"1071\" data-end=\"1084\">Tartalom:<\/strong> 400 ml spray<\/p>\n<\/li>\n<li class=\"\" data-start=\"1100\" data-end=\"1157\">\n<p class=\"\" data-start=\"1102\" data-end=\"1157\"><strong data-start=\"1102\" data-end=\"1115\">Funkci\u00f3k:<\/strong> ken\u00e9s, rozsda elleni v\u00e9delem, tiszt\u00edt\u00e1s<\/p>\n<\/li>\n<li class=\"\" data-start=\"1158\" data-end=\"1226\">\n<p class=\"\" data-start=\"1160\" data-end=\"1226\"><strong data-start=\"1160\" data-end=\"1170\">Hat\u00e1s:<\/strong> cs\u00f6kkenti a kop\u00e1st \u00e9s s\u00farl\u00f3d\u00e1st, megel\u0151zi a korr\u00f3zi\u00f3t<\/p>\n<\/li>\n<li class=\"\" data-start=\"1227\" data-end=\"1297\">\n<p class=\"\" data-start=\"1229\" data-end=\"1297\"><strong data-start=\"1229\" data-end=\"1243\">Haszn\u00e1lat:<\/strong> prec\u00edzi\u00f3s sz\u00f3r\u00f3fejjel, gyors \u00e9s egyszer\u0171 alkalmaz\u00e1s<\/p>\n<\/li>\n<li class=\"\" data-start=\"1298\" data-end=\"1378\">\n<p class=\"\" data-start=\"1300\" data-end=\"1378\"><strong data-start=\"1300\" data-end=\"1317\">Felhaszn\u00e1l\u00e1s:<\/strong> l\u0151fegyverek, vad\u00e1szati szerel\u00e9kek, mozg\u00f3 alkatr\u00e9szek \u00e1pol\u00e1sa<\/p>\n<\/li>\n<\/ul>\n<hr class=\"\" data-start=\"1380\" data-end=\"1383\" \/>\n<h4 class=\"\" data-start=\"1385\" data-end=\"1410\"><strong data-start=\"1390\" data-end=\"1410\">Kiemelt el\u0151ny\u00f6k:<\/strong><\/h4>\n<p class=\"\" data-start=\"1412\" data-end=\"1735\">\u2705 <strong data-start=\"1414\" data-end=\"1428\">3 az 1-ben<\/strong>: ken\u0151anyag, rozsdag\u00e1tl\u00f3 \u00e9s tiszt\u00edt\u00f3 egy term\u00e9kben<br data-start=\"1478\" data-end=\"1481\" \/>\ud83c\udf3f <strong data-start=\"1484\" data-end=\"1502\">K\u00f6rnyezetbar\u00e1t<\/strong>: biol\u00f3giailag lebomlik, nem tartalmaz agressz\u00edv vegyszereket<br data-start=\"1563\" data-end=\"1566\" \/>\ud83d\udca7 <strong data-start=\"1569\" data-end=\"1581\">B\u0151rbar\u00e1t<\/strong>: nem okoz allergi\u00e1s reakci\u00f3kat vagy irrit\u00e1ci\u00f3t<br data-start=\"1628\" data-end=\"1631\" \/>\ud83d\udee0\ufe0f <strong data-start=\"1635\" data-end=\"1679\">Meghosszabb\u00edtja a fegyverek \u00e9lettartam\u00e1t<\/strong><br data-start=\"1679\" data-end=\"1682\" \/>\u267b\ufe0f <strong data-start=\"1685\" data-end=\"1710\">Gazdas\u00e1gos kiszerel\u00e9s<\/strong>, hossz\u00fa ideig elegend\u0151<\/p>\n<hr class=\"\" data-start=\"1737\" data-end=\"1740\" \/>\n<h4 class=\"\" data-start=\"1742\" data-end=\"1771\"><strong data-start=\"1747\" data-end=\"1771\">Haszn\u00e1lati tan\u00e1csok:<\/strong><\/h4>\n<p class=\"\" data-start=\"1773\" data-end=\"1958\">A spray haszn\u00e1lata el\u0151tt mindig <strong data-start=\"1805\" data-end=\"1840\">olvassa el a gy\u00e1rt\u00f3 utas\u00edt\u00e1sait<\/strong>! A fegyverek karbantart\u00e1sa kiz\u00e1r\u00f3lag <strong data-start=\"1878\" data-end=\"1916\">biztons\u00e1gos k\u00f6rnyezetben t\u00f6rt\u00e9njen<\/strong>, \u00e9s ha sz\u00fcks\u00e9ges, forduljon szakemberhez.<\/p>\n<hr class=\"\" data-start=\"1960\" data-end=\"1963\" \/>\n<p class=\"\" data-start=\"1965\" data-end=\"2139\">\ud83d\udcde Tov\u00e1bbi inform\u00e1ci\u00f3\u00e9rt vagy szakmai tan\u00e1cs\u00e9rt keresd koll\u00e9g\u00e1inkat bizalommal!<br data-start=\"2044\" data-end=\"2047\" \/>\ud83d\udccd A term\u00e9k <strong data-start=\"2059\" data-end=\"2093\">k\u00e9szleten el\u00e9rhet\u0151 \u00fczlet\u00fcnkben<\/strong> vagy <strong data-start=\"2099\" data-end=\"2139\">megrendelhet\u0151 a webshopon kereszt\u00fcl.<\/strong><\/p>\n<p><iframe loading=\"lazy\" title=\"BALLISTOL Tutorial-Serie zur Waffenpflege - Teil 1: Flinte\" width=\"1080\" height=\"608\" src=\"https:\/\/www.youtube.com\/embed\/uDrPc7BtRvk?feature=oembed\"  allow=\"accelerometer; autoplay; clipboard-write; encrypted-media; gyroscope; picture-in-picture; web-share\" referrerpolicy=\"strict-origin-when-cross-origin\" allowfullscreen><\/iframe><\/p>\n","protected":false},"excerpt":{"rendered":"<p>Ballistol Fegyverolaj Spray \u2013 400 ml Le\u00edr\u00e1s: A Ballistol fegyverolaj spray egy univerz\u00e1lis, t\u00f6bbfunkci\u00f3s \u00e1pol\u00f3szer, amelyet kifejezetten l\u0151fegyverek ken\u00e9s\u00e9re, tiszt\u00edt\u00e1s\u00e1ra \u00e9s korr\u00f3zi\u00f3v\u00e9delm\u00e9re fejlesztettek. A m\u00e1r t\u00f6bb mint 100 \u00e9ve elismert Ballistol m\u00e1rka garancia a min\u0151s\u00e9gre, megb\u00edzhat\u00f3s\u00e1gra \u00e9s k\u00f6rnyezetbar\u00e1t \u00f6sszet\u00e9telre. A spray praktikus, 400 ml-es kiszerel\u00e9se lehet\u0151v\u00e9 teszi a gyors \u00e9s prec\u00edz alkalmaz\u00e1st, mik\u00f6zben hat\u00e9konyan behatol [&hellip;]<\/p>\n","protected":false},"featured_media":6397,"comment_status":"open","ping_status":"closed","template":"","meta":{"_et_pb_use_builder":"","_et_pb_old_content":"","_et_gb_content_width":"","om_disable_all_campaigns":false},"product_brand":[],"product_cat":[21,487,486],"product_tag":[1509],"class_list":{"0":"post-6396","1":"product","2":"type-product","3":"status-publish","4":"has-post-thumbnail","6":"product_cat-uj","7":"product_cat-belovo-pad-fegyverolaj","8":"product_cat-fegyverkiegeszitok","9":"product_tag-ballistol-fegyverolaj-spray-400ml","11":"first","12":"instock","13":"taxable","14":"shipping-taxable","15":"purchasable","16":"product-type-simple"},"_links":{"self":[{"href":"https:\/\/www.vadaszboltcsorna.hu\/index.php\/wp-json\/wp\/v2\/product\/6396","targetHints":{"allow":["GET"]}}],"collection":[{"href":"https:\/\/www.vadaszboltcsorna.hu\/index.php\/wp-json\/wp\/v2\/product"}],"about":[{"href":"https:\/\/www.vadaszboltcsorna.hu\/index.php\/wp-json\/wp\/v2\/types\/product"}],"replies":[{"embeddable":true,"href":"https:\/\/www.vadaszboltcsorna.hu\/index.php\/wp-json\/wp\/v2\/comments?post=6396"}],"wp:featuredmedia":[{"embeddable":true,"href":"https:\/\/www.vadaszboltcsorna.hu\/index.php\/wp-json\/wp\/v2\/media\/6397"}],"wp:attachment":[{"href":"https:\/\/www.vadaszboltcsorna.hu\/index.php\/wp-json\/wp\/v2\/media?parent=6396"}],"wp:term":[{"taxonomy":"product_brand","embeddable":true,"href":"https:\/\/www.vadaszboltcsorna.hu\/index.php\/wp-json\/wp\/v2\/product_brand?post=6396"},{"taxonomy":"product_cat","embeddable":true,"href":"https:\/\/www.vadaszboltcsorna.hu\/index.php\/wp-json\/wp\/v2\/product_cat?post=6396"},{"taxonomy":"product_tag","embeddable":true,"href":"https:\/\/www.vadaszboltcsorna.hu\/index.php\/wp-json\/wp\/v2\/product_tag?post=6396"}],"curies":[{"name":"wp","href":"https:\/\/api.w.org\/{rel}","templated":true}]}}