{"id":6344,"date":"2024-11-28T10:56:41","date_gmt":"2024-11-28T10:56:41","guid":{"rendered":"https:\/\/www.vadaszboltcsorna.hu\/?post_type=product&#038;p=6344"},"modified":"2024-11-28T10:56:41","modified_gmt":"2024-11-28T10:56:41","slug":"declan-466502-vadaszmelleny-barna","status":"publish","type":"product","link":"https:\/\/www.vadaszboltcsorna.hu\/index.php\/termek\/declan-466502-vadaszmelleny-barna\/","title":{"rendered":"Declan (466502 ) Vad\u00e1szmell\u00e9ny barna"},"content":{"rendered":"<h2 style=\"text-align: center;\"><strong>Declan (466502 ) Vad\u00e1szmell\u00e9ny barna<\/strong><\/h2>\n<p>&nbsp;<\/p>\n<h4><strong>Le\u00edr\u00e1s:<\/strong>Min\u0151s\u00e9gi kiford\u00edthat\u00f3 b\u00e9lelt vad\u00e1szmell\u00e9ny<\/p>\n<p>Sz\u00edn: barna<\/p>\n<p>j\u00f3l l\u00e1that\u00f3s\u00e1gi s\u00e1rga erd\u0151mint\u00e1s vastag b\u00e9l\u00e9s<br \/>\nv\u00edzleperget\u0151, zajmentes, kop\u00e1s\u00e1ll\u00f3 k\u00fcls\u0151 anyag<br \/>\nvastag t\u00f6lt\u0151fl\u00edzzel<br \/>\np\u00e1ra\u00e1tereszt\u0151 ny\u00edl\u00e1s<br \/>\ncipz\u00e1ras kivitel<br \/>\nmindk\u00e9t oldalon k\u00e9t cipz\u00e1rral z\u00e1r\u00f3d\u00f3 als\u00f3 zseb \u00e9s egy cipz\u00e1ras mellzseb<br \/>\nk\u00e9nyelmes, tart\u00f3s viselet<\/h4>\n","protected":false},"excerpt":{"rendered":"<p>Declan (466502 ) Vad\u00e1szmell\u00e9ny barna &nbsp; Le\u00edr\u00e1s:Min\u0151s\u00e9gi kiford\u00edthat\u00f3 b\u00e9lelt vad\u00e1szmell\u00e9ny Sz\u00edn: barna j\u00f3l l\u00e1that\u00f3s\u00e1gi s\u00e1rga erd\u0151mint\u00e1s vastag b\u00e9l\u00e9s v\u00edzleperget\u0151, zajmentes, kop\u00e1s\u00e1ll\u00f3 k\u00fcls\u0151 anyag vastag t\u00f6lt\u0151fl\u00edzzel p\u00e1ra\u00e1tereszt\u0151 ny\u00edl\u00e1s cipz\u00e1ras kivitel mindk\u00e9t oldalon k\u00e9t cipz\u00e1rral z\u00e1r\u00f3d\u00f3 als\u00f3 zseb \u00e9s egy cipz\u00e1ras mellzseb k\u00e9nyelmes, tart\u00f3s viselet<\/p>\n","protected":false},"featured_media":6346,"comment_status":"open","ping_status":"closed","template":"","meta":{"_et_pb_use_builder":"","_et_pb_old_content":"","_et_gb_content_width":"","om_disable_all_campaigns":false},"product_brand":[],"product_cat":[21,607,159],"product_tag":[1499],"class_list":{"0":"post-6344","1":"product","2":"type-product","3":"status-publish","4":"has-post-thumbnail","6":"product_cat-uj","7":"product_cat-melleny-vadasz-ruhazat","8":"product_cat-vadasz-ruhazat","9":"product_tag-declan-466502-vadaszmelleny-barna","11":"first","12":"instock","13":"taxable","14":"shipping-taxable","15":"purchasable","16":"product-type-variable"},"_links":{"self":[{"href":"https:\/\/www.vadaszboltcsorna.hu\/index.php\/wp-json\/wp\/v2\/product\/6344","targetHints":{"allow":["GET"]}}],"collection":[{"href":"https:\/\/www.vadaszboltcsorna.hu\/index.php\/wp-json\/wp\/v2\/product"}],"about":[{"href":"https:\/\/www.vadaszboltcsorna.hu\/index.php\/wp-json\/wp\/v2\/types\/product"}],"replies":[{"embeddable":true,"href":"https:\/\/www.vadaszboltcsorna.hu\/index.php\/wp-json\/wp\/v2\/comments?post=6344"}],"wp:featuredmedia":[{"embeddable":true,"href":"https:\/\/www.vadaszboltcsorna.hu\/index.php\/wp-json\/wp\/v2\/media\/6346"}],"wp:attachment":[{"href":"https:\/\/www.vadaszboltcsorna.hu\/index.php\/wp-json\/wp\/v2\/media?parent=6344"}],"wp:term":[{"taxonomy":"product_brand","embeddable":true,"href":"https:\/\/www.vadaszboltcsorna.hu\/index.php\/wp-json\/wp\/v2\/product_brand?post=6344"},{"taxonomy":"product_cat","embeddable":true,"href":"https:\/\/www.vadaszboltcsorna.hu\/index.php\/wp-json\/wp\/v2\/product_cat?post=6344"},{"taxonomy":"product_tag","embeddable":true,"href":"https:\/\/www.vadaszboltcsorna.hu\/index.php\/wp-json\/wp\/v2\/product_tag?post=6344"}],"curies":[{"name":"wp","href":"https:\/\/api.w.org\/{rel}","templated":true}]}}

Declan (466502 ) Vadászmellény barna

<h2 style="text-align: center;"><strong>Declan (466502 ) Vadászmellény barna</strong></h2>
<p>&nbsp;</p>
<h4><strong>Leírás:</strong>Minőségi kifordítható bélelt vadászmellény</p>
<p>Szín: barna</p>
<p>jól láthatósági sárga erdőmintás vastag bélés<br />
vízlepergető, zajmentes, kopásálló külső anyag<br />
vastag töltőflízzel<br />
páraáteresztő nyílás<br />
cipzáras kivitel<br />
mindkét oldalon két cipzárral záródó alsó zseb és egy cipzáras mellzseb<br />
kényelmes, tartós viselet</h4>

<p>Declan (466502 ) Vadászmellény barna &nbsp; Leírás:Minőségi kifordítható bélelt vadászmellény Szín: barna jól láthatósági sárga erdőmintás vastag bélés vízlepergető, zajmentes, kopásálló külső anyag vastag töltőflízzel páraáteresztő nyílás cipzáras kivitel mindkét oldalon két cipzárral záródó alsó zseb és egy cipzáras mellzseb kényelmes, tartós viselet</p>
