{"id":6323,"date":"2024-11-28T08:58:49","date_gmt":"2024-11-28T08:58:49","guid":{"rendered":"https:\/\/www.vadaszboltcsorna.hu\/?post_type=product&#038;p=6323"},"modified":"2024-11-28T09:00:44","modified_gmt":"2024-11-28T09:00:44","slug":"olang-dakota-tex-felcipo","status":"publish","type":"product","link":"https:\/\/www.vadaszboltcsorna.hu\/index.php\/termek\/olang-dakota-tex-felcipo\/","title":{"rendered":"Olang Dakota Tex f\u00e9lcip\u0151"},"content":{"rendered":"<h2 class=\"product_title likeh2\" style=\"text-align: center;\">Olang Dakota Tex f\u00e9lcip\u0151<\/h2>\n<p>&nbsp;<\/p>\n<div class=\"col-md-6 col-xs-12 col-12\">\n<h4 class=\"likeh2\">Le\u00edr\u00e1s<\/h4>\n<div class=\"ta_justify\">\n<p><b>Teljes eg\u00e9sz\u00e9ben vel\u00farb\u0151rb\u0151l k\u00e9sz\u00fclt f\u00e9lcip\u0151, kimagasl\u00f3 \u00e1r-\u00e9rt\u00e9k ar\u00e1nnyal.<\/b><\/p>\n<p>Szab\u00e1s\u00e1nak \u00e9s hagyom\u00e1nyos k\u00fclalakj\u00e1nak k\u00f6sz\u00f6nhet\u0151en ez a modell az Olang b\u0151r f\u00e9lcip\u0151i k\u00f6z\u00fcl a legn\u00e9pszer\u0171bb.<\/p>\n<p>&nbsp;<\/p>\n<\/div>\n<\/div>\n<div class=\"col-md-6 col-xs-12 col-12\">\n<h4 class=\"likeh2\">Term\u00e9kadatok<\/h4>\n<div class=\"table-responsive\">\n<table class=\"shop_attributes\">\n<tbody>\n<tr>\n<th class=\"\">Fels\u0151r\u00e9sz anyaga:<\/th>\n<td width=\"*\">\n<div class=\"small\">V\u00edzleperget\u0151 vel\u00far b\u0151r<\/div>\n<\/td>\n<\/tr>\n<tr>\n<th class=\"\">Talp:<\/th>\n<td width=\"*\">\n<div class=\"small\">Vibram &#8211; Amiata kett\u0151s s\u0171r\u0171s\u00e9g\u0171 gumib\u00f3l<\/div>\n<\/td>\n<\/tr>\n<tr>\n<th class=\"\">B\u00e9l\u00e9s anyaga:<\/th>\n<td width=\"*\">\n<div class=\"small\">Olantex l\u00e9legz\u0151 menbr\u00e1n<\/div>\n<\/td>\n<\/tr>\n<tr>\n<th class=\"\">V\u00edz\u00e1ll\u00f3:<\/th>\n<td width=\"*\">\n<div class=\"small\"><span style=\"vertical-align: inherit;\"><span style=\"vertical-align: inherit;\">\u00fajra<\/span><\/span><\/div>\n<\/td>\n<\/tr>\n<\/tbody>\n<\/table>\n<\/div>\n<\/div>\n<div class=\"col-md-6 col-xs-12 col-12\"><\/div>\n<div class=\"clear\"><\/div>\n<div class=\"brandlogo col-xs-6 pt_5\">\n<div>\n<div class=\"div_5px\"><a class=\"nyil_link\" href=\"https:\/\/www.nomadsport.eu\/nomadsport-info\/markaleiras-olang\" target=\"_blank\" rel=\"noopener\">M\u00e1rkale\u00edr\u00e1s \u00bb<\/a><\/div>\n<\/div>\n<p><a title=\"OLANG M\u00e1rka\" href=\"https:\/\/www.nomadsport.eu\/marka\/olang\/\" rel=\"tag noopener\" target=\"_blank\"><img decoding=\"async\" src=\"https:\/\/www.nomadsport.eu\/upload\/images\/markalogo\/84\/olang.jpg\" alt=\"OLAN\" \/><\/a><\/p>\n<\/div>\n<div>\n<h4>A gy\u00e1rt\u00f3 \u00e1ltal haszn\u00e1lt anyagok, technol\u00f3gi\u00e1k \u00e9s elj\u00e1r\u00e1sok<\/h4>\n<div class=\"nk_tech\">\n<div>\n<div class=\"nk_tech_kep\"><img loading=\"lazy\" decoding=\"async\" src=\"https:\/\/www.nomadsport.eu\/upload\/images\/techlogo\/119\/vibram-talp.jpg\" width=\"60\" height=\"60\" \/><\/div>\n<div class=\"nk_tech_nev\">Vibram talp<\/div>\n<\/div>\n<div class=\"clear\"><\/div>\n<\/div>\n<div class=\"nk_tech\">\n<div>\n<div class=\"nk_tech_kep\"><img loading=\"lazy\" decoding=\"async\" src=\"https:\/\/www.nomadsport.eu\/upload\/images\/techlogo\/124\/olantex.jpg\" width=\"60\" height=\"60\" \/><\/div>\n<div class=\"nk_tech_nev\"><span style=\"vertical-align: inherit;\"><span style=\"vertical-align: inherit;\">Olantex<\/span><\/span><\/div>\n<\/div>\n<\/div>\n<\/div>\n","protected":false},"excerpt":{"rendered":"<p>Olang Dakota Tex f\u00e9lcip\u0151 &nbsp; Le\u00edr\u00e1s Teljes eg\u00e9sz\u00e9ben vel\u00farb\u0151rb\u0151l k\u00e9sz\u00fclt f\u00e9lcip\u0151, kimagasl\u00f3 \u00e1r-\u00e9rt\u00e9k ar\u00e1nnyal. Szab\u00e1s\u00e1nak \u00e9s hagyom\u00e1nyos k\u00fclalakj\u00e1nak k\u00f6sz\u00f6nhet\u0151en ez a modell az Olang b\u0151r f\u00e9lcip\u0151i k\u00f6z\u00fcl a legn\u00e9pszer\u0171bb. &nbsp; Term\u00e9kadatok Fels\u0151r\u00e9sz anyaga: V\u00edzleperget\u0151 vel\u00far b\u0151r Talp: Vibram &#8211; Amiata kett\u0151s s\u0171r\u0171s\u00e9g\u0171 gumib\u00f3l B\u00e9l\u00e9s anyaga: Olantex l\u00e9legz\u0151 menbr\u00e1n V\u00edz\u00e1ll\u00f3: \u00fajra M\u00e1rkale\u00edr\u00e1s \u00bb A gy\u00e1rt\u00f3 \u00e1ltal [&hellip;]<\/p>\n","protected":false},"featured_media":6324,"comment_status":"open","ping_status":"closed","template":"","meta":{"_et_pb_use_builder":"","_et_pb_old_content":"","_et_gb_content_width":"","om_disable_all_campaigns":false},"product_brand":[],"product_cat":[21,647,160],"product_tag":[1495],"class_list":{"0":"post-6323","1":"product","2":"type-product","3":"status-publish","4":"has-post-thumbnail","6":"product_cat-uj","7":"product_cat-felcipok","8":"product_cat-labbelik","9":"product_tag-olang-dakota-tex-felcipo","11":"first","12":"instock","13":"taxable","14":"shipping-taxable","15":"purchasable","16":"product-type-variable"},"_links":{"self":[{"href":"https:\/\/www.vadaszboltcsorna.hu\/index.php\/wp-json\/wp\/v2\/product\/6323","targetHints":{"allow":["GET"]}}],"collection":[{"href":"https:\/\/www.vadaszboltcsorna.hu\/index.php\/wp-json\/wp\/v2\/product"}],"about":[{"href":"https:\/\/www.vadaszboltcsorna.hu\/index.php\/wp-json\/wp\/v2\/types\/product"}],"replies":[{"embeddable":true,"href":"https:\/\/www.vadaszboltcsorna.hu\/index.php\/wp-json\/wp\/v2\/comments?post=6323"}],"wp:featuredmedia":[{"embeddable":true,"href":"https:\/\/www.vadaszboltcsorna.hu\/index.php\/wp-json\/wp\/v2\/media\/6324"}],"wp:attachment":[{"href":"https:\/\/www.vadaszboltcsorna.hu\/index.php\/wp-json\/wp\/v2\/media?parent=6323"}],"wp:term":[{"taxonomy":"product_brand","embeddable":true,"href":"https:\/\/www.vadaszboltcsorna.hu\/index.php\/wp-json\/wp\/v2\/product_brand?post=6323"},{"taxonomy":"product_cat","embeddable":true,"href":"https:\/\/www.vadaszboltcsorna.hu\/index.php\/wp-json\/wp\/v2\/product_cat?post=6323"},{"taxonomy":"product_tag","embeddable":true,"href":"https:\/\/www.vadaszboltcsorna.hu\/index.php\/wp-json\/wp\/v2\/product_tag?post=6323"}],"curies":[{"name":"wp","href":"https:\/\/api.w.org\/{rel}","templated":true}]}}