{"id":6177,"date":"2024-09-20T09:33:49","date_gmt":"2024-09-20T09:33:49","guid":{"rendered":"https:\/\/www.vadaszboltcsorna.hu\/?post_type=product&#038;p=6177"},"modified":"2024-11-28T08:09:14","modified_gmt":"2024-11-28T08:09:14","slug":"dunlop-blizzard-k486061-szormes-csizma","status":"publish","type":"product","link":"https:\/\/www.vadaszboltcsorna.hu\/index.php\/termek\/dunlop-blizzard-k486061-szormes-csizma\/","title":{"rendered":"DUNLOP BLIZZARD K486061 SZ\u0150RM\u00c9S CSIZMA"},"content":{"rendered":"<h1 class=\"product-page-heading\" style=\"text-align: center;\"><strong><span class=\"product-page-product-name\"><span style=\"vertical-align: inherit;\"><span style=\"vertical-align: inherit;\">DUNLOP BLIZZARD K486061 SZ\u0150RM\u00c9S CSIZMA<\/span><\/span><\/span><\/strong><\/h1>\n<p>&nbsp;<\/p>\n<h4>DUNLOP BLIZZARD K486061 SZ\u0150RM\u00c9S CSIZMA: nagyon k\u00f6nny\u0171, rugalmas PVC alapanyag, -20 \u00b0C alatt is megtartja kiv\u00e9teles hajl\u00e9konys\u00e1g\u00e1t, sz\u00e1rtet\u0151n megk\u00f6thet\u0151 szigetel\u0151 fels\u0151 r\u00e9teg, a l\u00e1bat alulr\u00f3l is v\u00e9d\u0151, puha, finom m\u0171sz\u0151rme csizmab\u00e9l\u00e9s hideg kl\u00edma hat\u00e1sa ellen (h\u0151szigetel\u00e9s -15 \u00b0C-ig), egyenetlen talajon is tart\u00f3s k\u00e9nyelmet biztos\u00edt\u00f3, cs\u00fasz\u00e1sbiztos, flexibilis talp, j\u00e1r\u00e1sk\u00f6nny\u00edt\u0151, emelt energiaelnyel\u0151 k\u00e9pess\u00e9g\u0171 talpk\u00f6z\u00e9p r\u00e9sz \u00e9s sarok, nedvess\u00e9gnek \u00e9s vegyi anyagoknak is kiv\u00e1l\u00f3an ellen\u00e1ll, alaktart\u00f3, k\u00f6nnyen felh\u00fazhat\u00f3, k\u00e9nyelmes sz\u00e1r-, l\u00e1bfej- \u00e9s orr-r\u00e9sz,<\/h4>\n<p>&nbsp;<\/p>\n","protected":false},"excerpt":{"rendered":"<p>DUNLOP BLIZZARD K486061 SZ\u0150RM\u00c9S CSIZMA &nbsp; DUNLOP BLIZZARD K486061 SZ\u0150RM\u00c9S CSIZMA: nagyon k\u00f6nny\u0171, rugalmas PVC alapanyag, -20 \u00b0C alatt is megtartja kiv\u00e9teles hajl\u00e9konys\u00e1g\u00e1t, sz\u00e1rtet\u0151n megk\u00f6thet\u0151 szigetel\u0151 fels\u0151 r\u00e9teg, a l\u00e1bat alulr\u00f3l is v\u00e9d\u0151, puha, finom m\u0171sz\u0151rme csizmab\u00e9l\u00e9s hideg kl\u00edma hat\u00e1sa ellen (h\u0151szigetel\u00e9s -15 \u00b0C-ig), egyenetlen talajon is tart\u00f3s k\u00e9nyelmet biztos\u00edt\u00f3, cs\u00fasz\u00e1sbiztos, flexibilis talp, j\u00e1r\u00e1sk\u00f6nny\u00edt\u0151, emelt [&hellip;]<\/p>\n","protected":false},"featured_media":6178,"comment_status":"open","ping_status":"closed","template":"","meta":{"_et_pb_use_builder":"","_et_pb_old_content":"","_et_gb_content_width":"","om_disable_all_campaigns":false},"product_brand":[],"product_cat":[21,162,160],"product_tag":[1476],"class_list":{"0":"post-6177","1":"product","2":"type-product","3":"status-publish","4":"has-post-thumbnail","6":"product_cat-uj","7":"product_cat-csizma","8":"product_cat-labbelik","9":"product_tag-dunlop-blizzard-k486061-szormes-csizma","11":"first","12":"instock","13":"taxable","14":"shipping-taxable","15":"purchasable","16":"product-type-variable"},"_links":{"self":[{"href":"https:\/\/www.vadaszboltcsorna.hu\/index.php\/wp-json\/wp\/v2\/product\/6177","targetHints":{"allow":["GET"]}}],"collection":[{"href":"https:\/\/www.vadaszboltcsorna.hu\/index.php\/wp-json\/wp\/v2\/product"}],"about":[{"href":"https:\/\/www.vadaszboltcsorna.hu\/index.php\/wp-json\/wp\/v2\/types\/product"}],"replies":[{"embeddable":true,"href":"https:\/\/www.vadaszboltcsorna.hu\/index.php\/wp-json\/wp\/v2\/comments?post=6177"}],"wp:featuredmedia":[{"embeddable":true,"href":"https:\/\/www.vadaszboltcsorna.hu\/index.php\/wp-json\/wp\/v2\/media\/6178"}],"wp:attachment":[{"href":"https:\/\/www.vadaszboltcsorna.hu\/index.php\/wp-json\/wp\/v2\/media?parent=6177"}],"wp:term":[{"taxonomy":"product_brand","embeddable":true,"href":"https:\/\/www.vadaszboltcsorna.hu\/index.php\/wp-json\/wp\/v2\/product_brand?post=6177"},{"taxonomy":"product_cat","embeddable":true,"href":"https:\/\/www.vadaszboltcsorna.hu\/index.php\/wp-json\/wp\/v2\/product_cat?post=6177"},{"taxonomy":"product_tag","embeddable":true,"href":"https:\/\/www.vadaszboltcsorna.hu\/index.php\/wp-json\/wp\/v2\/product_tag?post=6177"}],"curies":[{"name":"wp","href":"https:\/\/api.w.org\/{rel}","templated":true}]}}