{"id":6125,"date":"2024-09-17T08:45:43","date_gmt":"2024-09-17T08:45:43","guid":{"rendered":"https:\/\/www.vadaszboltcsorna.hu\/?post_type=product&#038;p=6125"},"modified":"2024-09-19T11:46:01","modified_gmt":"2024-09-19T11:46:01","slug":"delphin-bronto-belelt-csizma","status":"publish","type":"product","link":"https:\/\/www.vadaszboltcsorna.hu\/index.php\/termek\/delphin-bronto-belelt-csizma\/","title":{"rendered":"DELPHIN BRONTO B\u00c9LELT CSIZMA"},"content":{"rendered":"<h2 style=\"text-align: center;\"><strong>DELPHIN BRONTO B\u00c9LELT CSIZMA<\/strong><\/h2>\n<p>&nbsp;<\/p>\n<h3><strong>Le\u00edr\u00e1s:<\/strong>DELPHIN BRONTO THERMO CSIZMA<\/h3>\n<h3>A csizma nagyobb talp merevs\u00e9ggel rendelkezik, \u00e9s \u00edgy nem viszi \u00e1t az egyenetlen terep negat\u00edv hat\u00e1s\u00e1t a talp\u00e1ra .<\/h3>\n<h3>A vastagabb falvastags\u00e1g jobb szigetel\u0151 hat\u00e1st is jelent. K\u00fcl\u00f6n\u00f6sen t\u00e9len fogja \u00e9rt\u00e9kelni. Meger\u0151s\u00edtett a s\u00edpcsontv\u00e9d\u0151 ter\u00fclet \u00e9s a cip\u0151 l\u00e1bujjr\u00e9sze is. Nem kell agg\u00f3dnia a fel \u00e9s le v\u00e9tel miatt.<\/h3>\n<h3>Azokra az emberekre is gondolkodtunk, akiknek a csizm\u00e1hoz nehezebb lehajolni. A sarok f\u00f6l\u00f6tt van egy kiemelked\u00e9s, az \u00fagynevezett &#8216;sarkanty\u00fa &#8216;, amelynek k\u00f6sz\u00f6nhet\u0151en majd k\u00f6nnyen le lehet venni a csizm\u00e1t.<\/h3>\n<h3>A bels\u0151 filcbet\u00e9t t\u00f6k\u00e9letesen illeszkedik belsej\u00e9be, \u00e9s n\u00f6veli a termikus \u00e9s a felhaszn\u00e1l\u00f3i k\u00e9nyelmet. A talp mint\u00e1zat\u00e1nak jellegzetes kiemelked\u00e9sei garant\u00e1lj\u00e1k a t\u00f6k\u00e9letes tapad\u00e1st b\u00e1rmilyen k\u00f6r\u00fclm\u00e9nyek k\u00f6z\u00f6tt.<\/h3>\n<h3>Ezenk\u00edv\u00fcl az egyes kiemel\u00e9sek nagyon s\u0171r\u0171 szerkezet\u0171ek, ami m\u00e9g jeges ter\u00fcleteken is hozz\u00e1j\u00e1rul a stabilit\u00e1shoz. Nem sz\u00e1m\u00edt, ha kint -40 \u00b0 C-on van, erd\u0151be, vagy horg\u00e1szni megy.<\/h3>\n<p>&nbsp;<\/p>\n<h3 style=\"text-align: center;\">A Delphin BRONTO az\u00e9rt van, hogy 100% -osan meg\u00f3vja a l\u00e1ba k\u00e9nyelm\u00e9t!<\/h3>\n","protected":false},"excerpt":{"rendered":"<p>DELPHIN BRONTO B\u00c9LELT CSIZMA &nbsp; Le\u00edr\u00e1s:DELPHIN BRONTO THERMO CSIZMA A csizma nagyobb talp merevs\u00e9ggel rendelkezik, \u00e9s \u00edgy nem viszi \u00e1t az egyenetlen terep negat\u00edv hat\u00e1s\u00e1t a talp\u00e1ra . A vastagabb falvastags\u00e1g jobb szigetel\u0151 hat\u00e1st is jelent. K\u00fcl\u00f6n\u00f6sen t\u00e9len fogja \u00e9rt\u00e9kelni. Meger\u0151s\u00edtett a s\u00edpcsontv\u00e9d\u0151 ter\u00fclet \u00e9s a cip\u0151 l\u00e1bujjr\u00e9sze is. Nem kell agg\u00f3dnia a fel \u00e9s [&hellip;]<\/p>\n","protected":false},"featured_media":6126,"comment_status":"open","ping_status":"closed","template":"","meta":{"_et_pb_use_builder":"","_et_pb_old_content":"","_et_gb_content_width":"","om_disable_all_campaigns":false},"product_brand":[],"product_cat":[21,162,160],"product_tag":[1467],"class_list":{"0":"post-6125","1":"product","2":"type-product","3":"status-publish","4":"has-post-thumbnail","6":"product_cat-uj","7":"product_cat-csizma","8":"product_cat-labbelik","9":"product_tag-delphin-bronto-belelt-csizma","11":"first","12":"instock","13":"taxable","14":"shipping-taxable","15":"purchasable","16":"product-type-variable"},"_links":{"self":[{"href":"https:\/\/www.vadaszboltcsorna.hu\/index.php\/wp-json\/wp\/v2\/product\/6125","targetHints":{"allow":["GET"]}}],"collection":[{"href":"https:\/\/www.vadaszboltcsorna.hu\/index.php\/wp-json\/wp\/v2\/product"}],"about":[{"href":"https:\/\/www.vadaszboltcsorna.hu\/index.php\/wp-json\/wp\/v2\/types\/product"}],"replies":[{"embeddable":true,"href":"https:\/\/www.vadaszboltcsorna.hu\/index.php\/wp-json\/wp\/v2\/comments?post=6125"}],"wp:featuredmedia":[{"embeddable":true,"href":"https:\/\/www.vadaszboltcsorna.hu\/index.php\/wp-json\/wp\/v2\/media\/6126"}],"wp:attachment":[{"href":"https:\/\/www.vadaszboltcsorna.hu\/index.php\/wp-json\/wp\/v2\/media?parent=6125"}],"wp:term":[{"taxonomy":"product_brand","embeddable":true,"href":"https:\/\/www.vadaszboltcsorna.hu\/index.php\/wp-json\/wp\/v2\/product_brand?post=6125"},{"taxonomy":"product_cat","embeddable":true,"href":"https:\/\/www.vadaszboltcsorna.hu\/index.php\/wp-json\/wp\/v2\/product_cat?post=6125"},{"taxonomy":"product_tag","embeddable":true,"href":"https:\/\/www.vadaszboltcsorna.hu\/index.php\/wp-json\/wp\/v2\/product_tag?post=6125"}],"curies":[{"name":"wp","href":"https:\/\/api.w.org\/{rel}","templated":true}]}}