{"id":5997,"date":"2024-07-17T11:12:23","date_gmt":"2024-07-17T11:12:23","guid":{"rendered":"https:\/\/www.vadaszboltcsorna.hu\/?post_type=product&#038;p=5997"},"modified":"2025-04-08T07:50:41","modified_gmt":"2025-04-08T07:50:41","slug":"norma-762x54r-alaska-117g-180gr","status":"publish","type":"product","link":"https:\/\/www.vadaszboltcsorna.hu\/index.php\/termek\/norma-762x54r-alaska-117g-180gr\/","title":{"rendered":"NORMA 7,62x54R Alaska 11,7g\/180gr"},"content":{"rendered":"<h2 style=\"text-align: center;\"><strong>NORMA 7,62x54R Alaska 11,7g\/180gr<\/strong><\/h2>\n<p>&nbsp;<\/p>\n<h3 class=\"\" data-start=\"236\" data-end=\"300\"><strong data-start=\"240\" data-end=\"300\">NORMA 7,62x54R Alaska (11,7g \/ 180gr) \u2013 Whitetail sz\u00e9ria<\/strong><\/h3>\n<p class=\"\" data-start=\"302\" data-end=\"313\"><strong data-start=\"302\" data-end=\"313\">Le\u00edr\u00e1s:<\/strong><\/p>\n<p class=\"\" data-start=\"315\" data-end=\"662\">A <em data-start=\"317\" data-end=\"331\">NORMA Alaska<\/em> l\u0151szert m\u00e1r \u00e9vtizedek \u00f3ta elismer\u00e9ssel haszn\u00e1lj\u00e1k a skandin\u00e1v vad\u00e1szok, k\u00fcl\u00f6n\u00f6sen j\u00e1vorszarvas vad\u00e1szat\u00e1ra. Az Alaska sz\u00e9ria most <strong data-start=\"462\" data-end=\"490\">meg\u00fajult Whitetail n\u00e9ven<\/strong>, amely v\u00e1ltozatlanul a <strong data-start=\"514\" data-end=\"534\">nagyvad vad\u00e1szat<\/strong> megb\u00edzhat\u00f3 t\u00e1rsa, ugyanakkor kib\u0151v\u00fclt \u00faj kaliberekkel \u00e9s l\u00f6ved\u00e9ks\u00falyokkal, hogy a modern vad\u00e1szok minden ig\u00e9ny\u00e9nek megfeleljen.<\/p>\n<p class=\"\" data-start=\"664\" data-end=\"940\">Ez a k\u00f6t\u00e9s n\u00e9lk\u00fcli, <strong data-start=\"684\" data-end=\"705\">l\u00e1gyhegy\u0171 l\u00f6ved\u00e9k<\/strong> kiv\u00e1l\u00f3 <strong data-start=\"713\" data-end=\"761\">hat\u00e9konys\u00e1got, pontoss\u00e1got \u00e9s gyors t\u00e1gul\u00e1st<\/strong> biztos\u00edt \u2013 ide\u00e1lis v\u00e1laszt\u00e1s mind az eur\u00f3pai, mind az amerikai vadfajok elejt\u00e9s\u00e9hez. A <strong data-start=\"849\" data-end=\"869\">7,62x54R kaliber<\/strong> t\u00f6k\u00e9letes megold\u00e1s, ha megb\u00edzhat\u00f3, nagy teljes\u00edtm\u00e9ny\u0171 l\u0151szert keresel.<\/p>\n<hr class=\"\" data-start=\"942\" data-end=\"945\" \/>\n<h4 class=\"\" data-start=\"947\" data-end=\"971\"><strong data-start=\"952\" data-end=\"971\">F\u0151bb jellemz\u0151k:<\/strong><\/h4>\n<ul data-start=\"973\" data-end=\"1240\">\n<li class=\"\" data-start=\"973\" data-end=\"994\">\n<p class=\"\" data-start=\"975\" data-end=\"994\"><strong data-start=\"975\" data-end=\"986\">Gy\u00e1rt\u00f3:<\/strong> NORMA<\/p>\n<\/li>\n<li class=\"\" data-start=\"995\" data-end=\"1038\">\n<p class=\"\" data-start=\"997\" data-end=\"1038\"><strong data-start=\"997\" data-end=\"1008\">Sz\u00e9ria:<\/strong> Whitetail (kor\u00e1bban Alaska)<\/p>\n<\/li>\n<li class=\"\" data-start=\"1039\" data-end=\"1064\">\n<p class=\"\" data-start=\"1041\" data-end=\"1064\"><strong data-start=\"1041\" data-end=\"1053\">Kaliber:<\/strong> 7,62x54R<\/p>\n<\/li>\n<li class=\"\" data-start=\"1065\" data-end=\"1104\">\n<p class=\"\" data-start=\"1067\" data-end=\"1104\"><strong data-start=\"1067\" data-end=\"1083\">L\u00f6ved\u00e9ks\u00faly:<\/strong> 11,7 g \/ 180 grain<\/p>\n<\/li>\n<li class=\"\" data-start=\"1105\" data-end=\"1153\">\n<p class=\"\" data-start=\"1107\" data-end=\"1153\"><strong data-start=\"1107\" data-end=\"1124\">L\u00f6ved\u00e9kt\u00edpus:<\/strong> Soft Point (SP), l\u00e1gyhegy\u0171<\/p>\n<\/li>\n<li class=\"\" data-start=\"1154\" data-end=\"1240\">\n<p class=\"\" data-start=\"1156\" data-end=\"1240\"><strong data-start=\"1156\" data-end=\"1173\">Felhaszn\u00e1l\u00e1s:<\/strong> nagyvad vad\u00e1szat, k\u00fcl\u00f6n\u00f6sen j\u00e1vorszarvasra, vaddiszn\u00f3ra, szarvasra<\/p>\n<\/li>\n<\/ul>\n<hr class=\"\" data-start=\"1242\" data-end=\"1245\" \/>\n<h4 class=\"\" data-start=\"1247\" data-end=\"1276\"><strong data-start=\"1252\" data-end=\"1276\">Tov\u00e1bbi inform\u00e1ci\u00f3k:<\/strong><\/h4>\n<p class=\"\" data-start=\"1278\" data-end=\"1700\">\u2705 A term\u00e9k <strong data-start=\"1289\" data-end=\"1323\">jelenleg el\u00e9rhet\u0151 \u00fczlet\u00fcnkben.<\/strong><br data-start=\"1323\" data-end=\"1326\" \/>\ud83d\udcac <strong data-start=\"1329\" data-end=\"1429\">Kaliberekr\u0151l, \u00e1rakr\u00f3l \u00e9s el\u00e9rhet\u0151s\u00e9gr\u0151l \u00e9rdekl\u0151dj\u00f6n munkat\u00e1rsainkn\u00e1l szem\u00e9lyesen vagy telefonon!<\/strong><br data-start=\"1429\" data-end=\"1432\" \/>\ud83d\udccd Szem\u00e9lyes \u00e1tv\u00e9tel: csak az \u00fczletben, \u00e9rv\u00e9nyes <strong data-start=\"1481\" data-end=\"1511\">fegyvertart\u00e1si enged\u00e9llyel<\/strong>!<br data-start=\"1512\" data-end=\"1515\" \/>\ud83d\udeab Webshopos rendel\u00e9s eset\u00e9n a term\u00e9k <strong data-start=\"1553\" data-end=\"1580\">nem ker\u00fcl kisz\u00e1ll\u00edt\u00e1sra<\/strong>!<br data-start=\"1581\" data-end=\"1584\" \/>\ud83d\udd14 Az \u00e1rak <strong data-start=\"1595\" data-end=\"1620\">t\u00e1j\u00e9koztat\u00f3 jelleg\u0171ek<\/strong>, nem min\u0151s\u00fclnek hivatalos aj\u00e1nlatt\u00e9telnek. Az <strong data-start=\"1667\" data-end=\"1700\">\u00e1rv\u00e1ltoz\u00e1s jog\u00e1t fenntartjuk.<\/strong><\/p>\n<hr class=\"\" data-start=\"1702\" data-end=\"1705\" \/>\n<p class=\"\" data-start=\"1707\" data-end=\"1799\">\ud83d\udcde Tov\u00e1bbi inform\u00e1ci\u00f3\u00e9rt l\u00e1togass el hozz\u00e1nk szem\u00e9lyesen vagy vedd fel vel\u00fcnk a kapcsolatot!<\/p>\n","protected":false},"excerpt":{"rendered":"<p>NORMA 7,62x54R Alaska 11,7g\/180gr &nbsp; NORMA 7,62x54R Alaska (11,7g \/ 180gr) \u2013 Whitetail sz\u00e9ria Le\u00edr\u00e1s: A NORMA Alaska l\u0151szert m\u00e1r \u00e9vtizedek \u00f3ta elismer\u00e9ssel haszn\u00e1lj\u00e1k a skandin\u00e1v vad\u00e1szok, k\u00fcl\u00f6n\u00f6sen j\u00e1vorszarvas vad\u00e1szat\u00e1ra. Az Alaska sz\u00e9ria most meg\u00fajult Whitetail n\u00e9ven, amely v\u00e1ltozatlanul a nagyvad vad\u00e1szat megb\u00edzhat\u00f3 t\u00e1rsa, ugyanakkor kib\u0151v\u00fclt \u00faj kaliberekkel \u00e9s l\u00f6ved\u00e9ks\u00falyokkal, hogy a modern vad\u00e1szok minden [&hellip;]<\/p>\n","protected":false},"featured_media":7356,"comment_status":"open","ping_status":"closed","template":"","meta":{"_et_pb_use_builder":"","_et_pb_old_content":"","_et_gb_content_width":"","om_disable_all_campaigns":false},"product_brand":[],"product_cat":[21,249,199,200],"product_tag":[1448,205,1447],"class_list":{"0":"post-5997","1":"product","2":"type-product","3":"status-publish","4":"has-post-thumbnail","6":"product_cat-uj","7":"product_cat-762x54-r","8":"product_cat-golyos-loszerek","9":"product_cat-kaliber","10":"product_tag-62x54r-alaska","11":"product_tag-golyos-loszer","12":"product_tag-norma-7","14":"first","15":"instock","16":"taxable","17":"shipping-taxable","18":"purchasable","19":"product-type-simple"},"_links":{"self":[{"href":"https:\/\/www.vadaszboltcsorna.hu\/index.php\/wp-json\/wp\/v2\/product\/5997","targetHints":{"allow":["GET"]}}],"collection":[{"href":"https:\/\/www.vadaszboltcsorna.hu\/index.php\/wp-json\/wp\/v2\/product"}],"about":[{"href":"https:\/\/www.vadaszboltcsorna.hu\/index.php\/wp-json\/wp\/v2\/types\/product"}],"replies":[{"embeddable":true,"href":"https:\/\/www.vadaszboltcsorna.hu\/index.php\/wp-json\/wp\/v2\/comments?post=5997"}],"wp:featuredmedia":[{"embeddable":true,"href":"https:\/\/www.vadaszboltcsorna.hu\/index.php\/wp-json\/wp\/v2\/media\/7356"}],"wp:attachment":[{"href":"https:\/\/www.vadaszboltcsorna.hu\/index.php\/wp-json\/wp\/v2\/media?parent=5997"}],"wp:term":[{"taxonomy":"product_brand","embeddable":true,"href":"https:\/\/www.vadaszboltcsorna.hu\/index.php\/wp-json\/wp\/v2\/product_brand?post=5997"},{"taxonomy":"product_cat","embeddable":true,"href":"https:\/\/www.vadaszboltcsorna.hu\/index.php\/wp-json\/wp\/v2\/product_cat?post=5997"},{"taxonomy":"product_tag","embeddable":true,"href":"https:\/\/www.vadaszboltcsorna.hu\/index.php\/wp-json\/wp\/v2\/product_tag?post=5997"}],"curies":[{"name":"wp","href":"https:\/\/api.w.org\/{rel}","templated":true}]}}