{"id":5935,"date":"2024-07-12T11:49:23","date_gmt":"2024-07-12T11:49:23","guid":{"rendered":"https:\/\/www.vadaszboltcsorna.hu\/?post_type=product&#038;p=5935"},"modified":"2025-04-07T11:40:09","modified_gmt":"2025-04-07T11:40:09","slug":"norma-silencer-ecostrike-8x57-js-104g-160gr","status":"publish","type":"product","link":"https:\/\/www.vadaszboltcsorna.hu\/index.php\/termek\/norma-silencer-ecostrike-8x57-js-104g-160gr\/","title":{"rendered":"Norma Silencer Ecostrike 8&#215;57 JS 10,4g\/160gr"},"content":{"rendered":"<h2 style=\"text-align: center;\"><strong>Norma Silencer Ecostrike 8&#215;57 JS 10,4g\/160gr<\/strong><\/h2>\n<p>&nbsp;<\/p>\n<h3 class=\"\" data-start=\"349\" data-end=\"441\">\ud83c\udf3f Norma ECOSTRIKE\u2122 8&#215;57 JS 160gr \u2013 K\u00f6rnyezettudatos teljes\u00edtm\u00e9ny kompromisszumok n\u00e9lk\u00fcl<\/h3>\n<p class=\"\" data-start=\"443\" data-end=\"862\"><strong data-start=\"443\" data-end=\"523\">Maxim\u00e1lis hat\u00e9konys\u00e1g, nulla \u00f3lom \u2013 hangtomp\u00edt\u00f3s vad\u00e1szatokra optimaliz\u00e1lva.<\/strong><br data-start=\"523\" data-end=\"526\" \/>A <em data-start=\"528\" data-end=\"546\">Norma ECOSTRIKE\u2122<\/em> a leg\u00fajabb gener\u00e1ci\u00f3s <strong data-start=\"569\" data-end=\"596\">\u00f3lommentes vad\u00e1szl\u0151szer<\/strong>, mely kompromisszum n\u00e9lk\u00fcl \u00f6tv\u00f6zi a k\u00f6rnyezetv\u00e9delmi szempontokat a pr\u00e9mium teljes\u00edtm\u00e9nnyel. A nikkelbevonat\u00fa, r\u00e9zb\u0151l k\u00e9sz\u00fclt l\u00f6ved\u00e9k extr\u00e9m pontoss\u00e1got, m\u00e9ly behatol\u00e1st \u00e9s <strong data-start=\"770\" data-end=\"802\">k\u00f6zel 100%-os s\u00falymegtart\u00e1st<\/strong> k\u00edn\u00e1l, legyen sz\u00f3 k\u00f6zepes vagy nagytest\u0171 vadak elejt\u00e9s\u00e9r\u0151l.<\/p>\n<h4 class=\"\" data-start=\"864\" data-end=\"887\">\ud83d\udd0d F\u0151bb jellemz\u0151k:<\/h4>\n<ul data-start=\"889\" data-end=\"1298\">\n<li class=\"\" data-start=\"889\" data-end=\"913\">\n<p class=\"\" data-start=\"891\" data-end=\"913\"><strong data-start=\"891\" data-end=\"902\">Kaliber<\/strong>: 8&#215;57 JS<\/p>\n<\/li>\n<li class=\"\" data-start=\"914\" data-end=\"990\">\n<p class=\"\" data-start=\"916\" data-end=\"990\"><strong data-start=\"916\" data-end=\"934\">L\u00f6ved\u00e9k t\u00edpusa<\/strong>: \u00d3lommentes, r\u00e9zb\u0151l k\u00e9sz\u00fclt Soft Point t\u00edpus\u00fa l\u00f6ved\u00e9k<\/p>\n<\/li>\n<li class=\"\" data-start=\"991\" data-end=\"1035\">\n<p class=\"\" data-start=\"993\" data-end=\"1035\"><strong data-start=\"993\" data-end=\"1009\">L\u00f6ved\u00e9kt\u00f6meg<\/strong>: 160 grain \/ 10,4 gramm<\/p>\n<\/li>\n<li class=\"\" data-start=\"1036\" data-end=\"1117\">\n<p class=\"\" data-start=\"1038\" data-end=\"1117\"><strong data-start=\"1038\" data-end=\"1070\">Ballisztikai egy\u00fctthat\u00f3 (BC)<\/strong>: 0,353 \u2013 kiv\u00e1l\u00f3 aerodinamika, lapos r\u00f6pp\u00e1lya<\/p>\n<\/li>\n<li class=\"\" data-start=\"1118\" data-end=\"1153\">\n<p class=\"\" data-start=\"1120\" data-end=\"1153\"><strong data-start=\"1120\" data-end=\"1142\">Torkolati sebess\u00e9g<\/strong>: 825 m\/s<\/p>\n<\/li>\n<li class=\"\" data-start=\"1154\" data-end=\"1187\">\n<p class=\"\" data-start=\"1156\" data-end=\"1187\"><strong data-start=\"1156\" data-end=\"1177\">Torkolati energia<\/strong>: 3539 J<\/p>\n<\/li>\n<li class=\"\" data-start=\"1188\" data-end=\"1219\">\n<p class=\"\" data-start=\"1190\" data-end=\"1219\"><strong data-start=\"1190\" data-end=\"1204\">Kiszerel\u00e9s<\/strong>: 20 db\/doboz<\/p>\n<\/li>\n<li class=\"\" data-start=\"1220\" data-end=\"1298\">\n<p class=\"\" data-start=\"1222\" data-end=\"1298\"><strong data-start=\"1222\" data-end=\"1265\">Hangtomp\u00edt\u00f3s fegyverekhez optimaliz\u00e1lva<\/strong> \u2013 a Norma Silencer sorozat tagja<\/p>\n<\/li>\n<\/ul>\n<p class=\"\" data-start=\"1300\" data-end=\"1561\">\u2705 Ide\u00e1lis <strong data-start=\"1310\" data-end=\"1346\">vaddiszn\u00f3ra, szarvasra, muflonra<\/strong>, valamint minden olyan vad\u00e1szatra, ahol <strong data-start=\"1387\" data-end=\"1420\">\u00f3vni szeretn\u00e9nk a k\u00f6rnyezetet<\/strong>, de a hat\u00e9konys\u00e1gr\u00f3l sem mondan\u00e1nk le.<br data-start=\"1459\" data-end=\"1462\" \/>\u2705 K\u00fcl\u00f6n\u00f6sen aj\u00e1nlott term\u00e9szetv\u00e9delmi ter\u00fcleteken, ahol <strong data-start=\"1518\" data-end=\"1560\">\u00f3lomhaszn\u00e1lat korl\u00e1tozott vagy tiltott<\/strong>.<\/p>\n<p class=\"\" data-start=\"1563\" data-end=\"1702\">\ud83d\udca1 <strong data-start=\"1566\" data-end=\"1600\">Fel\u00fclm\u00falja az ORYX \u00f3loml\u00f6ved\u00e9k<\/strong> sok\u00e9ves tapasztalattal bizony\u00edtott tulajdons\u00e1gait \u2013 \u00edgy ez a t\u00f6k\u00e9letes v\u00e1laszt\u00e1s a j\u00f6v\u0151 vad\u00e1szat\u00e1hoz.<\/p>\n<hr class=\"\" data-start=\"1704\" data-end=\"1707\" \/>\n<h3 class=\"\" data-start=\"1709\" data-end=\"1737\">\u26a0\ufe0f V\u00e1s\u00e1rl\u00e1si tudnival\u00f3k:<\/h3>\n<blockquote data-start=\"1739\" data-end=\"2236\">\n<p class=\"\" data-start=\"1741\" data-end=\"2236\">\ud83d\udccd A fenti adatok <strong data-start=\"1759\" data-end=\"1784\">t\u00e1j\u00e9koztat\u00f3 jelleg\u0171ek<\/strong>, t\u00edpusonk\u00e9nt elt\u00e9rhetnek.<br data-start=\"1810\" data-end=\"1813\" \/>\ud83d\udcde <strong data-start=\"1818\" data-end=\"1874\">Aktu\u00e1lis \u00e1rakr\u00f3l, k\u00e9szletr\u0151l, kaliber el\u00e9rhet\u0151s\u00e9gr\u0151l<\/strong> \u00e9rdekl\u0151dj \u00fczlet\u00fcnkben vagy telefonon.<br data-start=\"1912\" data-end=\"1915\" \/>\ud83d\uded1 A <strong data-start=\"1922\" data-end=\"1951\">fegyvert\u00f6rv\u00e9ny \u00e9rtelm\u00e9ben<\/strong>, fegyver \u00e9s l\u0151szer <strong data-start=\"1971\" data-end=\"2033\">kiz\u00e1r\u00f3lag szem\u00e9lyesen, \u00e9rv\u00e9nyes fegyvertart\u00e1si enged\u00e9llyel<\/strong> v\u00e1s\u00e1rolhat\u00f3 meg.<br data-start=\"2050\" data-end=\"2053\" \/>\ud83d\ude9a A webshopban megrendelt fegyverek \u00e9s l\u0151szerek <strong data-start=\"2104\" data-end=\"2135\">nem ker\u00fclnek kisz\u00e1ll\u00edt\u00e1sra!<\/strong><br data-start=\"2135\" data-end=\"2138\" \/>\ud83d\udcac Az \u00e1rak <strong data-start=\"2151\" data-end=\"2195\">nem min\u0151s\u00fclnek hivatalos aj\u00e1nlatt\u00e9telnek<\/strong>, az <strong data-start=\"2200\" data-end=\"2235\" data-is-only-node=\"\">\u00e1rv\u00e1ltoztat\u00e1s jog\u00e1t fenntartjuk<\/strong>.<\/p>\n<\/blockquote>\n<p>&nbsp;<\/p>\n<p>&nbsp;<\/p>\n","protected":false},"excerpt":{"rendered":"<p>Norma Silencer Ecostrike 8&#215;57 JS 10,4g\/160gr &nbsp; \ud83c\udf3f Norma ECOSTRIKE\u2122 8&#215;57 JS 160gr \u2013 K\u00f6rnyezettudatos teljes\u00edtm\u00e9ny kompromisszumok n\u00e9lk\u00fcl Maxim\u00e1lis hat\u00e9konys\u00e1g, nulla \u00f3lom \u2013 hangtomp\u00edt\u00f3s vad\u00e1szatokra optimaliz\u00e1lva.A Norma ECOSTRIKE\u2122 a leg\u00fajabb gener\u00e1ci\u00f3s \u00f3lommentes vad\u00e1szl\u0151szer, mely kompromisszum n\u00e9lk\u00fcl \u00f6tv\u00f6zi a k\u00f6rnyezetv\u00e9delmi szempontokat a pr\u00e9mium teljes\u00edtm\u00e9nnyel. A nikkelbevonat\u00fa, r\u00e9zb\u0151l k\u00e9sz\u00fclt l\u00f6ved\u00e9k extr\u00e9m pontoss\u00e1got, m\u00e9ly behatol\u00e1st \u00e9s k\u00f6zel 100%-os [&hellip;]<\/p>\n","protected":false},"featured_media":7251,"comment_status":"open","ping_status":"closed","template":"","meta":{"_et_pb_use_builder":"","_et_pb_old_content":"","_et_gb_content_width":"","om_disable_all_campaigns":false},"product_brand":[],"product_cat":[21,243,199,200],"product_tag":[1426],"class_list":{"0":"post-5935","1":"product","2":"type-product","3":"status-publish","4":"has-post-thumbnail","6":"product_cat-uj","7":"product_cat-8x57-is","8":"product_cat-golyos-loszerek","9":"product_cat-kaliber","10":"product_tag-norma-silencer-ecostrike-8x57-js-10","12":"first","13":"instock","14":"taxable","15":"shipping-taxable","16":"purchasable","17":"product-type-simple"},"_links":{"self":[{"href":"https:\/\/www.vadaszboltcsorna.hu\/index.php\/wp-json\/wp\/v2\/product\/5935","targetHints":{"allow":["GET"]}}],"collection":[{"href":"https:\/\/www.vadaszboltcsorna.hu\/index.php\/wp-json\/wp\/v2\/product"}],"about":[{"href":"https:\/\/www.vadaszboltcsorna.hu\/index.php\/wp-json\/wp\/v2\/types\/product"}],"replies":[{"embeddable":true,"href":"https:\/\/www.vadaszboltcsorna.hu\/index.php\/wp-json\/wp\/v2\/comments?post=5935"}],"wp:featuredmedia":[{"embeddable":true,"href":"https:\/\/www.vadaszboltcsorna.hu\/index.php\/wp-json\/wp\/v2\/media\/7251"}],"wp:attachment":[{"href":"https:\/\/www.vadaszboltcsorna.hu\/index.php\/wp-json\/wp\/v2\/media?parent=5935"}],"wp:term":[{"taxonomy":"product_brand","embeddable":true,"href":"https:\/\/www.vadaszboltcsorna.hu\/index.php\/wp-json\/wp\/v2\/product_brand?post=5935"},{"taxonomy":"product_cat","embeddable":true,"href":"https:\/\/www.vadaszboltcsorna.hu\/index.php\/wp-json\/wp\/v2\/product_cat?post=5935"},{"taxonomy":"product_tag","embeddable":true,"href":"https:\/\/www.vadaszboltcsorna.hu\/index.php\/wp-json\/wp\/v2\/product_tag?post=5935"}],"curies":[{"name":"wp","href":"https:\/\/api.w.org\/{rel}","templated":true}]}}