{"id":5877,"date":"2024-07-02T11:37:00","date_gmt":"2024-07-02T11:37:00","guid":{"rendered":"https:\/\/www.vadaszboltcsorna.hu\/?post_type=product&#038;p=5877"},"modified":"2025-03-27T12:18:59","modified_gmt":"2025-03-27T12:18:59","slug":"brenneke-300-win-mag-tog","status":"publish","type":"product","link":"https:\/\/www.vadaszboltcsorna.hu\/index.php\/termek\/brenneke-300-win-mag-tog\/","title":{"rendered":"Brenneke .300 Win.Mag. TOG"},"content":{"rendered":"<h2 style=\"text-align: center;\"><strong>Brenneke .300 Win.Mag. TOG<\/strong><\/h2>\n<p>&nbsp;<\/p>\n<h2 class=\"\" data-start=\"297\" data-end=\"375\"><strong data-start=\"300\" data-end=\"375\">Brenneke TOG\u00ae .300 Win. Mag. \u2013 Maxim\u00e1lis behatol\u00e1s, minim\u00e1lis vesztes\u00e9g<\/strong><\/h2>\n<p class=\"\" data-start=\"377\" data-end=\"688\">A <strong data-start=\"379\" data-end=\"421\">Brenneke TOG\u00ae (Torpedo Optimal Bullet)<\/strong> l\u0151szer a <strong data-start=\"431\" data-end=\"486\">kontroll\u00e1lt gomb\u00e1sod\u00e1s\u00fa l\u00f6ved\u00e9kek cs\u00facskateg\u00f3ri\u00e1j\u00e1t<\/strong> k\u00e9pviseli. Egyes\u00edti a <strong data-start=\"509\" data-end=\"576\">nagy \u00fct\u0151er\u0151t, a m\u00e9ly behatol\u00e1st \u00e9s a minim\u00e1lis t\u00f6megvesztes\u00e9get<\/strong>, \u00edgy ide\u00e1lis v\u00e1laszt\u00e1s <strong data-start=\"600\" data-end=\"617\">nagytest\u0171 vad<\/strong> elejt\u00e9s\u00e9re \u2013 legyen sz\u00f3 szarvasr\u00f3l, vaddiszn\u00f3r\u00f3l vagy j\u00e1vorszarvasr\u00f3l.<\/p>\n<p class=\"\" data-start=\"690\" data-end=\"959\">A <strong data-start=\"692\" data-end=\"719\">massz\u00edv k\u00f6penyszerkezet<\/strong> biztos\u00edtja, hogy a l\u00f6ved\u00e9k gomb\u00e1sodjon, de ne vesz\u00edtsen jelent\u0151s t\u00f6meget. \u00cdgy a <strong data-start=\"800\" data-end=\"834\">marad\u00e9ks\u00faly kiemelked\u0151en magas<\/strong>, a l\u00f6ved\u00e9k <strong data-start=\"846\" data-end=\"862\">m\u00e9lyre hatol<\/strong>, \u00e9s szinte mindig <strong data-start=\"881\" data-end=\"908\">biztos kimeneti ny\u00edl\u00e1st<\/strong> hagy maga ut\u00e1n \u2013 ami <strong data-start=\"930\" data-end=\"958\">k\u00f6nny\u00edti az ut\u00e1nkeres\u00e9st<\/strong>.<\/p>\n<hr class=\"\" data-start=\"961\" data-end=\"964\" \/>\n<h3 class=\"\" data-start=\"966\" data-end=\"992\">\ud83d\udd0d <strong data-start=\"973\" data-end=\"992\">F\u0151bb jellemz\u0151k:<\/strong><\/h3>\n<ul data-start=\"993\" data-end=\"1389\">\n<li class=\"\" data-start=\"993\" data-end=\"1091\">\n<p class=\"\" data-start=\"995\" data-end=\"1091\"><strong data-start=\"995\" data-end=\"1021\">Kontroll\u00e1lt gomb\u00e1sod\u00e1s<\/strong>: a l\u00f6ved\u00e9k \u00e1tm\u00e9r\u0151je a vad test\u00e9nek ellen\u00e1ll\u00e1s\u00e1t\u00f3l f\u00fcgg\u0151en n\u00f6vekszik<\/p>\n<\/li>\n<li class=\"\" data-start=\"1092\" data-end=\"1176\">\n<p class=\"\" data-start=\"1094\" data-end=\"1176\"><strong data-start=\"1094\" data-end=\"1115\">Magas marad\u00e9ks\u00faly<\/strong>: kis t\u00f6megvesztes\u00e9g \u2013 m\u00e9ly behatol\u00e1s, stabil energia\u00e1tad\u00e1s<\/p>\n<\/li>\n<li class=\"\" data-start=\"1177\" data-end=\"1253\">\n<p class=\"\" data-start=\"1179\" data-end=\"1253\"><strong data-start=\"1179\" data-end=\"1213\">K\u00f6t\u00f6tt mag \u00e9s k\u00f6peny (bonding)<\/strong>: a mag nem v\u00e1lik sz\u00e9t a becsap\u00f3d\u00e1skor<\/p>\n<\/li>\n<li class=\"\" data-start=\"1254\" data-end=\"1318\">\n<p class=\"\" data-start=\"1256\" data-end=\"1318\"><strong data-start=\"1256\" data-end=\"1272\">\u00dcreges cs\u00facs<\/strong>: gyors energia-lead\u00e1s, hat\u00e9kony sebcsatorna<\/p>\n<\/li>\n<li class=\"\" data-start=\"1319\" data-end=\"1389\">\n<p class=\"\" data-start=\"1321\" data-end=\"1389\"><strong data-start=\"1321\" data-end=\"1335\">\u00c9les perem<\/strong>: biztos bev\u00e1g\u00e1s a b\u0151rbe \u00e9s sz\u00f6vetekbe, prec\u00edz tal\u00e1lat<\/p>\n<\/li>\n<\/ul>\n<p>&nbsp;<\/p>\n<hr class=\"\" data-start=\"1391\" data-end=\"1394\" \/>\n<h3 class=\"\" data-start=\"1396\" data-end=\"1422\">\ud83d\udd2b <strong data-start=\"1403\" data-end=\"1422\">M\u0171szaki adatok:<\/strong><\/h3>\n<ul data-start=\"1423\" data-end=\"1695\">\n<li class=\"\" data-start=\"1423\" data-end=\"1454\">\n<p class=\"\" data-start=\"1425\" data-end=\"1454\"><strong data-start=\"1425\" data-end=\"1437\">Kaliber:<\/strong> .300 Win. Mag.<\/p>\n<\/li>\n<li class=\"\" data-start=\"1455\" data-end=\"1495\">\n<p class=\"\" data-start=\"1457\" data-end=\"1495\"><strong data-start=\"1457\" data-end=\"1474\">L\u00f6ved\u00e9kt\u00f6meg:<\/strong> 10,7 g \/ 165 grain<\/p>\n<\/li>\n<li class=\"\" data-start=\"1496\" data-end=\"1534\">\n<p class=\"\" data-start=\"1498\" data-end=\"1534\"><strong data-start=\"1498\" data-end=\"1524\">Cs\u0151torkolati sebess\u00e9g:<\/strong> 970 m\/s<\/p>\n<\/li>\n<li class=\"\" data-start=\"1535\" data-end=\"1571\">\n<p class=\"\" data-start=\"1537\" data-end=\"1571\"><strong data-start=\"1537\" data-end=\"1562\">Cs\u0151torkolati energia:<\/strong> 5030 J<\/p>\n<\/li>\n<li class=\"\" data-start=\"1572\" data-end=\"1637\">\n<p class=\"\" data-start=\"1574\" data-end=\"1637\"><strong data-start=\"1574\" data-end=\"1591\">L\u00f6ved\u00e9kt\u00edpus:<\/strong> TOG\u00ae \u2013 kontroll\u00e1lt-expanzi\u00f3s, bonded maggal<\/p>\n<\/li>\n<li class=\"\" data-start=\"1638\" data-end=\"1695\">\n<p class=\"\" data-start=\"1640\" data-end=\"1695\"><strong data-start=\"1640\" data-end=\"1655\">Kiszerel\u00e9s:<\/strong> (20 db\/doboz \u2013 ha ez meger\u0151s\u00edt\u00e9st nyer)<\/p>\n<\/li>\n<\/ul>\n<hr class=\"\" data-start=\"1697\" data-end=\"1700\" \/>\n<h3 class=\"\" data-start=\"1702\" data-end=\"1730\">\ud83e\udd8c <strong data-start=\"1709\" data-end=\"1730\">Ide\u00e1lis vadfajok:<\/strong><\/h3>\n<ul data-start=\"1731\" data-end=\"1840\">\n<li class=\"\" data-start=\"1731\" data-end=\"1745\">\n<p class=\"\" data-start=\"1733\" data-end=\"1745\">G\u00edmszarvas<\/p>\n<\/li>\n<li class=\"\" data-start=\"1746\" data-end=\"1759\">\n<p class=\"\" data-start=\"1748\" data-end=\"1759\">Vaddiszn\u00f3<\/p>\n<\/li>\n<li class=\"\" data-start=\"1760\" data-end=\"1776\">\n<p class=\"\" data-start=\"1762\" data-end=\"1776\">J\u00e1vorszarvas<\/p>\n<\/li>\n<li class=\"\" data-start=\"1777\" data-end=\"1786\">\n<p class=\"\" data-start=\"1779\" data-end=\"1786\">Medve<\/p>\n<\/li>\n<li class=\"\" data-start=\"1787\" data-end=\"1840\">\n<p class=\"\" data-start=\"1789\" data-end=\"1840\">Szikaszarvas, b\u00f6l\u00e9ny (megfelel\u0151 k\u00f6r\u00fclm\u00e9nyek k\u00f6z\u00f6tt)<\/p>\n<\/li>\n<\/ul>\n<hr class=\"\" data-start=\"1842\" data-end=\"1845\" \/>\n<h2 class=\"\" data-start=\"1847\" data-end=\"1924\"><strong data-start=\"1850\" data-end=\"1924\">A TOG\u00ae egy megt\u00e9r\u00fcl\u0151 befektet\u00e9s \u2013 ha val\u00f3ban sz\u00e1m\u00edt a l\u00f6v\u00e9s eredm\u00e9nye.<\/strong><\/h2>\n<p class=\"\" data-start=\"1926\" data-end=\"2119\">A Brenneke m\u00e1r 2003 \u00f3ta gy\u00e1rtja ezt a t\u00edpus\u00fa l\u0151szert, a n\u00e9met precizit\u00e1s \u00e9s a vad\u00e1szati gyakorlat legjobb hagyom\u00e1nyai alapj\u00e1n. A <strong data-start=\"2055\" data-end=\"2119\">TOG\u00ae nem csup\u00e1n l\u00f6ved\u00e9k \u2013 ez egy c\u00e9lzott vad\u00e1szati megold\u00e1s.<\/strong><\/p>\n<p>&nbsp;<\/p>\n<h3><\/h3>\n<h6 style=\"text-align: center;\"><em>A le\u00edr\u00e1sban szerepl\u0151 adatok t\u00e1j\u00e9koztat\u00f3 jelleg\u0171ek, t\u00edpusonk\u00e9nt v\u00e1ltozhat!<\/em><br \/>\n<em>Kaliberekr\u0151l, \u00e1rakr\u00f3l \u00e9s egy\u00e9b inform\u00e1ci\u00f3kr\u00f3l k\u00e9rj\u00fck \u00e9rdekl\u0151dj\u00f6n!<\/em><br \/>\n<em>A fegyvert\u00f6rv\u00e9ny \u00e9rtelm\u00e9ben, fegyvert, l\u0151szert kiz\u00e1r\u00f3lag szem\u00e9lyesen,az \u00fczletben fegyvertart\u00e1si enged\u00e9ly birtok\u00e1ban lehet v\u00e1s\u00e1rolni!<\/em><br \/>\n<em>A webshopban megrendelt fegyverek \u00e9s l\u0151szerek NEM ker\u00fclnek kisz\u00e1ll\u00edt\u00e1sra! Tov\u00e1bbi inform\u00e1ci\u00f3\u00e9rt l\u00e1togasson el boltunkba!<\/em><br \/>\n<em>Az \u00e1rak t\u00e1j\u00e9koztat\u00f3 jelleg\u0171ek nem min\u0151s\u00fcl hivatalos aj\u00e1nlat t\u00e9telnek!<\/em><br \/>\n<em>Az \u00e1rv\u00e1ltoz\u00e1s jog\u00e1t fenntartjuk!<\/em><\/h6>\n","protected":false},"excerpt":{"rendered":"<p>Brenneke .300 Win.Mag. TOG &nbsp; Brenneke TOG\u00ae .300 Win. Mag. \u2013 Maxim\u00e1lis behatol\u00e1s, minim\u00e1lis vesztes\u00e9g A Brenneke TOG\u00ae (Torpedo Optimal Bullet) l\u0151szer a kontroll\u00e1lt gomb\u00e1sod\u00e1s\u00fa l\u00f6ved\u00e9kek cs\u00facskateg\u00f3ri\u00e1j\u00e1t k\u00e9pviseli. Egyes\u00edti a nagy \u00fct\u0151er\u0151t, a m\u00e9ly behatol\u00e1st \u00e9s a minim\u00e1lis t\u00f6megvesztes\u00e9get, \u00edgy ide\u00e1lis v\u00e1laszt\u00e1s nagytest\u0171 vad elejt\u00e9s\u00e9re \u2013 legyen sz\u00f3 szarvasr\u00f3l, vaddiszn\u00f3r\u00f3l vagy j\u00e1vorszarvasr\u00f3l. A massz\u00edv k\u00f6penyszerkezet [&hellip;]<\/p>\n","protected":false},"featured_media":7238,"comment_status":"open","ping_status":"closed","template":"","meta":{"_et_pb_use_builder":"","_et_pb_old_content":"","_et_gb_content_width":"","om_disable_all_campaigns":false},"product_brand":[],"product_cat":[21,266,199,200],"product_tag":[1406],"class_list":{"0":"post-5877","1":"product","2":"type-product","3":"status-publish","4":"has-post-thumbnail","6":"product_cat-uj","7":"product_cat-300-win-mag","8":"product_cat-golyos-loszerek","9":"product_cat-kaliber","10":"product_tag-brenneke-300-win-mag-tog","12":"first","13":"instock","14":"taxable","15":"shipping-taxable","16":"purchasable","17":"product-type-simple"},"_links":{"self":[{"href":"https:\/\/www.vadaszboltcsorna.hu\/index.php\/wp-json\/wp\/v2\/product\/5877","targetHints":{"allow":["GET"]}}],"collection":[{"href":"https:\/\/www.vadaszboltcsorna.hu\/index.php\/wp-json\/wp\/v2\/product"}],"about":[{"href":"https:\/\/www.vadaszboltcsorna.hu\/index.php\/wp-json\/wp\/v2\/types\/product"}],"replies":[{"embeddable":true,"href":"https:\/\/www.vadaszboltcsorna.hu\/index.php\/wp-json\/wp\/v2\/comments?post=5877"}],"wp:featuredmedia":[{"embeddable":true,"href":"https:\/\/www.vadaszboltcsorna.hu\/index.php\/wp-json\/wp\/v2\/media\/7238"}],"wp:attachment":[{"href":"https:\/\/www.vadaszboltcsorna.hu\/index.php\/wp-json\/wp\/v2\/media?parent=5877"}],"wp:term":[{"taxonomy":"product_brand","embeddable":true,"href":"https:\/\/www.vadaszboltcsorna.hu\/index.php\/wp-json\/wp\/v2\/product_brand?post=5877"},{"taxonomy":"product_cat","embeddable":true,"href":"https:\/\/www.vadaszboltcsorna.hu\/index.php\/wp-json\/wp\/v2\/product_cat?post=5877"},{"taxonomy":"product_tag","embeddable":true,"href":"https:\/\/www.vadaszboltcsorna.hu\/index.php\/wp-json\/wp\/v2\/product_tag?post=5877"}],"curies":[{"name":"wp","href":"https:\/\/api.w.org\/{rel}","templated":true}]}}