{"id":5795,"date":"2024-07-01T10:53:03","date_gmt":"2024-07-01T10:53:03","guid":{"rendered":"https:\/\/www.vadaszboltcsorna.hu\/?post_type=product&#038;p=5795"},"modified":"2025-03-27T08:45:36","modified_gmt":"2025-03-27T08:45:36","slug":"308-win-subsonic-fmjbt-lovedekkel-200-gr-13-g","status":"publish","type":"product","link":"https:\/\/www.vadaszboltcsorna.hu\/index.php\/termek\/308-win-subsonic-fmjbt-lovedekkel-200-gr-13-g\/","title":{"rendered":".308 Win Subsonic FMJBT l\u00f6ved\u00e9kkel 200 gr \/ 13 g"},"content":{"rendered":"<h2 style=\"text-align: center;\"><strong>.308 Win Subsonic FMJBT l\u00f6ved\u00e9kkel 200 gr \/ 13 g<\/strong><\/h2>\n<h3><\/h3>\n<h4>Term\u00e9k le\u00edr\u00e1s:<\/h4>\n<h4>\nA Lapua l\u0151szerek vil\u00e1gszerte elismertek k\u00f6sz\u00f6nhet\u0151en pontoss\u00e1guknak \u00e9s teljes\u00edtm\u00e9ny\u00fcknek melyet a min\u0151s\u00e9gi anyagfelhaszn\u00e1l\u00e1snak \u00e9s a szigor\u00fa szab\u00e1lyoz\u00e1snak k\u00f6sz\u00f6nhetnek. A bizony\u00edtott teljes\u00edtm\u00e9ny\u00e9nek h\u00e1la, megb\u00edzhat\u00f3 minden egyes l\u00f6v\u00e9sn\u00e9l. Taktikai l\u0151szer.<\/h4>\n<h4>.308 Win. a 13,0 g (200 gr) FMJ Boat Tail Szubszonikus taktikai l\u00f6ved\u00e9kkel<br \/>\nA .308 Winchester (7.62x51mm NATO) enyhe visszar\u00fag\u00e1ssal, j\u00f3 termin\u00e1lis ballisztik\u00e1val \u00e9s 800 m\u00e9teres (875 yardos) hat\u00f3t\u00e1vval rendelkezik. Ez a sokoldal\u00fas\u00e1g az oka annak, hogy ez a kaliber a legn\u00e9pszer\u0171bb v\u00e1laszt\u00e1s a rendv\u00e9delmi \u00e9s katonai mesterl\u00f6v\u00e9sz alkalmaz\u00e1sokban. A Lapua a vil\u00e1g vezet\u0151je a versenyszint\u0171 l\u00f6ved\u00e9kek biztos\u00edt\u00e1s\u00e1ban ebben a kaliberben, t\u00f6bbf\u00e9le t\u00edpus\u00fa goly\u00f3t, nyitott hegy\u0171, p\u00e1nc\u00e9lt\u00f6r\u0151, szil\u00e1rd \u00e9s szubszonikus l\u00f6ved\u00e9keket k\u00edn\u00e1lva. A legend\u00e1s D46 patron bevezet\u00e9se \u00f3ta, amely m\u00e9g mindig haszn\u00e1latban van, a Lapua .308 Winchester l\u0151szereket vil\u00e1gszerte haszn\u00e1lj\u00e1k a katonai \u00e9s korm\u00e1nyzati szervek. A Lapua .308 l\u0151szerei nemcsak a vil\u00e1g legpontosabbjai, hanem a k\u00fcl\u00f6nb\u00f6z\u0151 l\u00f6ved\u00e9kt\u00edpusok k\u00f6z\u00f6tti szorosan illeszked\u0151 ballisztikai p\u00e1ly\u00e1k n\u00f6velik a felhaszn\u00e1l\u00f3 taktikai hat\u00e9konys\u00e1g\u00e1t. A .308 Winchester val\u00f3sz\u00edn\u0171leg a legv\u00e1ltozatosabb k\u00f6zponti gy\u00fajt\u00e1s\u00fa puskakaliber ma, \u00e9s k\u00e9pes kiemelked\u0151 pontoss\u00e1gra.<\/h4>\n<h4>H\u00fcvely: .308 Win Subsonic<\/h4>\n<h4>S\u00falya: 200 grain<\/h4>\n<h4>L\u00f6ved\u00e9kt\u00edpus: FMJBT<\/h4>\n<h4 style=\"text-align: center;\"><strong><em>A le\u00edr\u00e1sban szerepl\u0151 adatok t\u00e1j\u00e9koztat\u00f3 jelleg\u0171ek, t\u00edpusonk\u00e9nt v\u00e1ltozhat!<\/em><\/strong><br \/>\n<strong><em>Kaliberekr\u0151l, \u00e1rakr\u00f3l \u00e9s egy\u00e9b inform\u00e1ci\u00f3kr\u00f3l k\u00e9rj\u00fck \u00e9rdekl\u0151dj\u00f6n!<\/em><\/strong><br \/>\n<strong><em>A fegyvert\u00f6rv\u00e9ny \u00e9rtelm\u00e9ben, fegyvert, l\u0151szert kiz\u00e1r\u00f3lag szem\u00e9lyesen,az \u00fczletben fegyvertart\u00e1si enged\u00e9ly birtok\u00e1ban lehet v\u00e1s\u00e1rolni!<\/em><\/strong><br \/>\n<strong><em>A webshopban megrendelt fegyverek \u00e9s l\u0151szerek NEM ker\u00fclnek kisz\u00e1ll\u00edt\u00e1sra! Tov\u00e1bbi inform\u00e1ci\u00f3\u00e9rt l\u00e1togasson el boltunkba!<\/em><\/strong><br \/>\n<strong><em>Az \u00e1rak t\u00e1j\u00e9koztat\u00f3 jelleg\u0171ek nem min\u0151s\u00fcl hivatalos aj\u00e1nlat t\u00e9telnek!<\/em><\/strong><br \/>\n<strong><em>Az \u00e1rv\u00e1ltoz\u00e1s jog\u00e1t fenntartjuk!<\/em><\/strong><\/h4>\n","protected":false},"excerpt":{"rendered":"<p>.308 Win Subsonic FMJBT l\u00f6ved\u00e9kkel 200 gr \/ 13 g Term\u00e9k le\u00edr\u00e1s: A Lapua l\u0151szerek vil\u00e1gszerte elismertek k\u00f6sz\u00f6nhet\u0151en pontoss\u00e1guknak \u00e9s teljes\u00edtm\u00e9ny\u00fcknek melyet a min\u0151s\u00e9gi anyagfelhaszn\u00e1l\u00e1snak \u00e9s a szigor\u00fa szab\u00e1lyoz\u00e1snak k\u00f6sz\u00f6nhetnek. A bizony\u00edtott teljes\u00edtm\u00e9ny\u00e9nek h\u00e1la, megb\u00edzhat\u00f3 minden egyes l\u00f6v\u00e9sn\u00e9l. Taktikai l\u0151szer. .308 Win. a 13,0 g (200 gr) FMJ Boat Tail Szubszonikus taktikai l\u00f6ved\u00e9kkel A .308 [&hellip;]<\/p>\n","protected":false},"featured_media":7225,"comment_status":"open","ping_status":"closed","template":"","meta":{"_et_pb_use_builder":"","_et_pb_old_content":"","_et_gb_content_width":"","om_disable_all_campaigns":false},"product_brand":[],"product_cat":[21,289,199,200],"product_tag":[1388],"class_list":{"0":"post-5795","1":"product","2":"type-product","3":"status-publish","4":"has-post-thumbnail","6":"product_cat-uj","7":"product_cat-308-win","8":"product_cat-golyos-loszerek","9":"product_cat-kaliber","10":"product_tag-308-win-subsonic-fmjbt-lovedekkel-200-gr-13-g","12":"first","13":"instock","14":"taxable","15":"shipping-taxable","16":"purchasable","17":"product-type-simple"},"_links":{"self":[{"href":"https:\/\/www.vadaszboltcsorna.hu\/index.php\/wp-json\/wp\/v2\/product\/5795","targetHints":{"allow":["GET"]}}],"collection":[{"href":"https:\/\/www.vadaszboltcsorna.hu\/index.php\/wp-json\/wp\/v2\/product"}],"about":[{"href":"https:\/\/www.vadaszboltcsorna.hu\/index.php\/wp-json\/wp\/v2\/types\/product"}],"replies":[{"embeddable":true,"href":"https:\/\/www.vadaszboltcsorna.hu\/index.php\/wp-json\/wp\/v2\/comments?post=5795"}],"wp:featuredmedia":[{"embeddable":true,"href":"https:\/\/www.vadaszboltcsorna.hu\/index.php\/wp-json\/wp\/v2\/media\/7225"}],"wp:attachment":[{"href":"https:\/\/www.vadaszboltcsorna.hu\/index.php\/wp-json\/wp\/v2\/media?parent=5795"}],"wp:term":[{"taxonomy":"product_brand","embeddable":true,"href":"https:\/\/www.vadaszboltcsorna.hu\/index.php\/wp-json\/wp\/v2\/product_brand?post=5795"},{"taxonomy":"product_cat","embeddable":true,"href":"https:\/\/www.vadaszboltcsorna.hu\/index.php\/wp-json\/wp\/v2\/product_cat?post=5795"},{"taxonomy":"product_tag","embeddable":true,"href":"https:\/\/www.vadaszboltcsorna.hu\/index.php\/wp-json\/wp\/v2\/product_tag?post=5795"}],"curies":[{"name":"wp","href":"https:\/\/api.w.org\/{rel}","templated":true}]}}