{"id":5790,"date":"2024-07-01T10:35:22","date_gmt":"2024-07-01T10:35:22","guid":{"rendered":"https:\/\/www.vadaszboltcsorna.hu\/?post_type=product&#038;p=5790"},"modified":"2025-03-27T08:38:20","modified_gmt":"2025-03-27T08:38:20","slug":"brenneke-308-win-tog-107g","status":"publish","type":"product","link":"https:\/\/www.vadaszboltcsorna.hu\/index.php\/termek\/brenneke-308-win-tog-107g\/","title":{"rendered":"BRENNEKE .308 WIN. TOG 10,7G"},"content":{"rendered":"<h2 style=\"text-align: center;\"><strong>BRENNEKE .308 WIN. TOG 10,7G<\/strong><\/h2>\n<h3><\/h3>\n<h4>Hogyan m\u0171k\u00f6dnek a kontroll\u00e1lt expanzi\u00f3s l\u00f6ved\u00e9kek?<\/h4>\n<h4>A kontroll\u00e1lt expanzi\u00f3s l\u00f6ved\u00e9kek az energia\u00e1tad\u00e1st a vad test\u00e9be a deform\u00e1ci\u00f3s folyamat sor\u00e1n v\u00e9gzik. Az \u00e1tm\u00e9r\u0151 n\u00f6veked\u00e9se a c\u00e9lpont ellen\u00e1ll\u00e1s\u00e1t\u00f3l f\u00fcgg. A l\u00f6ved\u00e9k csak kis mennyis\u00e9g\u0171 t\u00f6meget vesz\u00edt, \u00edgy a marad\u00e9k t\u00f6mege m\u00e9g mindig viszonylag magas marad. Ily m\u00f3don a m\u00e9ly behatol\u00e1s \u00e9s a pontos kil\u00e9p\u00e9si seb mind szinte mindig garant\u00e1lt. A kontroll\u00e1lt expanzi\u00f3s l\u00f6ved\u00e9kek ide\u00e1lisak nagy vadakra. 2003 \u00f3ta a BRENNEKE kiv\u00e1l\u00f3 min\u0151s\u00e9g\u0171 l\u0151szereinek v\u00e1laszt\u00e9k\u00e1ban a kontroll\u00e1lt expanzi\u00f3s Torpedo Optimal Bullet (TOG\u00ae) is megtal\u00e1lhat\u00f3.<\/h4>\n<h4>TOG\u00ae<br \/>\nNagy teherb\u00edr\u00e1s, nagyvadak sz\u00e1m\u00e1ra.<br \/>\nA TOG\u00ae kontroll\u00e1lt expanzi\u00f3s l\u00f6ved\u00e9k er\u0151s k\u00f6penyszerkezete t\u00f6megvesztes\u00e9g n\u00e9lk\u00fcli gomb\u00e1sod\u00e1st eredm\u00e9nyez. A vad\u00e1szok vil\u00e1gszerte profit\u00e1lnak a nagy pontoss\u00e1g\u00fa, hossz\u00fa t\u00e1v\u00fa l\u00f6v\u00e9si tulajdons\u00e1gaib\u00f3l. Ide\u00e1lis nagy vadak sz\u00e1m\u00e1ra.<\/h4>\n<h4>L\u00f6ved\u00e9k fel\u00e9p\u00edt\u00e9se:<\/h4>\n<h4>\u00c9les perem \u00e1tv\u00e1gja a sz\u0151rt \u00e9s a b\u0151rt<br \/>\n\u00dcreges hegy gyors expanzi\u00f3t biztos\u00edt<\/h4>\n<h4 style=\"text-align: center;\"><em>A le\u00edr\u00e1sban szerepl\u0151 adatok t\u00e1j\u00e9koztat\u00f3 jelleg\u0171ek, t\u00edpusonk\u00e9nt v\u00e1ltozhat!<\/em><br \/>\n<em>Kaliberekr\u0151l, \u00e1rakr\u00f3l \u00e9s egy\u00e9b inform\u00e1ci\u00f3kr\u00f3l k\u00e9rj\u00fck \u00e9rdekl\u0151dj\u00f6n!<\/em><br \/>\n<em>A fegyvert\u00f6rv\u00e9ny \u00e9rtelm\u00e9ben, fegyvert, l\u0151szert kiz\u00e1r\u00f3lag szem\u00e9lyesen,az \u00fczletben fegyvertart\u00e1si enged\u00e9ly birtok\u00e1ban lehet v\u00e1s\u00e1rolni!<\/em><br \/>\n<em>A webshopban megrendelt fegyverek \u00e9s l\u0151szerek NEM ker\u00fclnek kisz\u00e1ll\u00edt\u00e1sra! Tov\u00e1bbi inform\u00e1ci\u00f3\u00e9rt l\u00e1togasson el boltunkba!<\/em><br \/>\n<em>Az \u00e1rak t\u00e1j\u00e9koztat\u00f3 jelleg\u0171ek nem min\u0151s\u00fcl hivatalos aj\u00e1nlat t\u00e9telnek!<\/em><br \/>\n<em>Az \u00e1rv\u00e1ltoz\u00e1s jog\u00e1t fenntartjuk!<\/em><\/h4>\n","protected":false},"excerpt":{"rendered":"<p>BRENNEKE .308 WIN. TOG 10,7G Hogyan m\u0171k\u00f6dnek a kontroll\u00e1lt expanzi\u00f3s l\u00f6ved\u00e9kek? A kontroll\u00e1lt expanzi\u00f3s l\u00f6ved\u00e9kek az energia\u00e1tad\u00e1st a vad test\u00e9be a deform\u00e1ci\u00f3s folyamat sor\u00e1n v\u00e9gzik. Az \u00e1tm\u00e9r\u0151 n\u00f6veked\u00e9se a c\u00e9lpont ellen\u00e1ll\u00e1s\u00e1t\u00f3l f\u00fcgg. A l\u00f6ved\u00e9k csak kis mennyis\u00e9g\u0171 t\u00f6meget vesz\u00edt, \u00edgy a marad\u00e9k t\u00f6mege m\u00e9g mindig viszonylag magas marad. Ily m\u00f3don a m\u00e9ly behatol\u00e1s \u00e9s a [&hellip;]<\/p>\n","protected":false},"featured_media":7224,"comment_status":"open","ping_status":"closed","template":"","meta":{"_et_pb_use_builder":"","_et_pb_old_content":"","_et_gb_content_width":"","om_disable_all_campaigns":false},"product_brand":[],"product_cat":[21,289,199,200],"product_tag":[1387],"class_list":{"0":"post-5790","1":"product","2":"type-product","3":"status-publish","4":"has-post-thumbnail","6":"product_cat-uj","7":"product_cat-308-win","8":"product_cat-golyos-loszerek","9":"product_cat-kaliber","10":"product_tag-brenneke-308-win-tog-10","12":"first","13":"instock","14":"taxable","15":"shipping-taxable","16":"purchasable","17":"product-type-simple"},"_links":{"self":[{"href":"https:\/\/www.vadaszboltcsorna.hu\/index.php\/wp-json\/wp\/v2\/product\/5790","targetHints":{"allow":["GET"]}}],"collection":[{"href":"https:\/\/www.vadaszboltcsorna.hu\/index.php\/wp-json\/wp\/v2\/product"}],"about":[{"href":"https:\/\/www.vadaszboltcsorna.hu\/index.php\/wp-json\/wp\/v2\/types\/product"}],"replies":[{"embeddable":true,"href":"https:\/\/www.vadaszboltcsorna.hu\/index.php\/wp-json\/wp\/v2\/comments?post=5790"}],"wp:featuredmedia":[{"embeddable":true,"href":"https:\/\/www.vadaszboltcsorna.hu\/index.php\/wp-json\/wp\/v2\/media\/7224"}],"wp:attachment":[{"href":"https:\/\/www.vadaszboltcsorna.hu\/index.php\/wp-json\/wp\/v2\/media?parent=5790"}],"wp:term":[{"taxonomy":"product_brand","embeddable":true,"href":"https:\/\/www.vadaszboltcsorna.hu\/index.php\/wp-json\/wp\/v2\/product_brand?post=5790"},{"taxonomy":"product_cat","embeddable":true,"href":"https:\/\/www.vadaszboltcsorna.hu\/index.php\/wp-json\/wp\/v2\/product_cat?post=5790"},{"taxonomy":"product_tag","embeddable":true,"href":"https:\/\/www.vadaszboltcsorna.hu\/index.php\/wp-json\/wp\/v2\/product_tag?post=5790"}],"curies":[{"name":"wp","href":"https:\/\/api.w.org\/{rel}","templated":true}]}}