{"id":5766,"date":"2024-07-01T09:01:43","date_gmt":"2024-07-01T09:01:43","guid":{"rendered":"https:\/\/www.vadaszboltcsorna.hu\/?post_type=product&#038;p=5766"},"modified":"2025-03-26T13:10:04","modified_gmt":"2025-03-26T13:10:04","slug":"7x64-rws-kegelspitz-hunting-105g-162-gr","status":"publish","type":"product","link":"https:\/\/www.vadaszboltcsorna.hu\/index.php\/termek\/7x64-rws-kegelspitz-hunting-105g-162-gr\/","title":{"rendered":"7&#215;64 RWS Kegelspitz Hunting 10,5g\/162 gr"},"content":{"rendered":"<h2 style=\"text-align: center;\"><strong>7&#215;64 RWS Kegelspitz Hunting 10,5g\/162 gr<\/strong><\/h2>\n<p>&nbsp;<\/p>\n<h3><strong>Le\u00edr\u00e1s:<\/strong>7&#215;64 RWS Kegelspitz Hunting 10,5g\/162 gr<\/h3>\n<p>A legmagasabb precizit\u00e1s \u00e9rdek\u00e9ben<\/p>\n<p>Legyen sz\u00f3 er\u0151s vagy gyenge vadakr\u00f3l \u2013 a l\u00f6ved\u00e9k kontroll\u00e1ltan gomb\u00e1sodik, \u00e9s egyenletesen adja le energi\u00e1j\u00e1t a vad test\u00e9ben, mik\u00f6zben hat\u00e9konyan megn\u00f6vekedett marad\u00e9ktestet biztos\u00edt a kil\u00e9p\u00e9shez. A titok a k\u00f6peny falvastags\u00e1g\u00e1nak \u00e9s az \u00f3lommag kem\u00e9nys\u00e9g\u00e9nek optim\u00e1lis \u00f6sszehangol\u00e1s\u00e1ban rejlik. A l\u00f6ved\u00e9k k\u00fcls\u0151 form\u00e1ja ide\u00e1lis felt\u00e9teleket teremt a magas precizit\u00e1s \u00e9s az alacsony l\u00e9gellen\u00e1ll\u00e1s \u00e9rdek\u00e9ben.<\/p>\n<p>A k\u00fcl\u00f6nlegess\u00e9gek egy pillant\u00e1sra:<\/p>\n<p>\u2022 Kiv\u00e9teles precizit\u00e1s alacsony l\u00e9gellen\u00e1ll\u00e1ssal<br \/>\n\u2022 Megb\u00edzhat\u00f3 deform\u00e1ci\u00f3<br \/>\n\u2022 Alacsony szil\u00e1nkk\u00e9pz\u0151d\u00e9s<\/p>\n<p>R\u00d6VID LE\u00cdR\u00c1S<\/p>\n<p>\u2022 Kaliber: 7&#215;64<br \/>\n\u2022 L\u00f6ved\u00e9k: KEGELSPITZ (k\u00fapos hegy\u0171)<br \/>\n\u2022 V0: 850 m\/s<br \/>\n\u2022 E0: 3793 J<br \/>\n\u2022 GEE: 175 m<\/p>\n<p>A le\u00edr\u00e1sban szerepl\u0151 adatok t\u00e1j\u00e9koztat\u00f3 jelleg\u0171ek, t\u00edpusonk\u00e9nt v\u00e1ltozhat!<br \/>\nKaliberekr\u0151l, \u00e1rakr\u00f3l \u00e9s egy\u00e9b inform\u00e1ci\u00f3kr\u00f3l k\u00e9rj\u00fck \u00e9rdekl\u0151dj\u00f6n!<br \/>\nA fegyvert\u00f6rv\u00e9ny \u00e9rtelm\u00e9ben, fegyvert, l\u0151szert kiz\u00e1r\u00f3lag szem\u00e9lyesen,az \u00fczletben fegyvertart\u00e1si enged\u00e9ly birtok\u00e1ban lehet v\u00e1s\u00e1rolni!<br \/>\nA webshopban megrendelt fegyverek \u00e9s l\u0151szerek NEM ker\u00fclnek kisz\u00e1ll\u00edt\u00e1sra! Tov\u00e1bbi inform\u00e1ci\u00f3\u00e9rt l\u00e1togasson el boltunkba!<br \/>\nAz \u00e1rak t\u00e1j\u00e9koztat\u00f3 jelleg\u0171ek nem min\u0151s\u00fcl hivatalos aj\u00e1nlat t\u00e9telnek!<br \/>\nAz \u00e1rv\u00e1ltoz\u00e1s jog\u00e1t fenntartjuk!<\/p>\n","protected":false},"excerpt":{"rendered":"<p>7&#215;64 RWS Kegelspitz Hunting 10,5g\/162 gr &nbsp; Le\u00edr\u00e1s:7&#215;64 RWS Kegelspitz Hunting 10,5g\/162 gr A legmagasabb precizit\u00e1s \u00e9rdek\u00e9ben Legyen sz\u00f3 er\u0151s vagy gyenge vadakr\u00f3l \u2013 a l\u00f6ved\u00e9k kontroll\u00e1ltan gomb\u00e1sodik, \u00e9s egyenletesen adja le energi\u00e1j\u00e1t a vad test\u00e9ben, mik\u00f6zben hat\u00e9konyan megn\u00f6vekedett marad\u00e9ktestet biztos\u00edt a kil\u00e9p\u00e9shez. A titok a k\u00f6peny falvastags\u00e1g\u00e1nak \u00e9s az \u00f3lommag kem\u00e9nys\u00e9g\u00e9nek optim\u00e1lis \u00f6sszehangol\u00e1s\u00e1ban rejlik. [&hellip;]<\/p>\n","protected":false},"featured_media":7213,"comment_status":"open","ping_status":"closed","template":"","meta":{"_et_pb_use_builder":"","_et_pb_old_content":"","_et_gb_content_width":"","om_disable_all_campaigns":false},"product_brand":[],"product_cat":[21,226,199,200],"product_tag":[1378,1377],"class_list":{"0":"post-5766","1":"product","2":"type-product","3":"status-publish","4":"has-post-thumbnail","6":"product_cat-uj","7":"product_cat-7x64","8":"product_cat-golyos-loszerek","9":"product_cat-kaliber","10":"product_tag-5g-162-gr","11":"product_tag-7x64-rws-kegelspitz-hunting-10","13":"first","14":"instock","15":"taxable","16":"shipping-taxable","17":"purchasable","18":"product-type-simple"},"_links":{"self":[{"href":"https:\/\/www.vadaszboltcsorna.hu\/index.php\/wp-json\/wp\/v2\/product\/5766","targetHints":{"allow":["GET"]}}],"collection":[{"href":"https:\/\/www.vadaszboltcsorna.hu\/index.php\/wp-json\/wp\/v2\/product"}],"about":[{"href":"https:\/\/www.vadaszboltcsorna.hu\/index.php\/wp-json\/wp\/v2\/types\/product"}],"replies":[{"embeddable":true,"href":"https:\/\/www.vadaszboltcsorna.hu\/index.php\/wp-json\/wp\/v2\/comments?post=5766"}],"wp:featuredmedia":[{"embeddable":true,"href":"https:\/\/www.vadaszboltcsorna.hu\/index.php\/wp-json\/wp\/v2\/media\/7213"}],"wp:attachment":[{"href":"https:\/\/www.vadaszboltcsorna.hu\/index.php\/wp-json\/wp\/v2\/media?parent=5766"}],"wp:term":[{"taxonomy":"product_brand","embeddable":true,"href":"https:\/\/www.vadaszboltcsorna.hu\/index.php\/wp-json\/wp\/v2\/product_brand?post=5766"},{"taxonomy":"product_cat","embeddable":true,"href":"https:\/\/www.vadaszboltcsorna.hu\/index.php\/wp-json\/wp\/v2\/product_cat?post=5766"},{"taxonomy":"product_tag","embeddable":true,"href":"https:\/\/www.vadaszboltcsorna.hu\/index.php\/wp-json\/wp\/v2\/product_tag?post=5766"}],"curies":[{"name":"wp","href":"https:\/\/api.w.org\/{rel}","templated":true}]}}