{"id":5698,"date":"2024-06-26T10:41:42","date_gmt":"2024-06-26T10:41:42","guid":{"rendered":"https:\/\/www.vadaszboltcsorna.hu\/?post_type=product&#038;p=5698"},"modified":"2025-06-23T11:27:54","modified_gmt":"2025-06-23T11:27:54","slug":"xtar-vc4-li-ion-ni-mh-ni-cd-tolto-usb-kabellel","status":"publish","type":"product","link":"https:\/\/www.vadaszboltcsorna.hu\/index.php\/termek\/xtar-vc4-li-ion-ni-mh-ni-cd-tolto-usb-kabellel\/","title":{"rendered":"XTAR VC4 Li-ion\/Ni-Mh\/Ni-Cd t\u00f6lt\u0151 USB k\u00e1bellel"},"content":{"rendered":"<h2 class=\"page-head-title product-page-head-title position-relative\" style=\"text-align: center;\"><strong><span class=\"product-page-product-name\">XTAR VC4 Li-ion\/Ni-Mh\/Ni-Cd t\u00f6lt\u0151 USB k\u00e1bellel<\/span><\/strong><\/h2>\n<p>&nbsp;<\/p>\n<table class=\"product-parameters table\">\n<tbody>\n<tr class=\"product-parameter-row manufacturersku-param-row\">\n<td class=\"param-label manufacturersku-param\">Gy\u00e1rt\u00f3 cikksz\u00e1m:<\/td>\n<td class=\"param-value manufacturersku-param\">VC4<\/td>\n<\/tr>\n<tr class=\"product-parameter-row productsku-param-row\">\n<td class=\"param-label productsku-param\">Cikksz\u00e1m:<\/td>\n<td class=\"param-value productsku-param\">VK-02296<\/td>\n<\/tr>\n<tr class=\"product-parameter-row product-short-description-row\">\n<td class=\"param-value product-short-description\" colspan=\"2\">\n<h3>XTAR VC4 akkumul\u00e1tor t\u00f6lt\u0151 LCD kijelz\u0151vel.<br \/>\nUniverz\u00e1lis t\u00f6lt\u0151 &#8211; Ni-Mh \u00e9s Li-Ion akkumul\u00e1torok t\u00f6lt\u00e9s\u00e9hez.<br \/>\nAutomatikusan felismeri az akkumul\u00e1tor t\u00edpus\u00e1t, be\u00e1ll\u00edtja a t\u00f6lt\u00e9si \u00e1ramot \u00e9s fesz\u00fclts\u00e9get mind a n\u00e9gy f\u00fcggetlen csatorn\u00e1ban, ak\u00e1r egyszerre n\u00e9gy k\u00fcl\u00f6nb\u00f6z\u0151 akkumul\u00e1tor eset\u00e9ben is.<br \/>\nKompatibilis Ni-Mh: AA, AAA, R14 (C), SC, R20 (D) kiv\u00e9ve Varta g\u00f3li\u00e1t akku, m\u00e9ret\u0171 t\u00f6lthet\u0151 elemekkel<br \/>\nKompatibilis Li-ion: 14500, 14650, 16340, 17500.17670, 18350, 18500, 18650, 18700, 20700, 21700, 22650, 25500, 26650 t\u00edpus\u00fa 3,6V\/3,7V fesz\u00fclts\u00e9g\u0171 akkumul\u00e1torokkal.<br \/>\nLi-ion akkuk eset\u00e9ben a TC\/CC\/CV h\u00e1rom l\u00e9p\u00e9ses t\u00f6lt\u00e9si m\u00f3d biztos\u00edtja \u00d6nnek, hogy az akkumul\u00e1torai \u00e9lettartam\u00e1t maxim\u00e1lisan kihaszn\u00e1lhassa, mert ez a t\u00f6lt\u00e9si m\u00f3d j\u00f3t\u00e9konyan befoly\u00e1solja a v\u00e1rhat\u00f3 \u00e9lettartamot.<br \/>\nT\u00f6lt\u0151\u00e1ram: 0,1-1.0A (f\u00fcgg az akkumul\u00e1tor t\u00edpus\u00e1t\u00f3l, \u00e1llapot\u00e1t\u00f3l)<br \/>\nMaximum 4x500mA vagy 2x1000mA t\u00f6lt\u0151\u00e1ram<br \/>\nMaximum 71mm hossz\u00fa cell\u00e1t tud vele t\u00f6lteni.<br \/>\nLCD kijelz\u0151vel felszerelt, melyen nyomon k\u00f6vetheti a t\u00f6lt\u00e9s minden pillanat\u00e1t.<br \/>\nA csomag tartalma: t\u00f6lt\u0151 k\u00e9sz\u00fcl\u00e9k, USB k\u00e1bel, haszn\u00e1lati utas\u00edt\u00e1s. A csomag az adaptert nem tartalmazza, de kieg\u00e9sz\u00edt\u0151 term\u00e9keink k\u00f6z\u00f6tt t\u00f6bb t\u00edpusb\u00f3l is v\u00e1logathat.<br \/>\nM\u00e9retei: 14 x115x35mm<br \/>\nS\u00falya: 210g<\/h3>\n<\/td>\n<\/tr>\n<\/tbody>\n<\/table>\n<h3><\/h3>\n<h3><\/h3>\n","protected":false},"excerpt":{"rendered":"<p>XTAR VC4 Li-ion\/Ni-Mh\/Ni-Cd t\u00f6lt\u0151 USB k\u00e1bellel &nbsp; Gy\u00e1rt\u00f3 cikksz\u00e1m: VC4 Cikksz\u00e1m: VK-02296 XTAR VC4 akkumul\u00e1tor t\u00f6lt\u0151 LCD kijelz\u0151vel. Univerz\u00e1lis t\u00f6lt\u0151 &#8211; Ni-Mh \u00e9s Li-Ion akkumul\u00e1torok t\u00f6lt\u00e9s\u00e9hez. Automatikusan felismeri az akkumul\u00e1tor t\u00edpus\u00e1t, be\u00e1ll\u00edtja a t\u00f6lt\u00e9si \u00e1ramot \u00e9s fesz\u00fclts\u00e9get mind a n\u00e9gy f\u00fcggetlen csatorn\u00e1ban, ak\u00e1r egyszerre n\u00e9gy k\u00fcl\u00f6nb\u00f6z\u0151 akkumul\u00e1tor eset\u00e9ben is. Kompatibilis Ni-Mh: AA, AAA, R14 (C), [&hellip;]<\/p>\n","protected":false},"featured_media":5699,"comment_status":"open","ping_status":"closed","template":"","meta":{"_et_pb_use_builder":"","_et_pb_old_content":"","_et_gb_content_width":"","om_disable_all_campaigns":false},"product_brand":[],"product_cat":[21,1358,722],"product_tag":[1361],"class_list":{"0":"post-5698","1":"product","2":"type-product","3":"status-publish","4":"has-post-thumbnail","6":"product_cat-uj","7":"product_cat-akkumlator-toltoakkumlatorok","8":"product_cat-vadasz-felszereles","9":"product_tag-xtar-vc4-li-ion-ni-mh-ni-cd-tolto-usb-kabellel","11":"first","12":"outofstock","13":"taxable","14":"shipping-taxable","15":"purchasable","16":"product-type-simple"},"_links":{"self":[{"href":"https:\/\/www.vadaszboltcsorna.hu\/index.php\/wp-json\/wp\/v2\/product\/5698","targetHints":{"allow":["GET"]}}],"collection":[{"href":"https:\/\/www.vadaszboltcsorna.hu\/index.php\/wp-json\/wp\/v2\/product"}],"about":[{"href":"https:\/\/www.vadaszboltcsorna.hu\/index.php\/wp-json\/wp\/v2\/types\/product"}],"replies":[{"embeddable":true,"href":"https:\/\/www.vadaszboltcsorna.hu\/index.php\/wp-json\/wp\/v2\/comments?post=5698"}],"wp:featuredmedia":[{"embeddable":true,"href":"https:\/\/www.vadaszboltcsorna.hu\/index.php\/wp-json\/wp\/v2\/media\/5699"}],"wp:attachment":[{"href":"https:\/\/www.vadaszboltcsorna.hu\/index.php\/wp-json\/wp\/v2\/media?parent=5698"}],"wp:term":[{"taxonomy":"product_brand","embeddable":true,"href":"https:\/\/www.vadaszboltcsorna.hu\/index.php\/wp-json\/wp\/v2\/product_brand?post=5698"},{"taxonomy":"product_cat","embeddable":true,"href":"https:\/\/www.vadaszboltcsorna.hu\/index.php\/wp-json\/wp\/v2\/product_cat?post=5698"},{"taxonomy":"product_tag","embeddable":true,"href":"https:\/\/www.vadaszboltcsorna.hu\/index.php\/wp-json\/wp\/v2\/product_tag?post=5698"}],"curies":[{"name":"wp","href":"https:\/\/api.w.org\/{rel}","templated":true}]}}