{"id":5686,"date":"2024-06-26T10:18:27","date_gmt":"2024-06-26T10:18:27","guid":{"rendered":"https:\/\/www.vadaszboltcsorna.hu\/?post_type=product&#038;p=5686"},"modified":"2025-06-23T11:19:17","modified_gmt":"2025-06-23T11:19:17","slug":"nitecore-akkumulator-tolto-ci4","status":"publish","type":"product","link":"https:\/\/www.vadaszboltcsorna.hu\/index.php\/termek\/nitecore-akkumulator-tolto-ci4\/","title":{"rendered":"Nitecore Akkumul\u00e1tor T\u00f6lt\u0151 Ci4"},"content":{"rendered":"<h2 style=\"text-align: center;\"><strong>Nitecore Akkumul\u00e1tor T\u00f6lt\u0151 Ci4<\/strong><\/h2>\n<p>&nbsp;<\/p>\n<h2 class=\"like-h1\">Tulajdons\u00e1gok<\/h2>\n<p>A\u00a0<strong>Nitecore Ci4<\/strong>\u00a0egy teljesen\u00a0<strong>automata gyorst\u00f6lt\u0151<\/strong>, ami fantasztikus,\u00a0<strong>ak\u00e1r 3A-es t\u0151lt\u0151\u00e1ram<\/strong>mal is k\u00e9pes t\u00f6lteni egy behelyezett akkumul\u00e1tort! K\u00e9t akkumul\u00e1tort 1,5A t\u00f6lt\u0151\u00e1rammal k\u00e9pes egyszerre, m\u00e9gis egym\u00e1st\u00f3l teljesen f\u00fcggeteln\u00fcl t\u00f6lteni, h\u00e1rom akku eset\u00e9n pedig 3x 1A a t\u00f6lt\u0151\u00e1ram \u00e9rt\u00e9ke! A megfelel\u0151 IMR akkumul\u00e1torok eset\u00e9n ez<strong>\u00a0a t\u00f6lt\u00e9si id\u0151t jelent\u0151sen<\/strong>\u00a0k\u00e9pes\u00a0<strong>lecs\u00f6kken<\/strong>teni a 30-80% k\u00f6z\u00f6tti t\u00f6lt\u00e9si tartom\u00e1nyban.<br \/>\nAz\u00a0<strong>USB-C csatlakoz\u00f3<\/strong>n kereszt\u00fcl\u00a0<strong>QC \u00e9s PD kompatibilis<\/strong>\u00a0\u00e1ramforr\u00e1s segts\u00e9g\u00e9vel \u00e9rhet\u0151 el a gyorst\u00f6lt\u00e9s funkci\u00f3.<br \/>\nA\u00a0<strong>l\u00edtium-ion<\/strong>\u00a0akkukra specializ\u00e1lt\u00a0<strong>t\u00f6lt\u0151porogram<\/strong>\u00a0nagyon pontosan be\u00e1ll\u00edtott fesz\u00fclts\u00e9geken m\u0171k\u00f6dik, ezzel n\u00f6velve az akkumul\u00e1tor \u00e9lettartam\u00e1t.\u00a0<strong>A t\u00falmer\u00edtett<\/strong>\u00a0v\u00e9dett\u00a0<strong>akkumul\u00e1tor<\/strong>okra is gondolt a gy\u00e1rt\u00f3, ez\u00e9rt a Ci4 t\u00f6lt\u0151 is k\u00e9pes ezeknek a\u00a0<strong>cseppt\u00f6lt\u00e9s<\/strong>\u00e9re, hogy\u00a0<strong>es\u00e9lyt ad<\/strong>jon az akkumul\u00e1torok\u00a0<strong>\u00fajra\u00e9leszt\u00e9sre<\/strong>\u00a0<strong>az intelligens t\u00f6lt\u0151elektronika.<br \/>\n<\/strong>Az\u00a0<strong>NiMH \u00e9s NiCd akkumul\u00e1tor<\/strong>ok sem fognak ki a Ci4 t\u00f6lt\u0151n, azonos\u00edtja a\u00a0k\u00e9miai \u00f6sszet\u00e9tel\u00e9t az akkumul\u00e1tornak, \u00e9s ezt\u00e1n -dV\/dt met\u00f3dussal kezdi meg ezeknek az akkumul\u00e1toroknak a\u00a0<strong>felt\u00f6lt\u00e9s<\/strong>\u00e9t.<br \/>\nA\u00a0<strong>t\u00f6bbsz\u00f6r\u00f6s v\u00e9delmi rendszer<\/strong>\u00a0a t\u00f6lt\u00e9s biztons\u00e1g\u00e1t n\u00f6veli. A t\u00f6lt\u0151 h\u00e1za\u00a0<strong>t\u0171z\u00e1ll\u00f3 \u00e9s \u00fct\u00e9s\u00e1ll\u00f3 polikarbon\u00e1t<\/strong>b\u00f3l k\u00e9sz\u00fclt, megfelel\u0151 l\u00e9g\u00e1raml\u00e1st biztos\u00edt\u00f3 szell\u0151z\u0151r\u00e1csok kialak\u00edt\u00e1s\u00e1val.<\/p>\n<p>&nbsp;<\/p>\n<p><img loading=\"lazy\" decoding=\"async\" class=\"aligncenter wp-image-5688 size-large\" src=\"https:\/\/www.vadaszboltcsorna.hu\/wp-content\/uploads\/2024\/06\/20220622142457_49633-1024x576.jpg\" alt=\"\" width=\"1024\" height=\"576\" srcset=\"https:\/\/www.vadaszboltcsorna.hu\/wp-content\/uploads\/2024\/06\/20220622142457_49633-1024x576.jpg 1024w, https:\/\/www.vadaszboltcsorna.hu\/wp-content\/uploads\/2024\/06\/20220622142457_49633-980x551.jpg 980w, https:\/\/www.vadaszboltcsorna.hu\/wp-content\/uploads\/2024\/06\/20220622142457_49633-480x270.jpg 480w\" sizes=\"(min-width: 0px) and (max-width: 480px) 480px, (min-width: 481px) and (max-width: 980px) 980px, (min-width: 981px) 1024px, 100vw\" \/><\/p>\n<p>&nbsp;<\/p>\n<h2 class=\"like-h1\">Specifik\u00e1ci\u00f3<\/h2>\n<p><strong>T\u00f6lthet\u0151 akkumul\u00e1tor k\u00e9mi\u00e1ja:<\/strong><\/p>\n<ul>\n<li>L\u00edtium-ion\/IMR<\/li>\n<li>NiMH\/NiCd<\/li>\n<\/ul>\n<p><strong>T\u00f6lthet\u0151 akkum\u00e9retek:<\/strong><\/p>\n<ul>\n<li><strong>Li-ion\/IMR:<\/strong>\u00a010440, 14500, 14650, 16500, 16340 (RCR123), 16650, 17350, 17500, 17650, 17670, 17700, 18350, 18490, 18500, 18650, 18700, 21700, 22500, 22650, 25500, 26500, 26650, 26700<\/li>\n<li><strong>Ni-MH(NiCd):<\/strong>\u00a0AA, AAA, AAAA, C, D<\/li>\n<\/ul>\n<p><strong>T\u00f6lt\u0151\u00e1ram \u00e9rt\u00e9ke:\u00a0<\/strong>Fast Charge Mode: 3,000mA x1 \/ 1,500mA x2 \/ 1,000mA x3 \/ 750mA x4; Standard Mode: 2,000mA x1 \/ 1,000mA x2 \/ 700mA x3 \/ 500mA x4<\/p>\n<p><strong>T\u00f6lt\u0151 bemenete:\u00a0<\/strong>USB-C\u00a0&#8211; 5V\/2A, 9V\/2A, 12V\/1.5A, 18W (MAX. QC\/PD k\u00e9pes fali adapter eset\u00e9n)<\/p>\n<p><strong>Extra tulajdons\u00e1g:<\/strong><\/p>\n<ul>\n<li>USB-C csatlakoz\u00f3<\/li>\n<li>kompatibilis a hossz\u00fa, v\u00e9delemmel rendelkez\u0151 21700 akkumul\u00e1torokkal<\/li>\n<li>kompatibilis a 21700i sz\u00e9ri\u00e1s akkumul\u00e1torokkal<\/li>\n<li>kompatibilis a QC \u00e9s PD szabv\u00e1ny\u00fa t\u00e1pegyss\u00e9gekkel<\/li>\n<li>1x 3A vagy 2x 1,5A\u00a0vagy 3x 1A gyorst\u00f6lt\u00e9s (megfelel\u0151 adapterrel)<\/li>\n<\/ul>\n<p><img loading=\"lazy\" decoding=\"async\" class=\"aligncenter wp-image-5689 size-large\" src=\"https:\/\/www.vadaszboltcsorna.hu\/wp-content\/uploads\/2024\/06\/20220622142501_91204-1024x576.gif\" alt=\"\" width=\"1024\" height=\"576\" srcset=\"https:\/\/www.vadaszboltcsorna.hu\/wp-content\/uploads\/2024\/06\/20220622142501_91204-1024x576.gif 1024w, https:\/\/www.vadaszboltcsorna.hu\/wp-content\/uploads\/2024\/06\/20220622142501_91204-980x551.gif 980w, https:\/\/www.vadaszboltcsorna.hu\/wp-content\/uploads\/2024\/06\/20220622142501_91204-480x270.gif 480w\" sizes=\"(min-width: 0px) and (max-width: 480px) 480px, (min-width: 481px) and (max-width: 980px) 980px, (min-width: 981px) 1024px, 100vw\" \/><\/p>\n<p>&nbsp;<\/p>\n<p><strong>Tulajdons\u00e1gok:<\/strong><\/p>\n<ul>\n<li>egy vagy k\u00e9t akkumul\u00e1tor egym\u00e1st\u00f3l f\u00fcggetlen t\u00f6lt\u00e9se<\/li>\n<li>l\u00edtium-ion, IMR, NiMH \u00e9s NiCd akkumul\u00e1torokkal kompatibilis<\/li>\n<li>QC\u00a0\u00e9s PD szabv\u00e1nyokkal kompatibilis<\/li>\n<li>USB-C csatlakoz\u00f3<\/li>\n<li>t\u00falmer\u00edtett v\u00e9dett l\u00edtium-ion\u00a0akku aktiv\u00e1l\u00e1s<\/li>\n<li>automatikus CC-CV t\u00f6lt\u00e9si folyamat l\u00edtium alap\u00fa akkumul\u00e1torok set\u00e9n<\/li>\n<li>-dV\/dt t\u00f6lt\u00e9si folyamat NiMH \u00e9s NiCd akkumul\u00e1torok eset\u00e9n<\/li>\n<li>automatikus t\u00f6lt\u0151\u00e1ram be\u00e1ll\u00edt\u00e1s az akku kapacit\u00e1s\u00e1nak megfelel\u0151en<\/li>\n<li>maximum 1x 3A vagy 2x 1,5A t\u00f6lt\u0151\u00e1ram<\/li>\n<li>kompatibilis a\u00a0hossz\u00fa, v\u00e9dett 21700 akkumul\u00e1torokkal<\/li>\n<li>kompatibilis a 21700i sz\u00e9ri\u00e1s akkumul\u00e1torokkal<\/li>\n<li>ford\u00edtott polarit\u00e1s r\u00f6vidz\u00e1rlat \u00e9s t\u00falmeleged\u00e9s v\u00e9delem<\/li>\n<li>t\u00f6lt\u00e9si id\u0151 figyel\u00e9se, t\u00fal hossz\u00fa t\u00f6lt\u00e9si id\u0151 sor\u00e1n automatikusan kikapcsol<\/li>\n<li>t\u00f6lt\u00e9s v\u00e9g\u00e9n automatikusan lekapcsolja a t\u00f6lt\u0151elektronik\u00e1t<\/li>\n<li>val\u00f3s idej\u0171 visszajelz\u00e9s a t\u00f6lt\u00e9si folyamatr\u00f3l<\/li>\n<li>k\u00f6nnyen \u00e9rtelmezhet\u0151 t\u00f6lt\u00e9s visszajelz\u00e9s<\/li>\n<li>ellen\u00e1ll\u00f3 \u00e9s t\u0171z\u00e1ll\u00f3 PC h\u00e1z<\/li>\n<\/ul>\n<p><strong>A csomag tartalma:<\/strong><\/p>\n<ul>\n<li>Nitecore Ci4 akkut\u00f6lt\u0151<\/li>\n<li>USB-C t\u00f6lt\u0151k\u00e1bel<\/li>\n<\/ul>\n<h4><em><strong>Az \u00e1rv\u00e1ltoz\u00e1s jog\u00e1t fenntartjuk!<\/strong><\/em><\/h4>\n","protected":false},"excerpt":{"rendered":"<p>Nitecore Akkumul\u00e1tor T\u00f6lt\u0151 Ci4 &nbsp; Tulajdons\u00e1gok A\u00a0Nitecore Ci4\u00a0egy teljesen\u00a0automata gyorst\u00f6lt\u0151, ami fantasztikus,\u00a0ak\u00e1r 3A-es t\u0151lt\u0151\u00e1rammal is k\u00e9pes t\u00f6lteni egy behelyezett akkumul\u00e1tort! K\u00e9t akkumul\u00e1tort 1,5A t\u00f6lt\u0151\u00e1rammal k\u00e9pes egyszerre, m\u00e9gis egym\u00e1st\u00f3l teljesen f\u00fcggeteln\u00fcl t\u00f6lteni, h\u00e1rom akku eset\u00e9n pedig 3x 1A a t\u00f6lt\u0151\u00e1ram \u00e9rt\u00e9ke! A megfelel\u0151 IMR akkumul\u00e1torok eset\u00e9n ez\u00a0a t\u00f6lt\u00e9si id\u0151t jelent\u0151sen\u00a0k\u00e9pes\u00a0lecs\u00f6kkenteni a 30-80% k\u00f6z\u00f6tti t\u00f6lt\u00e9si tartom\u00e1nyban. Az\u00a0USB-C [&hellip;]<\/p>\n","protected":false},"featured_media":5687,"comment_status":"open","ping_status":"closed","template":"","meta":{"_et_pb_use_builder":"","_et_pb_old_content":"","_et_gb_content_width":"","om_disable_all_campaigns":false},"product_brand":[],"product_cat":[21,1358,722],"product_tag":[1359],"class_list":{"0":"post-5686","1":"product","2":"type-product","3":"status-publish","4":"has-post-thumbnail","6":"product_cat-uj","7":"product_cat-akkumlator-toltoakkumlatorok","8":"product_cat-vadasz-felszereles","9":"product_tag-nitecore-akkumulator-tolto-ci4","11":"first","12":"instock","13":"taxable","14":"shipping-taxable","15":"purchasable","16":"product-type-simple"},"_links":{"self":[{"href":"https:\/\/www.vadaszboltcsorna.hu\/index.php\/wp-json\/wp\/v2\/product\/5686","targetHints":{"allow":["GET"]}}],"collection":[{"href":"https:\/\/www.vadaszboltcsorna.hu\/index.php\/wp-json\/wp\/v2\/product"}],"about":[{"href":"https:\/\/www.vadaszboltcsorna.hu\/index.php\/wp-json\/wp\/v2\/types\/product"}],"replies":[{"embeddable":true,"href":"https:\/\/www.vadaszboltcsorna.hu\/index.php\/wp-json\/wp\/v2\/comments?post=5686"}],"wp:featuredmedia":[{"embeddable":true,"href":"https:\/\/www.vadaszboltcsorna.hu\/index.php\/wp-json\/wp\/v2\/media\/5687"}],"wp:attachment":[{"href":"https:\/\/www.vadaszboltcsorna.hu\/index.php\/wp-json\/wp\/v2\/media?parent=5686"}],"wp:term":[{"taxonomy":"product_brand","embeddable":true,"href":"https:\/\/www.vadaszboltcsorna.hu\/index.php\/wp-json\/wp\/v2\/product_brand?post=5686"},{"taxonomy":"product_cat","embeddable":true,"href":"https:\/\/www.vadaszboltcsorna.hu\/index.php\/wp-json\/wp\/v2\/product_cat?post=5686"},{"taxonomy":"product_tag","embeddable":true,"href":"https:\/\/www.vadaszboltcsorna.hu\/index.php\/wp-json\/wp\/v2\/product_tag?post=5686"}],"curies":[{"name":"wp","href":"https:\/\/api.w.org\/{rel}","templated":true}]}}