{"id":5672,"date":"2024-06-26T07:48:29","date_gmt":"2024-06-26T07:48:29","guid":{"rendered":"https:\/\/www.vadaszboltcsorna.hu\/?post_type=product&#038;p=5672"},"modified":"2024-06-26T08:23:20","modified_gmt":"2024-06-26T08:23:20","slug":"kozap-hidas-acel-szerelek","status":"publish","type":"product","link":"https:\/\/www.vadaszboltcsorna.hu\/index.php\/termek\/kozap-hidas-acel-szerelek\/","title":{"rendered":"Koz\u00e1p hidas ac\u00e9l szerel\u00e9k"},"content":{"rendered":"<h2 style=\"text-align: center;\"><strong>Koz\u00e1p hidas ac\u00e9l szerel\u00e9k<\/strong><\/h2>\n<p>&nbsp;<\/p>\n<h3>T\u00edpusok:<\/h3>\n<h3>-CZ 550<\/h3>\n<h3>-CZ 557<\/h3>\n<h3>-CZ 600<\/h3>\n<h3>-ZKK 600<\/h3>\n<h3>V\u00e1laszthat\u00f3 \u00e1tm\u00e9r\u0151k: 26,\u00a0 30,\u00a0 34<\/h3>\n<h3>Magass\u00e1gok:\u00a0 3,5 mm<\/h3>\n<h3>\u00a0 \u00a0 \u00a0 \u00a0 \u00a0 \u00a0 \u00a0 \u00a0 \u00a0 \u00a0 \u00a0 \u00a0 6,5 mm<\/h3>\n<h3>\u00a0 \u00a0 \u00a0 \u00a0 \u00a0 \u00a0 \u00a0 \u00a0 \u00a0 \u00a0 \u00a0 \u00a0 9,5 mm<\/h3>\n<h3><\/h3>\n<p>&nbsp;<\/p>\n","protected":false},"excerpt":{"rendered":"<p>Koz\u00e1p hidas ac\u00e9l szerel\u00e9k &nbsp; T\u00edpusok: -CZ 550 -CZ 557 -CZ 600 -ZKK 600 V\u00e1laszthat\u00f3 \u00e1tm\u00e9r\u0151k: 26,\u00a0 30,\u00a0 34 Magass\u00e1gok:\u00a0 3,5 mm \u00a0 \u00a0 \u00a0 \u00a0 \u00a0 \u00a0 \u00a0 \u00a0 \u00a0 \u00a0 \u00a0 \u00a0 6,5 mm \u00a0 \u00a0 \u00a0 \u00a0 \u00a0 \u00a0 \u00a0 \u00a0 \u00a0 \u00a0 \u00a0 \u00a0 9,5 mm &nbsp;<\/p>\n","protected":false},"featured_media":5673,"comment_status":"open","ping_status":"closed","template":"","meta":{"_et_pb_use_builder":"","_et_pb_old_content":"","_et_gb_content_width":"","om_disable_all_campaigns":false},"product_brand":[],"product_cat":[21,374,655],"product_tag":[1337],"class_list":{"0":"post-5672","1":"product","2":"type-product","3":"status-publish","4":"has-post-thumbnail","6":"product_cat-uj","7":"product_cat-dentler-szerelek","8":"product_cat-szereleksin","9":"product_tag-kozap-hidas-acel-szerelek","10":"pa_atmero-1342","11":"pa_atmero-1343","12":"pa_atmero-1344","13":"pa_magassag-35mm","14":"pa_magassag-65mm","15":"pa_magassag-9-5mm","16":"pa_tipus-cz550","17":"pa_tipus-cz557","18":"pa_tipus-cz600","19":"pa_tipus-zkk600","21":"first","22":"instock","23":"taxable","24":"shipping-taxable","25":"purchasable","26":"product-type-variable"},"_links":{"self":[{"href":"https:\/\/www.vadaszboltcsorna.hu\/index.php\/wp-json\/wp\/v2\/product\/5672","targetHints":{"allow":["GET"]}}],"collection":[{"href":"https:\/\/www.vadaszboltcsorna.hu\/index.php\/wp-json\/wp\/v2\/product"}],"about":[{"href":"https:\/\/www.vadaszboltcsorna.hu\/index.php\/wp-json\/wp\/v2\/types\/product"}],"replies":[{"embeddable":true,"href":"https:\/\/www.vadaszboltcsorna.hu\/index.php\/wp-json\/wp\/v2\/comments?post=5672"}],"wp:featuredmedia":[{"embeddable":true,"href":"https:\/\/www.vadaszboltcsorna.hu\/index.php\/wp-json\/wp\/v2\/media\/5673"}],"wp:attachment":[{"href":"https:\/\/www.vadaszboltcsorna.hu\/index.php\/wp-json\/wp\/v2\/media?parent=5672"}],"wp:term":[{"taxonomy":"product_brand","embeddable":true,"href":"https:\/\/www.vadaszboltcsorna.hu\/index.php\/wp-json\/wp\/v2\/product_brand?post=5672"},{"taxonomy":"product_cat","embeddable":true,"href":"https:\/\/www.vadaszboltcsorna.hu\/index.php\/wp-json\/wp\/v2\/product_cat?post=5672"},{"taxonomy":"product_tag","embeddable":true,"href":"https:\/\/www.vadaszboltcsorna.hu\/index.php\/wp-json\/wp\/v2\/product_tag?post=5672"}],"curies":[{"name":"wp","href":"https:\/\/api.w.org\/{rel}","templated":true}]}}