{"id":5594,"date":"2024-06-14T08:49:29","date_gmt":"2024-06-14T08:49:29","guid":{"rendered":"https:\/\/www.vadaszboltcsorna.hu\/?post_type=product&#038;p=5594"},"modified":"2025-04-03T14:21:06","modified_gmt":"2025-04-03T14:21:06","slug":"hart-heide-t-nadrag","status":"publish","type":"product","link":"https:\/\/www.vadaszboltcsorna.hu\/index.php\/termek\/hart-heide-t-nadrag\/","title":{"rendered":"HART HEIDE-T nadr\u00e1g"},"content":{"rendered":"<h2 style=\"text-align: center;\"><strong>HART HEIDE-T nadr\u00e1g<\/strong><\/h2>\n<p>&nbsp;<\/p>\n<h3>A HART Heide-T vad\u00e1sznadr\u00e1gj\u00e1val optim\u00e1lisan fel van szerelve a t\u00e9li, az akt\u00edv vad\u00e1szatra vagy a k\u00f6nnyebb terepi munk\u00e1ra. Hidegebb id\u0151ben optim\u00e1lis v\u00e9delmet ny\u00fajt.<\/h3>\n<h3>A Heide vad\u00e1sznadr\u00e1g leny\u0171g\u00f6zni fog k\u00fcl\u00f6nleges OSMOTECH technol\u00f3gi\u00e1j\u00e1val: A nadr\u00e1g v\u00edz\u00e1ll\u00f3 \u00e9s megb\u00edzhat\u00f3an v\u00e9d a sz\u00e9lt\u0151l. A h\u00e1ts\u00f3 meghosszabb\u00edtott \u00f6vnek k\u00f6sz\u00f6nhet\u0151en az \u00e1gy\u00e9ki r\u00e9sz j\u00f3l v\u00e9dett a sz\u00e9lt\u0151l \u00e9s a behatol\u00f3 hidegt\u0151l.<\/h3>\n<h3>A Heide-T nadr\u00e1g ide\u00e1lis t\u00e1rs a vad\u00e1szathoz. Az alacsony zajszint\u0171 anyagnak k\u00f6sz\u00f6nhet\u0151en a vad\u00e1sz csendesen mozoghat. Akt\u00edvabb vad\u00e1szat sor\u00e1n a nadr\u00e1g ny\u00fajthat\u00f3 bet\u00e9tekkel gy\u0151z meg. Ezek nagy k\u00e9nyelmet ny\u00fajtanak, \u00e9s bels\u0151 meleg\u00edt\u0151 funkci\u00f3val rendelkeznek az \u00e9v hidegebb h\u00f3napjaiban. A nadr\u00e1g v\u00e9ge t\u00e9p\u0151z\u00e1rral \u00e1ll\u00edthat\u00f3.<\/h3>\n<h3>A nadr\u00e1g 2 el\u00fcls\u0151 zsebbel, csomagzsebbel \u00e9s h\u00e1ts\u00f3 zsebbel rendelkezik. Minden zseb cipz\u00e1rral z\u00e1rhat\u00f3, \u00edgy semmi nem eshet ki.<\/h3>\n<p>&nbsp;<\/p>\n","protected":false},"excerpt":{"rendered":"<p>HART HEIDE-T nadr\u00e1g &nbsp; A HART Heide-T vad\u00e1sznadr\u00e1gj\u00e1val optim\u00e1lisan fel van szerelve a t\u00e9li, az akt\u00edv vad\u00e1szatra vagy a k\u00f6nnyebb terepi munk\u00e1ra. Hidegebb id\u0151ben optim\u00e1lis v\u00e9delmet ny\u00fajt. A Heide vad\u00e1sznadr\u00e1g leny\u0171g\u00f6zni fog k\u00fcl\u00f6nleges OSMOTECH technol\u00f3gi\u00e1j\u00e1val: A nadr\u00e1g v\u00edz\u00e1ll\u00f3 \u00e9s megb\u00edzhat\u00f3an v\u00e9d a sz\u00e9lt\u0151l. A h\u00e1ts\u00f3 meghosszabb\u00edtott \u00f6vnek k\u00f6sz\u00f6nhet\u0151en az \u00e1gy\u00e9ki r\u00e9sz j\u00f3l v\u00e9dett a sz\u00e9lt\u0151l [&hellip;]<\/p>\n","protected":false},"featured_media":5597,"comment_status":"open","ping_status":"closed","template":"","meta":{"_et_pb_use_builder":"","_et_pb_old_content":"","_et_gb_content_width":"","om_disable_all_campaigns":false},"product_brand":[],"product_cat":[21,664,159],"product_tag":[1321,560],"class_list":{"0":"post-5594","1":"product","2":"type-product","3":"status-publish","4":"has-post-thumbnail","6":"product_cat-uj","7":"product_cat-nadrag","8":"product_cat-vadasz-ruhazat","9":"product_tag-hart-heide-t-nadrag","10":"product_tag-vadasznadrag","12":"first","13":"instock","14":"taxable","15":"shipping-taxable","16":"purchasable","17":"product-type-variable"},"_links":{"self":[{"href":"https:\/\/www.vadaszboltcsorna.hu\/index.php\/wp-json\/wp\/v2\/product\/5594","targetHints":{"allow":["GET"]}}],"collection":[{"href":"https:\/\/www.vadaszboltcsorna.hu\/index.php\/wp-json\/wp\/v2\/product"}],"about":[{"href":"https:\/\/www.vadaszboltcsorna.hu\/index.php\/wp-json\/wp\/v2\/types\/product"}],"replies":[{"embeddable":true,"href":"https:\/\/www.vadaszboltcsorna.hu\/index.php\/wp-json\/wp\/v2\/comments?post=5594"}],"wp:featuredmedia":[{"embeddable":true,"href":"https:\/\/www.vadaszboltcsorna.hu\/index.php\/wp-json\/wp\/v2\/media\/5597"}],"wp:attachment":[{"href":"https:\/\/www.vadaszboltcsorna.hu\/index.php\/wp-json\/wp\/v2\/media?parent=5594"}],"wp:term":[{"taxonomy":"product_brand","embeddable":true,"href":"https:\/\/www.vadaszboltcsorna.hu\/index.php\/wp-json\/wp\/v2\/product_brand?post=5594"},{"taxonomy":"product_cat","embeddable":true,"href":"https:\/\/www.vadaszboltcsorna.hu\/index.php\/wp-json\/wp\/v2\/product_cat?post=5594"},{"taxonomy":"product_tag","embeddable":true,"href":"https:\/\/www.vadaszboltcsorna.hu\/index.php\/wp-json\/wp\/v2\/product_tag?post=5594"}],"curies":[{"name":"wp","href":"https:\/\/api.w.org\/{rel}","templated":true}]}}