{"id":5551,"date":"2024-06-07T09:28:20","date_gmt":"2024-06-07T09:28:20","guid":{"rendered":"https:\/\/www.vadaszboltcsorna.hu\/?post_type=product&#038;p=5551"},"modified":"2025-04-14T10:26:41","modified_gmt":"2025-04-14T10:26:41","slug":"pinewood-finnveden-hybrid-sapka-1142-723","status":"publish","type":"product","link":"https:\/\/www.vadaszboltcsorna.hu\/index.php\/termek\/pinewood-finnveden-hybrid-sapka-1142-723\/","title":{"rendered":"PINEWOOD FINNVEDEN HYBRID SAPKA 1142\/723"},"content":{"rendered":"<h3 style=\"text-align: center;\"><strong>PINEWOOD FINNVEDEN HYBRID SAPKA 1142\/723<\/strong><\/h3>\n<p>&nbsp;<\/p>\n<h4>Feny\u0151fa jelv\u00e9ny\u0171 sapka szintetikus b\u0151rb\u0151l. F\u00e9m csat antik s\u00e1rgar\u00e9zb\u0151l a k\u00f6nny\u0171 illeszked\u00e9s\u00e9rt.<\/h4>\n<h4>Anyaga: 64% poli\u00e9szter, 34% pamut, 2% elaszt\u00e1n<br \/>\nS\u00faly: 100 gramm (egy m\u00e9retben)<br \/>\nTev\u00e9kenys\u00e9g: sokoldal\u00fa, szabadban, akt\u00edv \u00e9letm\u00f3d, vad\u00e1szat<\/h4>\n","protected":false},"excerpt":{"rendered":"<p>PINEWOOD FINNVEDEN HYBRID SAPKA 1142\/723 &nbsp; Feny\u0151fa jelv\u00e9ny\u0171 sapka szintetikus b\u0151rb\u0151l. F\u00e9m csat antik s\u00e1rgar\u00e9zb\u0151l a k\u00f6nny\u0171 illeszked\u00e9s\u00e9rt. Anyaga: 64% poli\u00e9szter, 34% pamut, 2% elaszt\u00e1n S\u00faly: 100 gramm (egy m\u00e9retben) Tev\u00e9kenys\u00e9g: sokoldal\u00fa, szabadban, akt\u00edv \u00e9letm\u00f3d, vad\u00e1szat<\/p>\n","protected":false},"featured_media":5553,"comment_status":"open","ping_status":"closed","template":"","meta":{"_et_pb_use_builder":"","_et_pb_old_content":"","_et_gb_content_width":"","om_disable_all_campaigns":false},"product_brand":[],"product_cat":[21,771,159],"product_tag":[1311],"class_list":{"0":"post-5551","1":"product","2":"type-product","3":"status-publish","4":"has-post-thumbnail","6":"product_cat-uj","7":"product_cat-sapka-sal-kesztyu-zokni","8":"product_cat-vadasz-ruhazat","9":"product_tag-pinewood-finnveden-hybrid-sapka-1142-723","11":"first","12":"instock","13":"taxable","14":"shipping-taxable","15":"purchasable","16":"product-type-simple"},"_links":{"self":[{"href":"https:\/\/www.vadaszboltcsorna.hu\/index.php\/wp-json\/wp\/v2\/product\/5551","targetHints":{"allow":["GET"]}}],"collection":[{"href":"https:\/\/www.vadaszboltcsorna.hu\/index.php\/wp-json\/wp\/v2\/product"}],"about":[{"href":"https:\/\/www.vadaszboltcsorna.hu\/index.php\/wp-json\/wp\/v2\/types\/product"}],"replies":[{"embeddable":true,"href":"https:\/\/www.vadaszboltcsorna.hu\/index.php\/wp-json\/wp\/v2\/comments?post=5551"}],"wp:featuredmedia":[{"embeddable":true,"href":"https:\/\/www.vadaszboltcsorna.hu\/index.php\/wp-json\/wp\/v2\/media\/5553"}],"wp:attachment":[{"href":"https:\/\/www.vadaszboltcsorna.hu\/index.php\/wp-json\/wp\/v2\/media?parent=5551"}],"wp:term":[{"taxonomy":"product_brand","embeddable":true,"href":"https:\/\/www.vadaszboltcsorna.hu\/index.php\/wp-json\/wp\/v2\/product_brand?post=5551"},{"taxonomy":"product_cat","embeddable":true,"href":"https:\/\/www.vadaszboltcsorna.hu\/index.php\/wp-json\/wp\/v2\/product_cat?post=5551"},{"taxonomy":"product_tag","embeddable":true,"href":"https:\/\/www.vadaszboltcsorna.hu\/index.php\/wp-json\/wp\/v2\/product_tag?post=5551"}],"curies":[{"name":"wp","href":"https:\/\/api.w.org\/{rel}","templated":true}]}}